{"id":1017,"date":"2021-01-07T11:38:59","date_gmt":"2021-01-07T11:38:59","guid":{"rendered":"http:\/\/ludzie.fundacja-pih.pl\/?post_type=product&#038;p=1017"},"modified":"2025-05-16T14:10:49","modified_gmt":"2025-05-16T14:10:49","slug":"hlebowicz-piotr","status":"publish","type":"product","link":"http:\/\/ludzie.fundacja-pih.pl\/index.php\/product\/hlebowicz-piotr\/","title":{"rendered":"Hlebowicz Piotr"},"content":{"rendered":"<p>Urodzi\u0142 si\u0119 ur. 2 marca 1963 roku w Mor\u0105gu.<\/p>\n<p>By\u0142 uczniem Liceum Rolniczego w Gdowie, z kt\u00f3rego w 1982 roku zosta\u0142 wydalony z powod\u00f3w politycznych z tzw. wilczym biletem. W latach 1981 \u2013 1996 razem z rodzicami prowadzi\u0142 gospodarstwo rolne (10 ha), dorywczo pomaga\u0142 tak\u017ce rodzicom w pracy zwi\u0105zanej z konserwacj\u0105 zabytk\u00f3w. W latach 1980 \u2013 1981 nale\u017ca\u0142 i dzia\u0142a\u0142 aktywnie w strukturach \u201eSolidarno\u015bci\u201d Rolnik\u00f3w Indywidualnych. Po wprowadzeniu stanu wojennego, po 13 grudnia 1981, przeszed\u0142 do dzia\u0142alno\u015bci konspiracyjnej i by\u0142 w ni\u0105 zaanga\u017cowany do 1989 roku. Dzia\u0142a\u0142 pod pseudonimami \u201eHrabia\u201d, \u201e\u017bmudzin\u201d, \u201ePawe\u0142 Podolski\u201d. W roku 1985 przy\u0142\u0105czy\u0142 si\u0119 do krakowskiego oddzia\u0142u \u201eSolidarno\u015bci Walcz\u0105cej\u201d, od 1986 roku szefowa\u0142 tej strukturze. W latach 1982 \u2013 1990 by\u0142 r\u00f3wnie\u017c zaprzysi\u0119\u017conym cz\u0142onkiem Og\u00f3lnopolskiego Komitetu Oporu Rolnik\u00f3w. W latach 1982 \u2013 1990 dzia\u0142a\u0142 w Porozumieniu Prasowym \u201eSolidarno\u015bci Zwyci\u0119\u017cy\u201d, w kt\u00f3rym od 1986 roku by\u0142 szefem. W latach 1983 \u2013 1984 uczestniczy\u0142 w budowie bunkra \u2013 drukarni \u201eWilno\u201d im. gen. Leopolda Okulickiego \u201eNied\u017awiadka\u201d w Zag\u00f3rzanach pod pracowni\u0105 matki Anny Hlebowicz w Zag\u00f3rzanach k\/Gdowa. Drukarnia ta nigdy nie zosta\u0142a zdekonspirowana. W latach 1982 \u2013 1990 Piotr Hlebowicz prowadzi\u0142 niezale\u017cn\u0105 dzia\u0142alno\u015b\u0107 wydawnicz\u0105 tj. wsp\u00f3\u0142redagowa\u0142 pisma, pisa\u0142 teksty, dokonywa\u0142 technicznej obr\u00f3bki, drukowa\u0142 czasopisma podziemne, plakaty i ulotki. W\u015br\u00f3d czasopism, kt\u00f3re drukowa\u0142 by\u0142y m.in. \u201eSolidarno\u015b\u0107 Zwyci\u0119\u017cy\u201d (\u201eSolidarno\u015b\u0107 Walcz\u0105ca \u2013 Zwyci\u0119\u017cy\u201d, \u201eSolidarno\u015b\u0107 Walcz\u0105ca\u201d Oddzia\u0142 Krak\u00f3w), \u201eKurierek B\u201d, \u201eSolidarno\u015b\u0107 Rolnik\u00f3w\u201d, \u201eNiepodleg\u0142o\u015b\u0107\u201d LDP N\u201d. Prowadzi\u0142 tak\u017ce dzia\u0142alno\u015b\u0107 polityczno \u2013 informacyjn\u0105 i szkolenia poligraficzne dla dzia\u0142aczy z \u00f3wczesnego ZSRR. By\u0142 zaanga\u017cowany w przerzut sprz\u0119tu poligraficznego oraz zakazanej literatury do Zwi\u0105zku Sowieckiego. Wsp\u00f3\u0142pracowa\u0142 z tamtejsz\u0105 opozycj\u0105 oraz Poloni\u0105. W 1992 roku wraz z Maciejem Ruszczy\u0144skim i Anatolem Diaczy\u0144skim podj\u0105\u0142 po raz pierwszy kwesti\u0119 repatriacji Polak\u00f3w z Kazachstanu oraz z innych region\u00f3w by\u0142ego ZSRR, doprowadzaj\u0105c do debat w Parlamencie RP w tym temacie. Piotr Hlebowicz by\u0142 wsp\u00f3\u0142tw\u00f3rc\u0105 i wsp\u00f3\u0142przewodnicz\u0105cym &#8211; wraz z Jadwig\u0105 Chmielowsk\u0105 &#8211; Autonomicznego Wydzia\u0142u Wschodniego \u201eSolidarno\u015bci Walcz\u0105cej\u201d, kt\u00f3ry powsta\u0142 po 1990 roku i zajmowa\u0142 si\u0119 wsp\u00f3\u0142prac\u0105 z opozycj\u0105 antykomunistyczn\u0105 w by\u0142ym ZSRR. (Kontakty i wsp\u00f3\u0142praca zachowane zosta\u0142y do dzi\u015b.) Wsp\u00f3\u0142organizowa\u0142 \u201eCentrum Koordynacyjne Warszawa \u201990\u201d w zakresie wsp\u00f3\u0142pracy z liderami ruch\u00f3w narodowo \u2013 niepodleg\u0142o\u015bciowych w poszczeg\u00f3lnych republikach \u00f3wczesnego Zwi\u0105zku Sowieckiego (organizacja powsta\u0142a 13 grudnia 1990 roku w Warszawie na konferencji za\u0142o\u017cycielskiej). Od 1988 do dzi\u015b, prowadzi dzia\u0142alno\u015b\u0107 polonijn\u0105 i dziennikarsk\u0105 na rzecz Polak\u00f3w w by\u0142ym ZSRR. W latach 1990 \u2013 1991 nale\u017ca\u0142 do Niepodleg\u0142o\u015bciowego Sojuszu Ma\u0142opolskiego. W 1990 roku zosta\u0142 honorowym cz\u0142onkiem gruzi\u0144skiego stowarzyszenia im. Ilii Czawczawadze. W styczniu 1991 roku bra\u0142 udzia\u0142 w wydarzeniach zwi\u0105zanych z puczem Janajewa na Litwie, koordynowa\u0142 r\u00f3wnie\u017c  transporty z pomoc\u0105 dla parlamentu litewskiego. Zosta\u0142 wpisany do ksi\u0119gi pami\u0105tkowej Obro\u0144c\u00f3w Litewskiego Parlamentu. Od lat dziewi\u0119\u0107dziesi\u0105tych Piotr Hlebowicz jest zaanga\u017cowany w szeroko rozumian\u0105 dzia\u0142alno\u015b\u0107 na rzecz pomocy Polakom na Wschodzie, a tak\u017ce pomoc\u0105 na rzecz wspierania niepodleg\u0142o\u015bci republik by\u0142ego ZSRR. Takich jak Gruzja, Kazachstan, Czeczenia. Jest autorem ksi\u0105\u017cek i artyku\u0142\u00f3w prasowych. Od 2008 roku jest cz\u0142onkiem \u2013 za\u0142o\u017cycielem Stowarzyszenia Solidarno\u015b\u0107 Walcz\u0105ca. W 2007 roku Piotr Hlebowicz zosta\u0142 odznaczony Krzy\u017cem Oficerskim Orderu Odrodzenia Polski (leg. nr 81-2007-10); w 2016 roku Krzy\u017cem Wolno\u015bci i Solidarno\u015bci (leg. nr 130-2016-2); Medalem orderu za zas\u0142ugi dla Litwy (Wilno, 2009), Medalem \u201ePro Patria\u201d (leg. nr 6932\/17); Krzy\u017cem \u201eSemper Fidelis\u201d Solidarno\u015bci Polskich Kombatant\u00f3w (2000); Krzy\u017cem \u201eSolidarno\u015bci Walcz\u0105cej\u201d (2012); Medalem pami\u0105tkowym b\u0142ogos\u0142awionego Ksi\u0119dza Jerzego Popie\u0142uszki \u201eZ\u0142o dobrem zwyci\u0119\u017caj\u201d, przyznany przez kapitu\u0142\u0119 Pami\u0119ci ks. Jerzego Popie\u0142uszki (2014); Medalem Za zas\u0142ugi dla Ma\u0142opolskiej \u201eSolidarno\u015bci\u201d (2007); Medalem \u201ePro Memoria Prasy Podziemnej 1982 \u2013 1989\u201d; odznak\u0105 honorow\u0105 emigracji Tatar\u00f3w Krymskich w USA (2000); Medalem XXX lecia Ukrai\u0144skiego Zwi\u0105zku Helsi\u0144skiego (Kij\u00f3w, 2018); Medalem 100 Lecia Odzyskania Niepodleg\u0142o\u015bci (leg nr 1-2019-5 MS); Medalem \u201eWolno\u015bci\u201d (Rz\u0105d Emigracyjny Czecze\u0144skiej Republiki Iczkeria, Akhiad Idigov, Winterberg, 2019); odznak\u0105 \u201cZas\u0142u\u017cony dla Kultury Polskiej\u201d, Minister Kultury i Dziedzictwa Narodowego (2019); Krzy\u017c S\u0142u\u017cby Niepodleg\u0142o\u015bci (odznaczenie Formacji Niepodleg\u0142o\u015bciowej,  leg. nr. 357 z 22. 02. 2021). W 2020 roku prezydent RP Andrzej Duda  nada\u0142 mu Krzy\u017c Komandorski OOP (oczekuje na wr\u0119czenie). Piotr Hlebowicz uzyska\u0142 te\u017c Status Dzia\u0142acza Opozycji Antykomunistycznej i osoby represjonowanej nadany przez Urz\u0105d do Spraw Kombatant\u00f3w i Os\u00f3b Represjonowanych (leg. nr 321 z dnia 29 Grudnia 2015).<\/p>\n","protected":false},"excerpt":{"rendered":"<p>Urodzi\u0142 si\u0119 ur. 2 marca 1963 roku w Mor\u0105gu. By\u0142 uczniem Liceum Rolniczego w Gdowie, z kt\u00f3rego w 1982 roku zosta\u0142 wydalony z powod\u00f3w politycznych z tzw. wilczym biletem. W latach 1981 \u2013 1996 razem z rodzicami prowadzi\u0142 gospodarstwo rolne (10 ha), dorywczo pomaga\u0142 tak\u017ce rodzicom w pracy zwi\u0105zanej z konserwacj\u0105 zabytk\u00f3w. W latach 1980 [&hellip;]<\/p>\n","protected":false},"featured_media":1018,"template":"","meta":[],"_links":{"self":[{"href":"http:\/\/ludzie.fundacja-pih.pl\/index.php\/wp-json\/wp\/v2\/product\/1017"}],"collection":[{"href":"http:\/\/ludzie.fundacja-pih.pl\/index.php\/wp-json\/wp\/v2\/product"}],"about":[{"href":"http:\/\/ludzie.fundacja-pih.pl\/index.php\/wp-json\/wp\/v2\/types\/product"}],"wp:featuredmedia":[{"embeddable":true,"href":"http:\/\/ludzie.fundacja-pih.pl\/index.php\/wp-json\/wp\/v2\/media\/1018"}],"wp:attachment":[{"href":"http:\/\/ludzie.fundacja-pih.pl\/index.php\/wp-json\/wp\/v2\/media?parent=1017"}],"curies":[{"name":"wp","href":"https:\/\/api.w.org\/{rel}","templated":true}]}}

<p>Urodził się ur. 2 marca 1963 roku w Morągu.</p>
<p>Był uczniem Liceum Rolniczego w Gdowie, z którego w 1982 roku został wydalony z powodów politycznych z tzw. wilczym biletem. W latach 1981 – 1996 razem z rodzicami prowadził gospodarstwo rolne (10 ha), dorywczo pomagał także rodzicom w pracy związanej z konserwacją zabytków. W latach 1980 – 1981 należał i działał aktywnie w strukturach „Solidarności” Rolników Indywidualnych. Po wprowadzeniu stanu wojennego, po 13 grudnia 1981, przeszedł do działalności konspiracyjnej i był w nią zaangażowany do 1989 roku. Działał pod pseudonimami „Hrabia”, „Żmudzin”, „Paweł Podolski”. W roku 1985 przyłączył się do krakowskiego oddziału „Solidarności Walczącej”, od 1986 roku szefował tej strukturze. W latach 1982 – 1990 był również zaprzysiężonym członkiem Ogólnopolskiego Komitetu Oporu Rolników. W latach 1982 – 1990 działał w Porozumieniu Prasowym „Solidarności Zwycięży”, w którym od 1986 roku był szefem. W latach 1983 – 1984 uczestniczył w budowie bunkra – drukarni „Wilno” im. gen. Leopolda Okulickiego „Niedźwiadka” w Zagórzanach pod pracownią matki Anny Hlebowicz w Zagórzanach k/Gdowa. Drukarnia ta nigdy nie została zdekonspirowana. W latach 1982 – 1990 Piotr Hlebowicz prowadził niezależną działalność wydawniczą tj. współredagował pisma, pisał teksty, dokonywał technicznej obróbki, drukował czasopisma podziemne, plakaty i ulotki. Wśród czasopism, które drukował były m.in. „Solidarność Zwycięży” („Solidarność Walcząca – Zwycięży”, „Solidarność Walcząca” Oddział Kraków), „Kurierek B”, „Solidarność Rolników”, „Niepodległość” LDP N”. Prowadził także działalność polityczno – informacyjną i szkolenia poligraficzne dla działaczy z ówczesnego ZSRR. Był zaangażowany w przerzut sprzętu poligraficznego oraz zakazanej literatury do Związku Sowieckiego. Współpracował z tamtejszą opozycją oraz Polonią. W 1992 roku wraz z Maciejem Ruszczyńskim i Anatolem Diaczyńskim podjął po raz pierwszy kwestię repatriacji Polaków z Kazachstanu oraz z innych regionów byłego ZSRR, doprowadzając do debat w Parlamencie RP w tym temacie. Piotr Hlebowicz był współtwórcą i współprzewodniczącym &#8211; wraz z Jadwigą Chmielowską &#8211; Autonomicznego Wydziału Wschodniego „Solidarności Walczącej”, który powstał po 1990 roku i zajmował się współpracą z opozycją antykomunistyczną w byłym ZSRR. (Kontakty i współpraca zachowane zostały do dziś.) Współorganizował „Centrum Koordynacyjne Warszawa ’90” w zakresie współpracy z liderami ruchów narodowo – niepodległościowych w poszczególnych republikach ówczesnego Związku Sowieckiego (organizacja powstała 13 grudnia 1990 roku w Warszawie na konferencji założycielskiej). Od 1988 do dziś, prowadzi działalność polonijną i dziennikarską na rzecz Polaków w byłym ZSRR. W latach 1990 – 1991 należał do Niepodległościowego Sojuszu Małopolskiego. W 1990 roku został honorowym członkiem gruzińskiego stowarzyszenia im. Ilii Czawczawadze. W styczniu 1991 roku brał udział w wydarzeniach związanych z puczem Janajewa na Litwie, koordynował również  transporty z pomocą dla parlamentu litewskiego. Został wpisany do księgi pamiątkowej Obrońców Litewskiego Parlamentu. Od lat dziewięćdziesiątych Piotr Hlebowicz jest zaangażowany w szeroko rozumianą działalność na rzecz pomocy Polakom na Wschodzie, a także pomocą na rzecz wspierania niepodległości republik byłego ZSRR. Takich jak Gruzja, Kazachstan, Czeczenia. Jest autorem książek i artykułów prasowych. Od 2008 roku jest członkiem – założycielem Stowarzyszenia Solidarność Walcząca. W 2007 roku Piotr Hlebowicz został odznaczony Krzyżem Oficerskim Orderu Odrodzenia Polski (leg. nr 81-2007-10); w 2016 roku Krzyżem Wolności i Solidarności (leg. nr 130-2016-2); Medalem orderu za zasługi dla Litwy (Wilno, 2009), Medalem „Pro Patria” (leg. nr 6932/17); Krzyżem „Semper Fidelis” Solidarności Polskich Kombatantów (2000); Krzyżem „Solidarności Walczącej” (2012); Medalem pamiątkowym błogosławionego Księdza Jerzego Popiełuszki „Zło dobrem zwyciężaj”, przyznany przez kapitułę Pamięci ks. Jerzego Popiełuszki (2014); Medalem Za zasługi dla Małopolskiej „Solidarności” (2007); Medalem „Pro Memoria Prasy Podziemnej 1982 – 1989”; odznaką honorową emigracji Tatarów Krymskich w USA (2000); Medalem XXX lecia Ukraińskiego Związku Helsińskiego (Kijów, 2018); Medalem 100 Lecia Odzyskania Niepodległości (leg nr 1-2019-5 MS); Medalem „Wolności” (Rząd Emigracyjny Czeczeńskiej Republiki Iczkeria, Akhiad Idigov, Winterberg, 2019); odznaką “Zasłużony dla Kultury Polskiej”, Minister Kultury i Dziedzictwa Narodowego (2019); Krzyż Służby Niepodległości (odznaczenie Formacji Niepodległościowej,  leg. nr. 357 z 22. 02. 2021). W 2020 roku prezydent RP Andrzej Duda  nadał mu Krzyż Komandorski OOP (oczekuje na wręczenie). Piotr Hlebowicz uzyskał też Status Działacza Opozycji Antykomunistycznej i osoby represjonowanej nadany przez Urząd do Spraw Kombatantów i Osób Represjonowanych (leg. nr 321 z dnia 29 Grudnia 2015).</p>

<p>Urodził się ur. 2 marca 1963 roku w Morągu. Był uczniem Liceum Rolniczego w Gdowie, z którego w 1982 roku został wydalony z powodów politycznych z tzw. wilczym biletem. W latach 1981 – 1996 razem z rodzicami prowadził gospodarstwo rolne (10 ha), dorywczo pomagał także rodzicom w pracy związanej z konserwacją zabytków. W latach 1980 [&hellip;]</p>
