{"id":1026,"date":"2021-01-07T12:00:28","date_gmt":"2021-01-07T12:00:28","guid":{"rendered":"http:\/\/ludzie.fundacja-pih.pl\/?post_type=product&#038;p=1026"},"modified":"2025-05-16T14:10:51","modified_gmt":"2025-05-16T14:10:51","slug":"bryjak-jan","status":"publish","type":"product","link":"http:\/\/ludzie.fundacja-pih.pl\/index.php\/product\/bryjak-jan\/","title":{"rendered":"Bryjak Jan"},"content":{"rendered":"<p>Urodzi\u0142 si\u0119 19 marca 1963 w D\u0142ugopolu na Podhalu.<\/p>\n<p>Dzia\u0142acz Solidarno\u015bci Rolnik\u00f3w Indywidualnych szczebla wiejskiego. W latach 1983 &#8211; 1989 by\u0142 wsp\u00f3\u0142pracownikiem Porozumienia Prasowego \u201cSolidarno\u015b\u0107 Zwyci\u0119\u017cy\u201d. W latach 1984 \u2013 1989 wsp\u00f3\u0142dzia\u0142a\u0142 z Og\u00f3lnopolskim Komitetem Oporu Rolnik\u00f3w. W latach 1985 \u2013 1989 by\u0142 cz\u0142onkiem krakowskiego oddzia\u0142u \u201eSolidarno\u015bci Walcz\u0105cej\u201d. M\u0105\u017c Joanny z domu Hlebowicz, zi\u0119\u0107 Anny i Jerzego Hlebowicz\u00f3w. W latach 1983 \u2013 1984 pomaga\u0142 przy budowie bunkra \u2013 drukarni \u201eWilno im. genera\u0142a Leopolda Okulickiego \u2013 Nied\u017awiadka\u201d, kt\u00f3ra powsta\u0142a pod zabudowaniami gospodarczymi Anny i Jerzego Hlebowicz\u00f3w w Zag\u00f3rzanach ko\u0142o Wieliczki. Drukarnia funkcjonowa\u0142a nieprzerwanie przez ca\u0142y okres konspiracji. Bryjak, jako w\u0142a\u015bciciel samochodu Nysa, a nast\u0119pnie samochodu UAZ, zapewnia\u0142 regularny transport (na przemian z Witoldem Batorem i Jerzym Hlebowiczem) wydrukowanych w drukarni pism niezale\u017cnych &#8211; m. in. \u201eSolidarno\u015b\u0107 Zwyci\u0119\u017cy\u201d, \u201eSolidarno\u015b\u0107 Walcz\u0105ca\u201d, Kurierek \u201eB\u201d, ulotek, sprz\u0119tu poligraficznego, papieru, farby drukarskiej. Przywi\u00f3z\u0142 te\u017c z Warszawy nowy offset. Transportowa\u0142 dzia\u0142aczy \u201eSolidarno\u015bci Walcz\u0105cej\u201d, PP \u201eSZ\u201d i OKOR na spotkania konspiracyjne. Uczestniczy\u0142 czynnie w uroczysto\u015bciach patriotycznych organizowanych przez gruszowsk\u0105 parafi\u0119. Przewozi\u0142 pomoc humanitarn\u0105 organizowan\u0105 przez ks. Kazimierza Pucha\u0142\u0119 dla rodzin os\u00f3b internowanych i uwi\u0119zionych, a tak\u017ce dla drukarzy, kolporter\u00f3w i ich rodzin. Jan Bryjak zosta\u0142 odznaczony Krzy\u017cem Kawalerskim Orderu Odrodzenia Polski, Krzy\u017cem Wolno\u015bci i Solidarno\u015bci oraz Medalem 100-lecia Odzyskania Niepodleg\u0142o\u015bci.<\/p>\n","protected":false},"excerpt":{"rendered":"<p>Urodzi\u0142 si\u0119 19 marca 1963 w D\u0142ugopolu na Podhalu. Dzia\u0142acz Solidarno\u015bci Rolnik\u00f3w Indywidualnych szczebla wiejskiego. W latach 1983 &#8211; 1989 by\u0142 wsp\u00f3\u0142pracownikiem Porozumienia Prasowego \u201cSolidarno\u015b\u0107 Zwyci\u0119\u017cy\u201d. W latach 1984 \u2013 1989 wsp\u00f3\u0142dzia\u0142a\u0142 z Og\u00f3lnopolskim Komitetem Oporu Rolnik\u00f3w. W latach 1985 \u2013 1989 by\u0142 cz\u0142onkiem krakowskiego oddzia\u0142u \u201eSolidarno\u015bci Walcz\u0105cej\u201d. M\u0105\u017c Joanny z domu Hlebowicz, zi\u0119\u0107 Anny [&hellip;]<\/p>\n","protected":false},"featured_media":1027,"template":"","meta":[],"_links":{"self":[{"href":"http:\/\/ludzie.fundacja-pih.pl\/index.php\/wp-json\/wp\/v2\/product\/1026"}],"collection":[{"href":"http:\/\/ludzie.fundacja-pih.pl\/index.php\/wp-json\/wp\/v2\/product"}],"about":[{"href":"http:\/\/ludzie.fundacja-pih.pl\/index.php\/wp-json\/wp\/v2\/types\/product"}],"wp:featuredmedia":[{"embeddable":true,"href":"http:\/\/ludzie.fundacja-pih.pl\/index.php\/wp-json\/wp\/v2\/media\/1027"}],"wp:attachment":[{"href":"http:\/\/ludzie.fundacja-pih.pl\/index.php\/wp-json\/wp\/v2\/media?parent=1026"}],"curies":[{"name":"wp","href":"https:\/\/api.w.org\/{rel}","templated":true}]}}

<p>Urodził się 19 marca 1963 w Długopolu na Podhalu.</p>
<p>Działacz Solidarności Rolników Indywidualnych szczebla wiejskiego. W latach 1983 &#8211; 1989 był współpracownikiem Porozumienia Prasowego “Solidarność Zwycięży”. W latach 1984 – 1989 współdziałał z Ogólnopolskim Komitetem Oporu Rolników. W latach 1985 – 1989 był członkiem krakowskiego oddziału „Solidarności Walczącej”. Mąż Joanny z domu Hlebowicz, zięć Anny i Jerzego Hlebowiczów. W latach 1983 – 1984 pomagał przy budowie bunkra – drukarni „Wilno im. generała Leopolda Okulickiego – Niedźwiadka”, która powstała pod zabudowaniami gospodarczymi Anny i Jerzego Hlebowiczów w Zagórzanach koło Wieliczki. Drukarnia funkcjonowała nieprzerwanie przez cały okres konspiracji. Bryjak, jako właściciel samochodu Nysa, a następnie samochodu UAZ, zapewniał regularny transport (na przemian z Witoldem Batorem i Jerzym Hlebowiczem) wydrukowanych w drukarni pism niezależnych &#8211; m. in. „Solidarność Zwycięży”, „Solidarność Walcząca”, Kurierek „B”, ulotek, sprzętu poligraficznego, papieru, farby drukarskiej. Przywiózł też z Warszawy nowy offset. Transportował działaczy „Solidarności Walczącej”, PP „SZ” i OKOR na spotkania konspiracyjne. Uczestniczył czynnie w uroczystościach patriotycznych organizowanych przez gruszowską parafię. Przewoził pomoc humanitarną organizowaną przez ks. Kazimierza Puchałę dla rodzin osób internowanych i uwięzionych, a także dla drukarzy, kolporterów i ich rodzin. Jan Bryjak został odznaczony Krzyżem Kawalerskim Orderu Odrodzenia Polski, Krzyżem Wolności i Solidarności oraz Medalem 100-lecia Odzyskania Niepodległości.</p>

<p>Urodził się 19 marca 1963 w Długopolu na Podhalu. Działacz Solidarności Rolników Indywidualnych szczebla wiejskiego. W latach 1983 &#8211; 1989 był współpracownikiem Porozumienia Prasowego “Solidarność Zwycięży”. W latach 1984 – 1989 współdziałał z Ogólnopolskim Komitetem Oporu Rolników. W latach 1985 – 1989 był członkiem krakowskiego oddziału „Solidarności Walczącej”. Mąż Joanny z domu Hlebowicz, zięć Anny [&hellip;]</p>
