{"id":1064,"date":"2021-01-07T12:42:59","date_gmt":"2021-01-07T12:42:59","guid":{"rendered":"http:\/\/ludzie.fundacja-pih.pl\/?post_type=product&#038;p=1064"},"modified":"2025-05-16T14:11:00","modified_gmt":"2025-05-16T14:11:00","slug":"kurasinski-julian","status":"publish","type":"product","link":"http:\/\/ludzie.fundacja-pih.pl\/index.php\/product\/kurasinski-julian\/","title":{"rendered":"Kurasi\u0144ski Julian"},"content":{"rendered":"<p>Urodzi\u0142 si\u0119 3 pa\u017adziernika 1925 roku w Trzebosi, a zmar\u0142 11 marca 2003 roku.<\/p>\n<p>Rolnik, rzemie\u015blnik. Na prze\u0142omie 1944 i 1945 roku by\u0142 \u0142\u0105cznikiem Armii Krajowej. W 1980 roku organizowa\u0142 Komitet Za\u0142o\u017cycielski NSZZ Rolnik\u00f3w \u201eSolidarno\u015b\u0107 Wiejska\u201d w Trzebosi, zosta\u0142 r\u00f3wnie\u017c cz\u0142onkiem NSZZ RI \u201eSolidarno\u015b\u0107\u201d. W stanie wojennym wsp\u00f3\u0142pracowa\u0142 z OKOR i \u201eSolidarno\u015bci\u0105 Walcz\u0105c\u0105\u201d. Kolportowa\u0142 podziemn\u0105 pras\u0119. <\/p>\n","protected":false},"excerpt":{"rendered":"<p>Urodzi\u0142 si\u0119 3 pa\u017adziernika 1925 roku w Trzebosi, a zmar\u0142 11 marca 2003 roku. Rolnik, rzemie\u015blnik. Na prze\u0142omie 1944 i 1945 roku by\u0142 \u0142\u0105cznikiem Armii Krajowej. W 1980 roku organizowa\u0142 Komitet Za\u0142o\u017cycielski NSZZ Rolnik\u00f3w \u201eSolidarno\u015b\u0107 Wiejska\u201d w Trzebosi, zosta\u0142 r\u00f3wnie\u017c cz\u0142onkiem NSZZ RI \u201eSolidarno\u015b\u0107\u201d. W stanie wojennym wsp\u00f3\u0142pracowa\u0142 z OKOR i \u201eSolidarno\u015bci\u0105 Walcz\u0105c\u0105\u201d. Kolportowa\u0142 podziemn\u0105 [&hellip;]<\/p>\n","protected":false},"featured_media":1065,"template":"","meta":[],"_links":{"self":[{"href":"http:\/\/ludzie.fundacja-pih.pl\/index.php\/wp-json\/wp\/v2\/product\/1064"}],"collection":[{"href":"http:\/\/ludzie.fundacja-pih.pl\/index.php\/wp-json\/wp\/v2\/product"}],"about":[{"href":"http:\/\/ludzie.fundacja-pih.pl\/index.php\/wp-json\/wp\/v2\/types\/product"}],"wp:featuredmedia":[{"embeddable":true,"href":"http:\/\/ludzie.fundacja-pih.pl\/index.php\/wp-json\/wp\/v2\/media\/1065"}],"wp:attachment":[{"href":"http:\/\/ludzie.fundacja-pih.pl\/index.php\/wp-json\/wp\/v2\/media?parent=1064"}],"curies":[{"name":"wp","href":"https:\/\/api.w.org\/{rel}","templated":true}]}}