{"id":1091,"date":"2021-01-07T12:58:52","date_gmt":"2021-01-07T12:58:52","guid":{"rendered":"http:\/\/ludzie.fundacja-pih.pl\/?post_type=product&#038;p=1091"},"modified":"2025-05-16T14:11:06","modified_gmt":"2025-05-16T14:11:06","slug":"wisnieski-wojciech","status":"publish","type":"product","link":"http:\/\/ludzie.fundacja-pih.pl\/index.php\/product\/wisnieski-wojciech\/","title":{"rendered":"Wi\u015bnieski Wojciech"},"content":{"rendered":"<p>Urodzi\u0142 si\u0119 19 listopada 1962 roku w Sandomierzu.<\/p>\n<p>W 1979 roku rozpowszechnia\u0142 ulotki i literatur\u0119 KPN na terenie Staszowa. Po wprowadzeniu stanu wojennego, na mocy postanowienia z dnia 10 lutego 1982 roku, zosta\u0142 tymczasowo aresztowany za to, \u017ce w dniu 2 lutego 1982 roku przechowywa\u0142 i rozpowszechnia\u0142 plakaty z \u201enapisami i rysunkami zawieraj\u0105ce fa\u0142szywe wiadomo\u015bci mog\u0105ce wywo\u0142a\u0107 niepok\u00f3j publiczny lub rozruchy\u201d. Wyrokiem S\u0105du Warszawskiego Okr\u0119gu Wojskowego z dnia 24 lutego 1982 roku zosta\u0142 skazany na podstawie art. 48 ust. 3 dekretu z dnia 12 grudnia 1981 roku o stanie wojennym w zw. z art. 4 ust. 1 i 4 dekretu z dnia 12 grudnia 1981 roku o post\u0119powaniach szczeg\u00f3lnych w sprawach o przest\u0119pstwa i wykroczenia w czasie obowi\u0105zywania stanu wojennego, na kar\u0119 4 lat pozbawienia wolno\u015bci i pozbawienie praw publicznych na okres 3 lat. Kar\u0119 odbywa\u0142 w wi\u0119zieniu w Hrubieszowie. Dnia 25 maja 1983 roku na mocy uchwa\u0142y Rady Pa\u0144stwa warunkowo zawieszono Wojciechowi Wi\u015bnieskiemu odbycie reszty kary pozbawienia wolno\u015bci w zawieszeniu na 4 lata. S\u0105d Warszawskiego Okr\u0119gu Wojskowego w Warszawie darowa\u0142 Wojciechowi Wi\u015bnieskiemu kar\u0119 4 lat pozbawienia wolno\u015bci oraz kar\u0119 dodatkow\u0105 pozbawienia praw publicznych przez 3 lata oraz skr\u00f3ci\u0142 okres pr\u00f3by do 31 grudnia 1985 roku. W tym czasie wst\u0105pi\u0142 do Solidarno\u015bci Walcz\u0105cej, w kt\u00f3rej dzia\u0142a\u0142 do ko\u0144ca jej dzia\u0142alno\u015bci. Po amnestii do 1989 roku kontynuowa\u0142 dzia\u0142alno\u015b\u0107 kolporta\u017cow\u0105 wydawnictw niezale\u017cnych, zajmowa\u0142 si\u0119 r\u00f3wnie\u017c sitodrukiem. W 2021 roku  na podstawie postanowienia Prezydenta RP \u2013 nr 54\/2021 &#8211;  nadano mu Krzy\u017c Wolno\u015bci i Solidarno\u015bci.<\/p>\n","protected":false},"excerpt":{"rendered":"<p>Urodzi\u0142 si\u0119 19 listopada 1962 roku w Sandomierzu. W 1979 roku rozpowszechnia\u0142 ulotki i literatur\u0119 KPN na terenie Staszowa. Po wprowadzeniu stanu wojennego, na mocy postanowienia z dnia 10 lutego 1982 roku, zosta\u0142 tymczasowo aresztowany za to, \u017ce w dniu 2 lutego 1982 roku przechowywa\u0142 i rozpowszechnia\u0142 plakaty z \u201enapisami i rysunkami zawieraj\u0105ce fa\u0142szywe wiadomo\u015bci [&hellip;]<\/p>\n","protected":false},"featured_media":1092,"template":"","meta":[],"_links":{"self":[{"href":"http:\/\/ludzie.fundacja-pih.pl\/index.php\/wp-json\/wp\/v2\/product\/1091"}],"collection":[{"href":"http:\/\/ludzie.fundacja-pih.pl\/index.php\/wp-json\/wp\/v2\/product"}],"about":[{"href":"http:\/\/ludzie.fundacja-pih.pl\/index.php\/wp-json\/wp\/v2\/types\/product"}],"wp:featuredmedia":[{"embeddable":true,"href":"http:\/\/ludzie.fundacja-pih.pl\/index.php\/wp-json\/wp\/v2\/media\/1092"}],"wp:attachment":[{"href":"http:\/\/ludzie.fundacja-pih.pl\/index.php\/wp-json\/wp\/v2\/media?parent=1091"}],"curies":[{"name":"wp","href":"https:\/\/api.w.org\/{rel}","templated":true}]}}