{"id":1107,"date":"2021-01-07T15:34:22","date_gmt":"2021-01-07T15:34:22","guid":{"rendered":"http:\/\/ludzie.fundacja-pih.pl\/?post_type=product&#038;p=1107"},"modified":"2025-05-16T14:11:10","modified_gmt":"2025-05-16T14:11:10","slug":"dobrzynski-leszek","status":"publish","type":"product","link":"http:\/\/ludzie.fundacja-pih.pl\/index.php\/product\/dobrzynski-leszek\/","title":{"rendered":"Dobrzy\u0144ski Leszek"},"content":{"rendered":"<p>Urodzi\u0142 si\u0119 5 czerwca 1967 roku w Szczecinie. <\/p>\n<p>Politolog. W latach 1985 \u2013 1988 by\u0142 zatrudniony jako zestrajacz aparatury elektronicznej w Pa\u0144stwowym Przedsi\u0119biorstwie Automatyki i Aparatury Kontrolno-Pomiarowej Meratronik w Szczecinie. W 1985 wst\u0105pi\u0142 w szeregi \u201eSolidarno\u015bci Walcz\u0105cej\u201d w Szczecinie i struktur podziemnych w Meratroniku. Do 1990 roku drukowa\u0142 ulotki, petycje i odezwy. W latach 1986 \u2013 1990 by\u0142 autorem artyku\u0142\u00f3w, redaktorem i drukarzem podziemnego pisma Solidarno\u015bci Walcz\u0105cej \u201eGryf\u201d. W 1987 roku zaanga\u017cowa\u0142 si\u0119 w kolporta\u017c podziemnych wydawnictw KPN, \u201eSolidarno\u015bci Walcz\u0105cej\u201d i \u201eSolidarno\u015bci\u201d na terenie fabryk i szk\u00f3\u0142 \u015brednich. By\u0142 te\u017c kurierem przewo\u017c\u0105cym niezale\u017cn\u0105 pras\u0119 mi\u0119dzy Szczecinem, Wroc\u0142awiem, Poznaniem i Gda\u0144skiem. Bra\u0142 udzia\u0142 w akcjach malowania antyre\u017cimowych hase\u0142 na murach oraz regularnego nas\u0142uchu radiostacji SB i MO. Tak\u017ce w 1987 roku zosta\u0142 cz\u0142onkiem Rady Zak\u0142adowej w Meratroniku. W roku 1988 wsp\u00f3\u0142organizowa\u0142 Komitet Za\u0142o\u017cycielski i wyst\u0105pi\u0142 do s\u0105du z wnioskiem o rejestracj\u0119. Wiosn\u0105 1988 roku by\u0142 w zwi\u0105zku z tym przes\u0142uchiwany. W latach 1988 \u20131989 w ramach S\u0142u\u017cby Zast\u0119pczej Poborowych pracowa\u0142 jako konserwator w Domu Pomocy Spo\u0142ecznej w Nowogardzie. W latach 1989 \u2013 1990 by\u0142 zatrudniony jako automatyk w Wojew\u00f3dzkim Przedsi\u0119biorstwie Energetyki Cieplnej w Szczecinie. W tym samym okresie 1989 \u2013 1990 pisa\u0142 artyku\u0142y i drukowa\u0142 podziemne pismo Solidarno\u015bci Walcz\u0105cej \u201eGazetka Uliczna \u2013 Szczecin\u201d. Od stycznia 1989 roku uczestniczy\u0142 w pi\u0119ciu kr\u00f3tkich, niezale\u017cnych emisjach Radia Solidarno\u015b\u0107 Walcz\u0105ca na fali III Programu Polskiego Radia. By\u0142 te\u017c wsp\u00f3\u0142organizatorem i uczestnikiem manifestacji i wiec\u00f3w na Placu Grunwaldzkim pod has\u0142ami: \u201eSowieci do domu\u201d, \u201eWolno\u015b\u0107 Polsce\u201d, \u201eUkara\u0107 zbrodniarzy stanu wojennego\u201d, kt\u00f3re przekszta\u0142ca\u0142y si\u0119 w marsze uliczne. Wsp\u00f3\u0142organizowa\u0142 r\u00f3wnie\u017c i jednocze\u015bnie bra\u0142 udzia\u0142 w blokadach sowieckich koszar w Szczecinie. W 2007 roku zosta\u0142 odznaczony Medalem Pro Memoria.<\/p>\n","protected":false},"excerpt":{"rendered":"<p>Urodzi\u0142 si\u0119 5 czerwca 1967 roku w Szczecinie. Politolog. W latach 1985 \u2013 1988 by\u0142 zatrudniony jako zestrajacz aparatury elektronicznej w Pa\u0144stwowym Przedsi\u0119biorstwie Automatyki i Aparatury Kontrolno-Pomiarowej Meratronik w Szczecinie. W 1985 wst\u0105pi\u0142 w szeregi \u201eSolidarno\u015bci Walcz\u0105cej\u201d w Szczecinie i struktur podziemnych w Meratroniku. Do 1990 roku drukowa\u0142 ulotki, petycje i odezwy. W latach 1986 [&hellip;]<\/p>\n","protected":false},"featured_media":5544,"template":"","meta":[],"_links":{"self":[{"href":"http:\/\/ludzie.fundacja-pih.pl\/index.php\/wp-json\/wp\/v2\/product\/1107"}],"collection":[{"href":"http:\/\/ludzie.fundacja-pih.pl\/index.php\/wp-json\/wp\/v2\/product"}],"about":[{"href":"http:\/\/ludzie.fundacja-pih.pl\/index.php\/wp-json\/wp\/v2\/types\/product"}],"wp:featuredmedia":[{"embeddable":true,"href":"http:\/\/ludzie.fundacja-pih.pl\/index.php\/wp-json\/wp\/v2\/media\/5544"}],"wp:attachment":[{"href":"http:\/\/ludzie.fundacja-pih.pl\/index.php\/wp-json\/wp\/v2\/media?parent=1107"}],"curies":[{"name":"wp","href":"https:\/\/api.w.org\/{rel}","templated":true}]}}

Dobrzyński Leszek

<p>Urodził się 5 czerwca 1967 roku w Szczecinie. </p>
<p>Politolog. W latach 1985 – 1988 był zatrudniony jako zestrajacz aparatury elektronicznej w Państwowym Przedsiębiorstwie Automatyki i Aparatury Kontrolno-Pomiarowej Meratronik w Szczecinie. W 1985 wstąpił w szeregi „Solidarności Walczącej” w Szczecinie i struktur podziemnych w Meratroniku. Do 1990 roku drukował ulotki, petycje i odezwy. W latach 1986 – 1990 był autorem artykułów, redaktorem i drukarzem podziemnego pisma Solidarności Walczącej „Gryf”. W 1987 roku zaangażował się w kolportaż podziemnych wydawnictw KPN, „Solidarności Walczącej” i „Solidarności” na terenie fabryk i szkół średnich. Był też kurierem przewożącym niezależną prasę między Szczecinem, Wrocławiem, Poznaniem i Gdańskiem. Brał udział w akcjach malowania antyreżimowych haseł na murach oraz regularnego nasłuchu radiostacji SB i MO. Także w 1987 roku został członkiem Rady Zakładowej w Meratroniku. W roku 1988 współorganizował Komitet Założycielski i wystąpił do sądu z wnioskiem o rejestrację. Wiosną 1988 roku był w związku z tym przesłuchiwany. W latach 1988 –1989 w ramach Służby Zastępczej Poborowych pracował jako konserwator w Domu Pomocy Społecznej w Nowogardzie. W latach 1989 – 1990 był zatrudniony jako automatyk w Wojewódzkim Przedsiębiorstwie Energetyki Cieplnej w Szczecinie. W tym samym okresie 1989 – 1990 pisał artykuły i drukował podziemne pismo Solidarności Walczącej „Gazetka Uliczna – Szczecin”. Od stycznia 1989 roku uczestniczył w pięciu krótkich, niezależnych emisjach Radia Solidarność Walcząca na fali III Programu Polskiego Radia. Był też współorganizatorem i uczestnikiem manifestacji i wieców na Placu Grunwaldzkim pod hasłami: „Sowieci do domu”, „Wolność Polsce”, „Ukarać zbrodniarzy stanu wojennego”, które przekształcały się w marsze uliczne. Współorganizował również i jednocześnie brał udział w blokadach sowieckich koszar w Szczecinie. W 2007 roku został odznaczony Medalem Pro Memoria.</p>

<p>Urodził się 5 czerwca 1967 roku w Szczecinie. Politolog. W latach 1985 – 1988 był zatrudniony jako zestrajacz aparatury elektronicznej w Państwowym Przedsiębiorstwie Automatyki i Aparatury Kontrolno-Pomiarowej Meratronik w Szczecinie. W 1985 wstąpił w szeregi „Solidarności Walczącej” w Szczecinie i struktur podziemnych w Meratroniku. Do 1990 roku drukował ulotki, petycje i odezwy. W latach 1986 [&hellip;]</p>
