{"id":1113,"date":"2021-01-07T15:38:45","date_gmt":"2021-01-07T15:38:45","guid":{"rendered":"http:\/\/ludzie.fundacja-pih.pl\/?post_type=product&#038;p=1113"},"modified":"2025-05-16T14:11:12","modified_gmt":"2025-05-16T14:11:12","slug":"janiszewski-eugeniusz","status":"publish","type":"product","link":"http:\/\/ludzie.fundacja-pih.pl\/index.php\/product\/janiszewski-eugeniusz\/","title":{"rendered":"Janiszewski Eugeniusz"},"content":{"rendered":"<p>Urodzi\u0142 si\u0119 w 1933 roku, zm. w 2002 roku.<\/p>\n<p>Zawodowy \u017co\u0142nierz. W latach osiemdziesi\u0105tych XX wieku przebywa\u0142 na emeryturze. Od lat powojennych dzia\u0142a\u0142 w antykomunistycznym podziemiu. W 1967 roku stworzy\u0142 grup\u0119 \u201eWici\u201d i zwi\u0105zane z ni\u0105 czasopismo o tej samej nazwie. W 1988 roku wst\u0105pi\u0142 do \u201eSolidarno\u015bci Walcz\u0105cej\u201d i zosta\u0142 jej zaprzysi\u0119\u017conym cz\u0142onkiem. By\u0142 liderem grupy \u201eWici\u201d SW oddzia\u0142u Pomorze Zachodnie. Wsp\u00f3\u0142organizowa\u0142 akcje plakatowania miasta i pisania na murach wezwa\u0144 do antyre\u017cimowych manifestacji. By\u0142 aktywnym uczestnikiem tych\u017ce manifestacji, id\u0105c zwykle w czo\u0142\u00f3wce pochodu i nios\u0105c transparent lub tub\u0119. Po 1989 roku bra\u0142 udzia\u0142 w organizacji Forum Demokratycznego do pierwszych wybor\u00f3w samorz\u0105dowych w Szczecinie. By\u0142  wsp\u00f3\u0142za\u0142o\u017cycielem \u201eSolidarno\u015bci 80\u201d. <\/p>\n","protected":false},"excerpt":{"rendered":"<p>Urodzi\u0142 si\u0119 w 1933 roku, zm. w 2002 roku. Zawodowy \u017co\u0142nierz. W latach osiemdziesi\u0105tych XX wieku przebywa\u0142 na emeryturze. Od lat powojennych dzia\u0142a\u0142 w antykomunistycznym podziemiu. W 1967 roku stworzy\u0142 grup\u0119 \u201eWici\u201d i zwi\u0105zane z ni\u0105 czasopismo o tej samej nazwie. W 1988 roku wst\u0105pi\u0142 do \u201eSolidarno\u015bci Walcz\u0105cej\u201d i zosta\u0142 jej zaprzysi\u0119\u017conym cz\u0142onkiem. By\u0142 liderem [&hellip;]<\/p>\n","protected":false},"featured_media":1114,"template":"","meta":[],"_links":{"self":[{"href":"http:\/\/ludzie.fundacja-pih.pl\/index.php\/wp-json\/wp\/v2\/product\/1113"}],"collection":[{"href":"http:\/\/ludzie.fundacja-pih.pl\/index.php\/wp-json\/wp\/v2\/product"}],"about":[{"href":"http:\/\/ludzie.fundacja-pih.pl\/index.php\/wp-json\/wp\/v2\/types\/product"}],"wp:featuredmedia":[{"embeddable":true,"href":"http:\/\/ludzie.fundacja-pih.pl\/index.php\/wp-json\/wp\/v2\/media\/1114"}],"wp:attachment":[{"href":"http:\/\/ludzie.fundacja-pih.pl\/index.php\/wp-json\/wp\/v2\/media?parent=1113"}],"curies":[{"name":"wp","href":"https:\/\/api.w.org\/{rel}","templated":true}]}}

<p>Urodził się w 1933 roku, zm. w 2002 roku.</p>
<p>Zawodowy żołnierz. W latach osiemdziesiątych XX wieku przebywał na emeryturze. Od lat powojennych działał w antykomunistycznym podziemiu. W 1967 roku stworzył grupę „Wici” i związane z nią czasopismo o tej samej nazwie. W 1988 roku wstąpił do „Solidarności Walczącej” i został jej zaprzysiężonym członkiem. Był liderem grupy „Wici” SW oddziału Pomorze Zachodnie. Współorganizował akcje plakatowania miasta i pisania na murach wezwań do antyreżimowych manifestacji. Był aktywnym uczestnikiem tychże manifestacji, idąc zwykle w czołówce pochodu i niosąc transparent lub tubę. Po 1989 roku brał udział w organizacji Forum Demokratycznego do pierwszych wyborów samorządowych w Szczecinie. Był  współzałożycielem „Solidarności 80”. </p>

<p>Urodził się w 1933 roku, zm. w 2002 roku. Zawodowy żołnierz. W latach osiemdziesiątych XX wieku przebywał na emeryturze. Od lat powojennych działał w antykomunistycznym podziemiu. W 1967 roku stworzył grupę „Wici” i związane z nią czasopismo o tej samej nazwie. W 1988 roku wstąpił do „Solidarności Walczącej” i został jej zaprzysiężonym członkiem. Był liderem [&hellip;]</p>
