{"id":1115,"date":"2021-01-07T15:39:38","date_gmt":"2021-01-07T15:39:38","guid":{"rendered":"http:\/\/ludzie.fundacja-pih.pl\/?post_type=product&#038;p=1115"},"modified":"2025-05-16T14:11:12","modified_gmt":"2025-05-16T14:11:12","slug":"janusz-stanislaw","status":"publish","type":"product","link":"http:\/\/ludzie.fundacja-pih.pl\/index.php\/product\/janusz-stanislaw\/","title":{"rendered":"Janusz Stanis\u0142aw"},"content":{"rendered":"<p>Urodzi\u0142 si\u0119 19 lutego 1927 roku w \u017belejowej, zm. 28 kwietnia 2000 roku w Szczecinie.<\/p>\n<p>W sierpniu 1980 roku uczestniczy\u0142 w strajku w Szczeci\u0144skiej Stoczni Remontowej \u201eGryfia\u201d. Jesieni\u0105 1980 roku wst\u0105pi\u0142 do NSZZ \u201eSolidarno\u015b\u0107\u201d. W lutym 1982 roku zaanga\u017cowa\u0142 si\u0119 w tworzenie podziemnego pisma \u201eSolidarno\u015bci\u201d pod nazw\u0105 \u201eJedno\u015b\u0107\u201d. By\u0142 redaktorem, autorem oraz kolporterem pisma. Udost\u0119pnia\u0142 swoje mieszkanie na spotkania redakcyjne \u201eJedno\u015bci\u201d. Od 1983 roku by\u0142 cz\u0142onkiem \u201eSolidarno\u015bci Walcz\u0105cej\u201d. W ramach dzia\u0142alno\u015bci w tej strukturze zajmowa\u0142 si\u0119 kolporta\u017cem ulotek i podziemnych wydawnictw \u201eSW\u201d, do kt\u00f3rych nale\u017ca\u0142o m.in. pismo \u201eGrot\u201d. Uczestniczy\u0142 r\u00f3wnie\u017c w organizowaniu manifestacji w rocznice Masakry Grudniowej 1970 roku oraz wprowadzenia stanu wojennego. Wsp\u00f3\u0142pracowa\u0142 z dzia\u0142aczami Federacji M\u0142odzie\u017cy Walcz\u0105cej oraz Ruchem \u201eWolno\u015b\u0107 i Pok\u00f3j\u201d. Jako osoba podejrzana o dzia\u0142alno\u015b\u0107 antysystemow\u0105 by\u0142 obj\u0119ty sta\u0142\u0105 kontrol\u0105 operacyjn\u0105 szczeci\u0144skiej S\u0142u\u017cby Bezpiecze\u0144stwa. W 2016 roku  na podstawie postanowienia Prezydenta RP \u2013 nr 552\/2016 &#8211;  nadano mu Krzy\u017c Wolno\u015bci i Solidarno\u015bci.<\/p>\n","protected":false},"excerpt":{"rendered":"<p>Urodzi\u0142 si\u0119 19 lutego 1927 roku w \u017belejowej, zm. 28 kwietnia 2000 roku w Szczecinie. W sierpniu 1980 roku uczestniczy\u0142 w strajku w Szczeci\u0144skiej Stoczni Remontowej \u201eGryfia\u201d. Jesieni\u0105 1980 roku wst\u0105pi\u0142 do NSZZ \u201eSolidarno\u015b\u0107\u201d. W lutym 1982 roku zaanga\u017cowa\u0142 si\u0119 w tworzenie podziemnego pisma \u201eSolidarno\u015bci\u201d pod nazw\u0105 \u201eJedno\u015b\u0107\u201d. By\u0142 redaktorem, autorem oraz kolporterem pisma. Udost\u0119pnia\u0142 [&hellip;]<\/p>\n","protected":false},"featured_media":1116,"template":"","meta":[],"_links":{"self":[{"href":"http:\/\/ludzie.fundacja-pih.pl\/index.php\/wp-json\/wp\/v2\/product\/1115"}],"collection":[{"href":"http:\/\/ludzie.fundacja-pih.pl\/index.php\/wp-json\/wp\/v2\/product"}],"about":[{"href":"http:\/\/ludzie.fundacja-pih.pl\/index.php\/wp-json\/wp\/v2\/types\/product"}],"wp:featuredmedia":[{"embeddable":true,"href":"http:\/\/ludzie.fundacja-pih.pl\/index.php\/wp-json\/wp\/v2\/media\/1116"}],"wp:attachment":[{"href":"http:\/\/ludzie.fundacja-pih.pl\/index.php\/wp-json\/wp\/v2\/media?parent=1115"}],"curies":[{"name":"wp","href":"https:\/\/api.w.org\/{rel}","templated":true}]}}

Janusz Stanisław

<p>Urodził się 19 lutego 1927 roku w Żelejowej, zm. 28 kwietnia 2000 roku w Szczecinie.</p>
<p>W sierpniu 1980 roku uczestniczył w strajku w Szczecińskiej Stoczni Remontowej „Gryfia”. Jesienią 1980 roku wstąpił do NSZZ „Solidarność”. W lutym 1982 roku zaangażował się w tworzenie podziemnego pisma „Solidarności” pod nazwą „Jedność”. Był redaktorem, autorem oraz kolporterem pisma. Udostępniał swoje mieszkanie na spotkania redakcyjne „Jedności”. Od 1983 roku był członkiem „Solidarności Walczącej”. W ramach działalności w tej strukturze zajmował się kolportażem ulotek i podziemnych wydawnictw „SW”, do których należało m.in. pismo „Grot”. Uczestniczył również w organizowaniu manifestacji w rocznice Masakry Grudniowej 1970 roku oraz wprowadzenia stanu wojennego. Współpracował z działaczami Federacji Młodzieży Walczącej oraz Ruchem „Wolność i Pokój”. Jako osoba podejrzana o działalność antysystemową był objęty stałą kontrolą operacyjną szczecińskiej Służby Bezpieczeństwa. W 2016 roku  na podstawie postanowienia Prezydenta RP – nr 552/2016 &#8211;  nadano mu Krzyż Wolności i Solidarności.</p>

<p>Urodził się 19 lutego 1927 roku w Żelejowej, zm. 28 kwietnia 2000 roku w Szczecinie. W sierpniu 1980 roku uczestniczył w strajku w Szczecińskiej Stoczni Remontowej „Gryfia”. Jesienią 1980 roku wstąpił do NSZZ „Solidarność”. W lutym 1982 roku zaangażował się w tworzenie podziemnego pisma „Solidarności” pod nazwą „Jedność”. Był redaktorem, autorem oraz kolporterem pisma. Udostępniał [&hellip;]</p>
