{"id":1117,"date":"2021-01-07T15:44:34","date_gmt":"2021-01-07T15:44:34","guid":{"rendered":"http:\/\/ludzie.fundacja-pih.pl\/?post_type=product&#038;p=1117"},"modified":"2025-05-16T14:11:13","modified_gmt":"2025-05-16T14:11:13","slug":"kaczorowski-jaroslaw","status":"publish","type":"product","link":"http:\/\/ludzie.fundacja-pih.pl\/index.php\/product\/kaczorowski-jaroslaw\/","title":{"rendered":"Kaczorowski Jaros\u0142aw Marek"},"content":{"rendered":"<p>Urodzi\u0142 si\u0119 w 1955 roku w m. Szczecin<\/p>\n<p>W latach 1984-1989 prowadzi\u0142 dzia\u0142alno\u015b\u0107 konspiracyjn\u0105. By\u0142 aktywnym cz\u0142onkiem podziemnego NSZZ ,,Solidarno\u015b\u0107\u2019\u2019 oraz Federacji M\u0142odzie\u017cy Walcz\u0105cej, a tak\u017ce kolporterem materia\u0142\u00f3w bezdebitowych. Od 1984 roku zaanga\u017cowa\u0142 si\u0119 w dzia\u0142alno\u015b\u0107 nielegalnych struktur ,,S\u201d w Szczecinie. W 1986 roku zosta\u0142 tak\u017ce cz\u0142onkiem FMW, w ramach kt\u00f3rej uczestniczy\u0142 w akcjach ulotkowo-kolporta\u017cowych. Rownolegle zajmowa\u0142 si\u0119 koordynacj\u0105 dzia\u0142a\u0144 organizacji podziemnych, kolportuj\u0105c tak\u017ce wydawnictwa podziemne sygnowane przez Ruch Wolno\u015b\u0107 i Pok\u00f3j oraz Niezale\u017cne Zrzeszenie Student\u00f3w. Uczestniczy\u0142 w antyre\u017cimowych demonstracjach.<br \/>\nW 1987 roku funkcjonariusze S\u0142u\u017cby Bezpiecze\u0144stwa pr\u00f3bowali bezskutecznie nak\u0142oni\u0107 go do wsp\u00f3\u0142pracy. Z powodu kategorycznej odmowy i aktywno\u015bci opozycyjnej zosta\u0142 obj\u0119ty sta\u0142\u0105 kontrol\u0105 operacyjn\u0105. Pomimo daleko posuni\u0119tej inwigilacji, w 1988 roku podczas pobytu w Berlinie Zachodnim rozpowszechnia\u0142 nielegalne materia\u0142y zwi\u0105zane z dzia\u0142alno\u015bci\u0105 ,,S\u201d. Zosta\u0142 odznaczony Krzy\u017cem Wolno\u015bci i Solidarno\u015bci.<\/p>\n","protected":false},"excerpt":{"rendered":"<p>Urodzi\u0142 si\u0119 w 1955 roku w m. Szczecin W latach 1984-1989 prowadzi\u0142 dzia\u0142alno\u015b\u0107 konspiracyjn\u0105. By\u0142 aktywnym cz\u0142onkiem podziemnego NSZZ ,,Solidarno\u015b\u0107\u2019\u2019 oraz Federacji M\u0142odzie\u017cy Walcz\u0105cej, a tak\u017ce kolporterem materia\u0142\u00f3w bezdebitowych. Od 1984 roku zaanga\u017cowa\u0142 si\u0119 w dzia\u0142alno\u015b\u0107 nielegalnych struktur ,,S\u201d w Szczecinie. W 1986 roku zosta\u0142 tak\u017ce cz\u0142onkiem FMW, w ramach kt\u00f3rej uczestniczy\u0142 w akcjach ulotkowo-kolporta\u017cowych. [&hellip;]<\/p>\n","protected":false},"featured_media":3342,"template":"","meta":[],"_links":{"self":[{"href":"http:\/\/ludzie.fundacja-pih.pl\/index.php\/wp-json\/wp\/v2\/product\/1117"}],"collection":[{"href":"http:\/\/ludzie.fundacja-pih.pl\/index.php\/wp-json\/wp\/v2\/product"}],"about":[{"href":"http:\/\/ludzie.fundacja-pih.pl\/index.php\/wp-json\/wp\/v2\/types\/product"}],"wp:featuredmedia":[{"embeddable":true,"href":"http:\/\/ludzie.fundacja-pih.pl\/index.php\/wp-json\/wp\/v2\/media\/3342"}],"wp:attachment":[{"href":"http:\/\/ludzie.fundacja-pih.pl\/index.php\/wp-json\/wp\/v2\/media?parent=1117"}],"curies":[{"name":"wp","href":"https:\/\/api.w.org\/{rel}","templated":true}]}}

Kaczorowski Jarosław Marek

<p>Urodził się w 1955 roku w m. Szczecin</p>
<p>W latach 1984-1989 prowadził działalność konspiracyjną. Był aktywnym członkiem podziemnego NSZZ ,,Solidarność’’ oraz Federacji Młodzieży Walczącej, a także kolporterem materiałów bezdebitowych. Od 1984 roku zaangażował się w działalność nielegalnych struktur ,,S” w Szczecinie. W 1986 roku został także członkiem FMW, w ramach której uczestniczył w akcjach ulotkowo-kolportażowych. Rownolegle zajmował się koordynacją działań organizacji podziemnych, kolportując także wydawnictwa podziemne sygnowane przez Ruch Wolność i Pokój oraz Niezależne Zrzeszenie Studentów. Uczestniczył w antyreżimowych demonstracjach.<br />
W 1987 roku funkcjonariusze Służby Bezpieczeństwa próbowali bezskutecznie nakłonić go do współpracy. Z powodu kategorycznej odmowy i aktywności opozycyjnej został objęty stałą kontrolą operacyjną. Pomimo daleko posuniętej inwigilacji, w 1988 roku podczas pobytu w Berlinie Zachodnim rozpowszechniał nielegalne materiały związane z działalnością ,,S”. Został odznaczony Krzyżem Wolności i Solidarności.</p>

<p>Urodził się w 1955 roku w m. Szczecin W latach 1984-1989 prowadził działalność konspiracyjną. Był aktywnym członkiem podziemnego NSZZ ,,Solidarność’’ oraz Federacji Młodzieży Walczącej, a także kolporterem materiałów bezdebitowych. Od 1984 roku zaangażował się w działalność nielegalnych struktur ,,S” w Szczecinie. W 1986 roku został także członkiem FMW, w ramach której uczestniczył w akcjach ulotkowo-kolportażowych. [&hellip;]</p>
