{"id":1131,"date":"2021-01-07T15:54:58","date_gmt":"2021-01-07T15:54:58","guid":{"rendered":"http:\/\/ludzie.fundacja-pih.pl\/?post_type=product&#038;p=1131"},"modified":"2025-05-16T14:11:17","modified_gmt":"2025-05-16T14:11:17","slug":"matusiak-krzysztof","status":"publish","type":"product","link":"http:\/\/ludzie.fundacja-pih.pl\/index.php\/product\/matusiak-krzysztof\/","title":{"rendered":"Matusiak Krzysztof"},"content":{"rendered":"<p>Wst\u0105pi\u0142 do Solidarno\u015bci Walcz\u0105cej maj\u0105c jedynie 15 lat. Od 1988r.cz\u0142onek m\u0142odzie\u017c\u00f3wki SW Szczecin,wsp\u00f3\u0142organizator manifestacji SW i ich uczestnik,kolporter pism SW.<br \/>\nW 2017 odznaczony Krzy\u017cem Solidarno\u015bci Walcz\u0105cej.<\/p>\n","protected":false},"excerpt":{"rendered":"<p>Wst\u0105pi\u0142 do Solidarno\u015bci Walcz\u0105cej maj\u0105c jedynie 15 lat. Od 1988r.cz\u0142onek m\u0142odzie\u017c\u00f3wki SW Szczecin,wsp\u00f3\u0142organizator manifestacji SW i ich uczestnik,kolporter pism SW. W 2017 odznaczony Krzy\u017cem Solidarno\u015bci Walcz\u0105cej.<\/p>\n","protected":false},"featured_media":1132,"template":"","meta":[],"_links":{"self":[{"href":"http:\/\/ludzie.fundacja-pih.pl\/index.php\/wp-json\/wp\/v2\/product\/1131"}],"collection":[{"href":"http:\/\/ludzie.fundacja-pih.pl\/index.php\/wp-json\/wp\/v2\/product"}],"about":[{"href":"http:\/\/ludzie.fundacja-pih.pl\/index.php\/wp-json\/wp\/v2\/types\/product"}],"wp:featuredmedia":[{"embeddable":true,"href":"http:\/\/ludzie.fundacja-pih.pl\/index.php\/wp-json\/wp\/v2\/media\/1132"}],"wp:attachment":[{"href":"http:\/\/ludzie.fundacja-pih.pl\/index.php\/wp-json\/wp\/v2\/media?parent=1131"}],"curies":[{"name":"wp","href":"https:\/\/api.w.org\/{rel}","templated":true}]}}