{"id":1135,"date":"2021-01-07T15:57:48","date_gmt":"2021-01-07T15:57:48","guid":{"rendered":"http:\/\/ludzie.fundacja-pih.pl\/?post_type=product&#038;p=1135"},"modified":"2025-05-16T14:11:18","modified_gmt":"2025-05-16T14:11:18","slug":"ratajczak-izabela","status":"publish","type":"product","link":"http:\/\/ludzie.fundacja-pih.pl\/index.php\/product\/ratajczak-izabela\/","title":{"rendered":"Ratajczak Janina"},"content":{"rendered":"<p>Urodzi\u0142a si\u0119 w 1941 roku w D\u0105browie-Dzi\u0119ciel.<\/p>\n<p>Nale\u017ca\u0142a do NSZZ \u201eSolidarno\u015b\u0107\u201d. Po wprowadzeniu stanu wojennego  nie przerwa\u0142a dzia\u0142alno\u015bci antysystemowej. Zaanga\u017cowa\u0142a si\u0119 w kolporta\u017c podziemnych wydawnictw. Dostarcza\u0142a z Wroc\u0142awia do Szczecina \u201eBiuletyn Dolno\u015bl\u0105ski\u201d, natomiast ze Szczecina do Wroc\u0142awia transportowa\u0142a szczeci\u0144sk\u0105 \u201eJedno\u015b\u0107\u201d. Pozostawa\u0142a w sta\u0142ych kontaktach z wroc\u0142awskimi dzia\u0142aczami antykomunistycznymi, m.in. Hann\u0105 \u0141ukowsk\u0105-Karniej i Kornelem Morawieckim. W 1982 roku, po powstaniu we Wroc\u0142awiu organizacji \u201eSolidarno\u015b\u0107 Walcz\u0105ca\u201d, przenios\u0142a j\u0105 na grunt szczeci\u0144ski. Organizowa\u0142a w swoim mieszkaniu spotkania konspiracyjne cz\u0142onk\u00f3w \u201eSW\u201d oraz zajmowa\u0142a si\u0119 wydawaniem i kolporta\u017cem pisma organizacji pt. \u201eGryf. W 2017 roku  na podstawie postanowienia Prezydenta RP \u2013 nr 138\/2017 &#8211;  nadano jej Krzy\u017c Wolno\u015bci i Solidarno\u015bci.<\/p>\n","protected":false},"excerpt":{"rendered":"<p>Urodzi\u0142a si\u0119 w 1941 roku w D\u0105browie-Dzi\u0119ciel. Nale\u017ca\u0142a do NSZZ \u201eSolidarno\u015b\u0107\u201d. Po wprowadzeniu stanu wojennego nie przerwa\u0142a dzia\u0142alno\u015bci antysystemowej. Zaanga\u017cowa\u0142a si\u0119 w kolporta\u017c podziemnych wydawnictw. Dostarcza\u0142a z Wroc\u0142awia do Szczecina \u201eBiuletyn Dolno\u015bl\u0105ski\u201d, natomiast ze Szczecina do Wroc\u0142awia transportowa\u0142a szczeci\u0144sk\u0105 \u201eJedno\u015b\u0107\u201d. Pozostawa\u0142a w sta\u0142ych kontaktach z wroc\u0142awskimi dzia\u0142aczami antykomunistycznymi, m.in. Hann\u0105 \u0141ukowsk\u0105-Karniej i Kornelem Morawieckim. W [&hellip;]<\/p>\n","protected":false},"featured_media":1930,"template":"","meta":[],"_links":{"self":[{"href":"http:\/\/ludzie.fundacja-pih.pl\/index.php\/wp-json\/wp\/v2\/product\/1135"}],"collection":[{"href":"http:\/\/ludzie.fundacja-pih.pl\/index.php\/wp-json\/wp\/v2\/product"}],"about":[{"href":"http:\/\/ludzie.fundacja-pih.pl\/index.php\/wp-json\/wp\/v2\/types\/product"}],"wp:featuredmedia":[{"embeddable":true,"href":"http:\/\/ludzie.fundacja-pih.pl\/index.php\/wp-json\/wp\/v2\/media\/1930"}],"wp:attachment":[{"href":"http:\/\/ludzie.fundacja-pih.pl\/index.php\/wp-json\/wp\/v2\/media?parent=1135"}],"curies":[{"name":"wp","href":"https:\/\/api.w.org\/{rel}","templated":true}]}}

<p>Urodziła się w 1941 roku w Dąbrowie-Dzięciel.</p>
<p>Należała do NSZZ „Solidarność”. Po wprowadzeniu stanu wojennego  nie przerwała działalności antysystemowej. Zaangażowała się w kolportaż podziemnych wydawnictw. Dostarczała z Wrocławia do Szczecina „Biuletyn Dolnośląski”, natomiast ze Szczecina do Wrocławia transportowała szczecińską „Jedność”. Pozostawała w stałych kontaktach z wrocławskimi działaczami antykomunistycznymi, m.in. Hanną Łukowską-Karniej i Kornelem Morawieckim. W 1982 roku, po powstaniu we Wrocławiu organizacji „Solidarność Walcząca”, przeniosła ją na grunt szczeciński. Organizowała w swoim mieszkaniu spotkania konspiracyjne członków „SW” oraz zajmowała się wydawaniem i kolportażem pisma organizacji pt. „Gryf. W 2017 roku  na podstawie postanowienia Prezydenta RP – nr 138/2017 &#8211;  nadano jej Krzyż Wolności i Solidarności.</p>

<p>Urodziła się w 1941 roku w Dąbrowie-Dzięciel. Należała do NSZZ „Solidarność”. Po wprowadzeniu stanu wojennego nie przerwała działalności antysystemowej. Zaangażowała się w kolportaż podziemnych wydawnictw. Dostarczała z Wrocławia do Szczecina „Biuletyn Dolnośląski”, natomiast ze Szczecina do Wrocławia transportowała szczecińską „Jedność”. Pozostawała w stałych kontaktach z wrocławskimi działaczami antykomunistycznymi, m.in. Hanną Łukowską-Karniej i Kornelem Morawieckim. W [&hellip;]</p>
