{"id":1157,"date":"2021-01-07T16:13:41","date_gmt":"2021-01-07T16:13:41","guid":{"rendered":"http:\/\/ludzie.fundacja-pih.pl\/?post_type=product&#038;p=1157"},"modified":"2025-05-16T14:11:28","modified_gmt":"2025-05-16T14:11:28","slug":"anders-ryszard","status":"publish","type":"product","link":"http:\/\/ludzie.fundacja-pih.pl\/index.php\/product\/anders-ryszard\/","title":{"rendered":"Anders Ryszard"},"content":{"rendered":"<div class=\"head\">\n<p>Ryszard Anders, ur. 14 III 1955 w Gda\u0144sku. Uko\u0144czy\u0142 Policealne Studium Zawodowe Budowy Okr\u0119t\u00f3w w Gda\u0144sku (1978).<\/p>\n<\/div>\n<p>1978\u20131982 monter maszyn i urz\u0105dze\u0144 okr\u0119towych w Stoczni Marynarki Wojennej im. D\u0105browszczak\u00f3w w Gdyni O\u015brodek Produkcyjny im. Westerplatte w Gda\u0144sku.<\/p>\n<p>W VIII 1980 uczestnik strajku w stoczni, od IX 1980 w \u201eS\u201d; cz\u0142onek Komitetu Za\u0142o\u017cycielskiego, od XII 1980 KZ.<\/p>\n<p>Po 13 XII 1981 uczestnik pr\u00f3by zorganizowania strajku w stoczni, zwolniony z pracy. 1982\u20131989 pomiarowiec w Stoczni Remontowej Nauta w Gdyni. 1981\u20131983 wsp\u00f3\u0142pracownik TKZ, uczestnik zbi\u00f3rek pieni\u0119\u017cnych na rzecz internowanych, akcji dyscyplinuj\u0105cych (m.in. oblewanie \u017cr\u0105cymi substancjami karoserii samochod\u00f3w, podpalanie drzwi do mieszkania, czasami pobicia) cz\u0142onk\u00f3w PZPR w stoczni; drukarz ulotek. W VI 1982 wsp\u00f3\u0142organizator (z Romanem Jankowskim) Solidarno\u015bci Walcz\u0105cej Gda\u0144sk (struktury dzia\u0142aj\u0105cej r\u00f3wnolegle z SW Oddzia\u0142 Tr\u00f3jmiasto Andrzeja Ko\u0142odzieja), nast. drukarz, kolporter podziemnych wydawnictw SW, znaczk\u00f3w poczt podziemnych, ulotek, wsp\u00f3\u0142organizator Radia \u201eS\u201d. 1982\u20131984 wsp\u00f3\u0142organizator tzw. zespo\u0142\u00f3w szybkiego reagowania (3\u20134-osobowe), w tym m.in. trening\u00f3w paramilitarnych, wschodnich sztuk walki; uczestnik akcji gromadzenia broni. 1986\u20131988 wsp\u00f3\u0142pracownik podziemnej RKK w Gda\u0144sku; wsp\u00f3\u0142za\u0142o\u017cyciel drukarni (z R. Jankowskim), drukarz podziemnych pism, m.in. \u201eSolidarno\u015b\u0107\u201d Regionu Gda\u0144skiego, \u201eRozwaga i Solidarno\u015b\u0107\u201d, \u201eTygodnik Mazowsze\u201d, wydawnictw zwartych, ulotek, pism Federacji M\u0142odzie\u017cy Walcz\u0105cej Regionu Gda\u0144sk (od 1988 tak\u017ce FMW Regionu Pomorze Wschodnie), PPS, Ruchu WiP, KPN, PPN (m.in. z Markiem Biernackim, Jerzym Kowalskim, Tomaszem Matula\u0144cem).<\/p>\n<p>1989\u20131991 w\u0142asna dzia\u0142alno\u015b\u0107 gospodarcza, 1991\u20131992 st. specjalista w Ministerstwie Obrony Narodowej. W 1985 wsp\u00f3\u0142za\u0142o\u017cyciel Polskiej Partii Niepodleg\u0142o\u015bciowej, 1992\u20131999 dzia\u0142acz polityczny, m.in. w Ruchu Trzeciej Rzeczypospolitej, nast. RdR. Od 1999 prowadzi w\u0142asn\u0105 dzia\u0142alno\u015b\u0107 gospodarcz\u0105.<\/p>\n<p>10 IX 1986 \u2013 16 X 1989 rozpracowywany przez p. V RUSW w Gdyni w ramach SOR krypt. Pi\u0105tka.<\/p>\n<p><em>Arkadiusz Kaza\u0144ski<\/em><\/p>\n","protected":false},"excerpt":{"rendered":"<p>Ryszard Anders, ur. 14 III 1955 w Gda\u0144sku. Uko\u0144czy\u0142 Policealne Studium Zawodowe Budowy Okr\u0119t\u00f3w w Gda\u0144sku (1978). 1978\u20131982 monter maszyn i urz\u0105dze\u0144 okr\u0119towych w Stoczni Marynarki Wojennej im. D\u0105browszczak\u00f3w w Gdyni O\u015brodek Produkcyjny im. Westerplatte w Gda\u0144sku. W VIII 1980 uczestnik strajku w stoczni, od IX 1980 w \u201eS\u201d; cz\u0142onek Komitetu Za\u0142o\u017cycielskiego, od XII 1980 [&hellip;]<\/p>\n","protected":false},"featured_media":1423,"template":"","meta":[],"_links":{"self":[{"href":"http:\/\/ludzie.fundacja-pih.pl\/index.php\/wp-json\/wp\/v2\/product\/1157"}],"collection":[{"href":"http:\/\/ludzie.fundacja-pih.pl\/index.php\/wp-json\/wp\/v2\/product"}],"about":[{"href":"http:\/\/ludzie.fundacja-pih.pl\/index.php\/wp-json\/wp\/v2\/types\/product"}],"wp:featuredmedia":[{"embeddable":true,"href":"http:\/\/ludzie.fundacja-pih.pl\/index.php\/wp-json\/wp\/v2\/media\/1423"}],"wp:attachment":[{"href":"http:\/\/ludzie.fundacja-pih.pl\/index.php\/wp-json\/wp\/v2\/media?parent=1157"}],"curies":[{"name":"wp","href":"https:\/\/api.w.org\/{rel}","templated":true}]}}

<div class="head">
<p>Ryszard Anders, ur. 14 III 1955 w Gdańsku. Ukończył Policealne Studium Zawodowe Budowy Okrętów w Gdańsku (1978).</p>
</div>
<p>1978–1982 monter maszyn i urządzeń okrętowych w Stoczni Marynarki Wojennej im. Dąbrowszczaków w Gdyni Ośrodek Produkcyjny im. Westerplatte w Gdańsku.</p>
<p>W VIII 1980 uczestnik strajku w stoczni, od IX 1980 w „S”; członek Komitetu Założycielskiego, od XII 1980 KZ.</p>
<p>Po 13 XII 1981 uczestnik próby zorganizowania strajku w stoczni, zwolniony z pracy. 1982–1989 pomiarowiec w Stoczni Remontowej Nauta w Gdyni. 1981–1983 współpracownik TKZ, uczestnik zbiórek pieniężnych na rzecz internowanych, akcji dyscyplinujących (m.in. oblewanie żrącymi substancjami karoserii samochodów, podpalanie drzwi do mieszkania, czasami pobicia) członków PZPR w stoczni; drukarz ulotek. W VI 1982 współorganizator (z Romanem Jankowskim) Solidarności Walczącej Gdańsk (struktury działającej równolegle z SW Oddział Trójmiasto Andrzeja Kołodzieja), nast. drukarz, kolporter podziemnych wydawnictw SW, znaczków poczt podziemnych, ulotek, współorganizator Radia „S”. 1982–1984 współorganizator tzw. zespołów szybkiego reagowania (3–4-osobowe), w tym m.in. treningów paramilitarnych, wschodnich sztuk walki; uczestnik akcji gromadzenia broni. 1986–1988 współpracownik podziemnej RKK w Gdańsku; współzałożyciel drukarni (z R. Jankowskim), drukarz podziemnych pism, m.in. „Solidarność” Regionu Gdańskiego, „Rozwaga i Solidarność”, „Tygodnik Mazowsze”, wydawnictw zwartych, ulotek, pism Federacji Młodzieży Walczącej Regionu Gdańsk (od 1988 także FMW Regionu Pomorze Wschodnie), PPS, Ruchu WiP, KPN, PPN (m.in. z Markiem Biernackim, Jerzym Kowalskim, Tomaszem Matulańcem).</p>
<p>1989–1991 własna działalność gospodarcza, 1991–1992 st. specjalista w Ministerstwie Obrony Narodowej. W 1985 współzałożyciel Polskiej Partii Niepodległościowej, 1992–1999 działacz polityczny, m.in. w Ruchu Trzeciej Rzeczypospolitej, nast. RdR. Od 1999 prowadzi własną działalność gospodarczą.</p>
<p>10 IX 1986 – 16 X 1989 rozpracowywany przez p. V RUSW w Gdyni w ramach SOR krypt. Piątka.</p>
<p><em>Arkadiusz Kazański</em></p>

<p>Ryszard Anders, ur. 14 III 1955 w Gdańsku. Ukończył Policealne Studium Zawodowe Budowy Okrętów w Gdańsku (1978). 1978–1982 monter maszyn i urządzeń okrętowych w Stoczni Marynarki Wojennej im. Dąbrowszczaków w Gdyni Ośrodek Produkcyjny im. Westerplatte w Gdańsku. W VIII 1980 uczestnik strajku w stoczni, od IX 1980 w „S”; członek Komitetu Założycielskiego, od XII 1980 [&hellip;]</p>
