{"id":1161,"date":"2021-01-07T16:15:44","date_gmt":"2021-01-07T16:15:44","guid":{"rendered":"http:\/\/ludzie.fundacja-pih.pl\/?post_type=product&#038;p=1161"},"modified":"2025-05-16T14:11:30","modified_gmt":"2025-05-16T14:11:30","slug":"babinski-pawel","status":"publish","type":"product","link":"http:\/\/ludzie.fundacja-pih.pl\/index.php\/product\/babinski-pawel\/","title":{"rendered":"Babi\u0144ski Pawe\u0142 Jerzy"},"content":{"rendered":"<p>Urodzi\u0142 si\u0119 14 marca 1964 roku w Gda\u0144sku.<\/p>\n<p>W latach 1986 &#8211; 1989 prowadzi\u0142 dzia\u0142alno\u015b\u0107 antykomunistyczn\u0105. B\u0119d\u0105c cz\u0142onkiem \u201eSolidarno\u015bci Walcz\u0105cej\u201d zajmowa\u0142 si\u0119 kolporta\u017cem wydawnictw podziemnych. Uczestniczy\u0142 w manifestacjach antyre\u017cimowych. Zosta\u0142 ukarany kar\u0105 grzywny przez Kolegium Rejonowe przy Prezydencie miasta Gdyni za udzia\u0142 w demonstracji przed gdy\u0144skim ko\u015bcio\u0142em Matki Bo\u017cej Nieustaj\u0105cej Pomocy w Gdyni w dniu 20 grudnia 1987 roku.  14 sierpnia 1988 roku, w trakcie manifestacji zosta\u0142 zatrzymany przez Milicj\u0119 Obywatelsk\u0105 i 17 sierpnia osadzony w Areszcie \u015aledczym w Gda\u0144sku. Z aresztowania zosta\u0142 zwolniony 20 wrze\u015bnia 1988 roku. Do\u015bwiadczy\u0142 r\u00f3\u017cnych form represji w tym m.in. zatrzyma\u0144, rewizji w jego mieszkaniu, konfiskaty materia\u0142\u00f3w opozycyjnych, otrzyma\u0142 te\u017c zakaz wyjazdu za granic\u0119. W 2014 roku  na podstawie postanowienia Prezydenta RP \u2013 nr 299\/2014 &#8211;  nadano mu Krzy\u017c Wolno\u015bci i Solidarno\u015bci.<\/p>\n","protected":false},"excerpt":{"rendered":"<p>Urodzi\u0142 si\u0119 14 marca 1964 roku w Gda\u0144sku. W latach 1986 &#8211; 1989 prowadzi\u0142 dzia\u0142alno\u015b\u0107 antykomunistyczn\u0105. B\u0119d\u0105c cz\u0142onkiem \u201eSolidarno\u015bci Walcz\u0105cej\u201d zajmowa\u0142 si\u0119 kolporta\u017cem wydawnictw podziemnych. Uczestniczy\u0142 w manifestacjach antyre\u017cimowych. Zosta\u0142 ukarany kar\u0105 grzywny przez Kolegium Rejonowe przy Prezydencie miasta Gdyni za udzia\u0142 w demonstracji przed gdy\u0144skim ko\u015bcio\u0142em Matki Bo\u017cej Nieustaj\u0105cej Pomocy w Gdyni w dniu [&hellip;]<\/p>\n","protected":false},"featured_media":1762,"template":"","meta":[],"_links":{"self":[{"href":"http:\/\/ludzie.fundacja-pih.pl\/index.php\/wp-json\/wp\/v2\/product\/1161"}],"collection":[{"href":"http:\/\/ludzie.fundacja-pih.pl\/index.php\/wp-json\/wp\/v2\/product"}],"about":[{"href":"http:\/\/ludzie.fundacja-pih.pl\/index.php\/wp-json\/wp\/v2\/types\/product"}],"wp:featuredmedia":[{"embeddable":true,"href":"http:\/\/ludzie.fundacja-pih.pl\/index.php\/wp-json\/wp\/v2\/media\/1762"}],"wp:attachment":[{"href":"http:\/\/ludzie.fundacja-pih.pl\/index.php\/wp-json\/wp\/v2\/media?parent=1161"}],"curies":[{"name":"wp","href":"https:\/\/api.w.org\/{rel}","templated":true}]}}

Babiński Paweł Jerzy

<p>Urodził się 14 marca 1964 roku w Gdańsku.</p>
<p>W latach 1986 &#8211; 1989 prowadził działalność antykomunistyczną. Będąc członkiem „Solidarności Walczącej” zajmował się kolportażem wydawnictw podziemnych. Uczestniczył w manifestacjach antyreżimowych. Został ukarany karą grzywny przez Kolegium Rejonowe przy Prezydencie miasta Gdyni za udział w demonstracji przed gdyńskim kościołem Matki Bożej Nieustającej Pomocy w Gdyni w dniu 20 grudnia 1987 roku.  14 sierpnia 1988 roku, w trakcie manifestacji został zatrzymany przez Milicję Obywatelską i 17 sierpnia osadzony w Areszcie Śledczym w Gdańsku. Z aresztowania został zwolniony 20 września 1988 roku. Doświadczył różnych form represji w tym m.in. zatrzymań, rewizji w jego mieszkaniu, konfiskaty materiałów opozycyjnych, otrzymał też zakaz wyjazdu za granicę. W 2014 roku  na podstawie postanowienia Prezydenta RP – nr 299/2014 &#8211;  nadano mu Krzyż Wolności i Solidarności.</p>

<p>Urodził się 14 marca 1964 roku w Gdańsku. W latach 1986 &#8211; 1989 prowadził działalność antykomunistyczną. Będąc członkiem „Solidarności Walczącej” zajmował się kolportażem wydawnictw podziemnych. Uczestniczył w manifestacjach antyreżimowych. Został ukarany karą grzywny przez Kolegium Rejonowe przy Prezydencie miasta Gdyni za udział w demonstracji przed gdyńskim kościołem Matki Bożej Nieustającej Pomocy w Gdyni w dniu [&hellip;]</p>
