{"id":1166,"date":"2021-01-07T16:20:20","date_gmt":"2021-01-07T16:20:20","guid":{"rendered":"http:\/\/ludzie.fundacja-pih.pl\/?post_type=product&#038;p=1166"},"modified":"2025-05-16T14:11:33","modified_gmt":"2025-05-16T14:11:33","slug":"bialostocka-jadwiga","status":"publish","type":"product","link":"http:\/\/ludzie.fundacja-pih.pl\/index.php\/product\/bialostocka-jadwiga\/","title":{"rendered":"Bia\u0142ostocka Jadwiga"},"content":{"rendered":"<p>Urodzi\u0142a si\u0119 9 pa\u017adziernika 1923 roku w Grodnie. <\/p>\n<p>Jest c\u00f3rk\u0105 p\u0142k. Ignacego Oziewicza, pierwszego dow\u00f3dcy Narodowych Si\u0142 Zbrojnych. Nale\u017ca\u0142a do \u201eSolidarno\u015bci Walcz\u0105cej\u201d. W ramach dzia\u0142alno\u015bci w SW zajmowa\u0142a si\u0119 kolporta\u017cem oraz prowadzi\u0142a tzw. skrzynk\u0119 kontaktow\u0105.<\/p>\n","protected":false},"excerpt":{"rendered":"<p>Urodzi\u0142a si\u0119 9 pa\u017adziernika 1923 roku w Grodnie. Jest c\u00f3rk\u0105 p\u0142k. Ignacego Oziewicza, pierwszego dow\u00f3dcy Narodowych Si\u0142 Zbrojnych. Nale\u017ca\u0142a do \u201eSolidarno\u015bci Walcz\u0105cej\u201d. W ramach dzia\u0142alno\u015bci w SW zajmowa\u0142a si\u0119 kolporta\u017cem oraz prowadzi\u0142a tzw. skrzynk\u0119 kontaktow\u0105.<\/p>\n","protected":false},"featured_media":1167,"template":"","meta":[],"_links":{"self":[{"href":"http:\/\/ludzie.fundacja-pih.pl\/index.php\/wp-json\/wp\/v2\/product\/1166"}],"collection":[{"href":"http:\/\/ludzie.fundacja-pih.pl\/index.php\/wp-json\/wp\/v2\/product"}],"about":[{"href":"http:\/\/ludzie.fundacja-pih.pl\/index.php\/wp-json\/wp\/v2\/types\/product"}],"wp:featuredmedia":[{"embeddable":true,"href":"http:\/\/ludzie.fundacja-pih.pl\/index.php\/wp-json\/wp\/v2\/media\/1167"}],"wp:attachment":[{"href":"http:\/\/ludzie.fundacja-pih.pl\/index.php\/wp-json\/wp\/v2\/media?parent=1166"}],"curies":[{"name":"wp","href":"https:\/\/api.w.org\/{rel}","templated":true}]}}