{"id":1168,"date":"2021-01-07T16:21:01","date_gmt":"2021-01-07T16:21:01","guid":{"rendered":"http:\/\/ludzie.fundacja-pih.pl\/?post_type=product&#038;p=1168"},"modified":"2025-05-16T14:11:33","modified_gmt":"2025-05-16T14:11:33","slug":"bialostocki-janek","status":"publish","type":"product","link":"http:\/\/ludzie.fundacja-pih.pl\/index.php\/product\/bialostocki-janek\/","title":{"rendered":"Bia\u0142ostocki Jan"},"content":{"rendered":"<p>Urodzi\u0142 si\u0119 16 kwietnia 1962 roku w Gdyni.<\/p>\n<p>By\u0142 wsp\u00f3\u0142pracownikiem tr\u00f3jmiejskiego oddzia\u0142u \u201eSolidarno\u015bci Walcz\u0105cej\u201d od pocz\u0105tku jego istnienia. Kierowa\u0142 Radiem \u201eSolidarno\u015b\u0107 Walcz\u0105ca\u201d, zw\u0142aszcza jego stron\u0105 programow\u0105 i techniczn\u0105. Instalowa\u0142 nadajniki w przerobionym samochodzie osobowym, z baga\u017cnikiem dachowym w roli anteny, co przez dwa lata praktycznie uniemo\u017cliwi\u0142o namierzenie Radia \u201eSW\u201d przez SB.  Od 14 sierpnia 1987 roku by\u0142 rozpracowywany przez Inspektorat 2 SB w Gda\u0144sku. Jest wnukiem pierwszego komendanta g\u0142\u00f3wnego NSZ, p\u0142k. Ignacego Oziewicza, w zwi\u0105zku z czym zaanga\u017cowa\u0142 si\u0119 w dzia\u0142alno\u015b\u0107 upami\u0119tniaj\u0105c\u0105 \u201e\u017co\u0142nierzy wykl\u0119tych\u201d. Sfinansowa\u0142 publikacj\u0119 albumu \u201e\u017bo\u0142nierze Wykl\u0119ci\u201d, by\u0142 producentem cyklu film\u00f3w dokumentalnych o Narodowych Si\u0142ach Zbrojnych, wspiera\u0142 dzia\u0142alno\u015b\u0107 grup kombatanckich NSZ, organizowa\u0142 i finansowa\u0142 sesje naukowe i wystawy dotycz\u0105ce tej tematyki.<\/p>\n","protected":false},"excerpt":{"rendered":"<p>Urodzi\u0142 si\u0119 16 kwietnia 1962 roku w Gdyni. By\u0142 wsp\u00f3\u0142pracownikiem tr\u00f3jmiejskiego oddzia\u0142u \u201eSolidarno\u015bci Walcz\u0105cej\u201d od pocz\u0105tku jego istnienia. Kierowa\u0142 Radiem \u201eSolidarno\u015b\u0107 Walcz\u0105ca\u201d, zw\u0142aszcza jego stron\u0105 programow\u0105 i techniczn\u0105. Instalowa\u0142 nadajniki w przerobionym samochodzie osobowym, z baga\u017cnikiem dachowym w roli anteny, co przez dwa lata praktycznie uniemo\u017cliwi\u0142o namierzenie Radia \u201eSW\u201d przez SB. Od 14 sierpnia 1987 [&hellip;]<\/p>\n","protected":false},"featured_media":1169,"template":"","meta":[],"_links":{"self":[{"href":"http:\/\/ludzie.fundacja-pih.pl\/index.php\/wp-json\/wp\/v2\/product\/1168"}],"collection":[{"href":"http:\/\/ludzie.fundacja-pih.pl\/index.php\/wp-json\/wp\/v2\/product"}],"about":[{"href":"http:\/\/ludzie.fundacja-pih.pl\/index.php\/wp-json\/wp\/v2\/types\/product"}],"wp:featuredmedia":[{"embeddable":true,"href":"http:\/\/ludzie.fundacja-pih.pl\/index.php\/wp-json\/wp\/v2\/media\/1169"}],"wp:attachment":[{"href":"http:\/\/ludzie.fundacja-pih.pl\/index.php\/wp-json\/wp\/v2\/media?parent=1168"}],"curies":[{"name":"wp","href":"https:\/\/api.w.org\/{rel}","templated":true}]}}

Białostocki Jan

<p>Urodził się 16 kwietnia 1962 roku w Gdyni.</p>
<p>Był współpracownikiem trójmiejskiego oddziału „Solidarności Walczącej” od początku jego istnienia. Kierował Radiem „Solidarność Walcząca”, zwłaszcza jego stroną programową i techniczną. Instalował nadajniki w przerobionym samochodzie osobowym, z bagażnikiem dachowym w roli anteny, co przez dwa lata praktycznie uniemożliwiło namierzenie Radia „SW” przez SB.  Od 14 sierpnia 1987 roku był rozpracowywany przez Inspektorat 2 SB w Gdańsku. Jest wnukiem pierwszego komendanta głównego NSZ, płk. Ignacego Oziewicza, w związku z czym zaangażował się w działalność upamiętniającą „żołnierzy wyklętych”. Sfinansował publikację albumu „Żołnierze Wyklęci”, był producentem cyklu filmów dokumentalnych o Narodowych Siłach Zbrojnych, wspierał działalność grup kombatanckich NSZ, organizował i finansował sesje naukowe i wystawy dotyczące tej tematyki.</p>

<p>Urodził się 16 kwietnia 1962 roku w Gdyni. Był współpracownikiem trójmiejskiego oddziału „Solidarności Walczącej” od początku jego istnienia. Kierował Radiem „Solidarność Walcząca”, zwłaszcza jego stroną programową i techniczną. Instalował nadajniki w przerobionym samochodzie osobowym, z bagażnikiem dachowym w roli anteny, co przez dwa lata praktycznie uniemożliwiło namierzenie Radia „SW” przez SB. Od 14 sierpnia 1987 [&hellip;]</p>
