{"id":1174,"date":"2021-01-07T16:23:28","date_gmt":"2021-01-07T16:23:28","guid":{"rendered":"http:\/\/ludzie.fundacja-pih.pl\/?post_type=product&#038;p=1174"},"modified":"2025-05-16T14:11:35","modified_gmt":"2025-05-16T14:11:35","slug":"bielinski-marek","status":"publish","type":"product","link":"http:\/\/ludzie.fundacja-pih.pl\/index.php\/product\/bielinski-marek\/","title":{"rendered":"Bieli\u0144ski Marek Jan"},"content":{"rendered":"<p>Urodzi\u0142 si\u0119 w 1961 roku w m. Gdynia<\/p>\n<p>W sierpniu 1980 roku uczestniczy\u0142 w strajku w Stoczni im. Komuny Paryskiej w Gdyni. We wrze\u015bniu tego samego roku zosta\u0142 cz\u0142onkiem NSZZ \u201eSolidarno\u015b\u0107\u201d i wszed\u0142 w sk\u0142ad Komisji Wydzia\u0142owej na wydziale K-1. Tu\u017c po wprowadzeniu stanu wojennego, w  dniach 14-15 grudnia 1981 roku, bra\u0142 udzia\u0142 w strajku na terenie ww. stoczni. W latach 1984-1989 by\u0142 zaanga\u017cowany w dzia\u0142alno\u015b\u0107 tr\u00f3jmiejskich struktur \u201eSolidarno\u015bci Walcz\u0105cej\u201d, w ramach kt\u00f3rej nale\u017ca\u0142 do grupy \u201esabota\u017cowo-dywersyjnej\u201d. Prowadzi\u0142 akcje skierowane przeciwko dzia\u0142aczom PZPR, zajmowa\u0142 si\u0119 m. in. odcinaniem zasilania pr\u0105du i wrzucaniem \u015bwiec dymnych do wentylator\u00f3w podczas zebra\u0144 partyjnych. Uczestniczy\u0142 w kontrmanifestacjach pierwszomajowych, organizowa\u0142 niezale\u017cne obchody \u015bwi\u0105t pa\u0144stwowych. Prowadzi\u0142 te\u017c akcje propagandowe, malowa\u0142 na suwnicach antykomunistyczne has\u0142a. W 2016 roku  na podstawie postanowienia Prezydenta RP \u2013 nr 515\/2016 &#8211;  nadano mu Krzy\u017c Wolno\u015bci i Solidarno\u015bci. <\/p>\n","protected":false},"excerpt":{"rendered":"<p>Urodzi\u0142 si\u0119 w 1961 roku w m. Gdynia W sierpniu 1980 roku uczestniczy\u0142 w strajku w Stoczni im. Komuny Paryskiej w Gdyni. We wrze\u015bniu tego samego roku zosta\u0142 cz\u0142onkiem NSZZ \u201eSolidarno\u015b\u0107\u201d i wszed\u0142 w sk\u0142ad Komisji Wydzia\u0142owej na wydziale K-1. Tu\u017c po wprowadzeniu stanu wojennego, w dniach 14-15 grudnia 1981 roku, bra\u0142 udzia\u0142 w strajku [&hellip;]<\/p>\n","protected":false},"featured_media":1175,"template":"","meta":[],"_links":{"self":[{"href":"http:\/\/ludzie.fundacja-pih.pl\/index.php\/wp-json\/wp\/v2\/product\/1174"}],"collection":[{"href":"http:\/\/ludzie.fundacja-pih.pl\/index.php\/wp-json\/wp\/v2\/product"}],"about":[{"href":"http:\/\/ludzie.fundacja-pih.pl\/index.php\/wp-json\/wp\/v2\/types\/product"}],"wp:featuredmedia":[{"embeddable":true,"href":"http:\/\/ludzie.fundacja-pih.pl\/index.php\/wp-json\/wp\/v2\/media\/1175"}],"wp:attachment":[{"href":"http:\/\/ludzie.fundacja-pih.pl\/index.php\/wp-json\/wp\/v2\/media?parent=1174"}],"curies":[{"name":"wp","href":"https:\/\/api.w.org\/{rel}","templated":true}]}}

Bieliński Marek Jan

<p>Urodził się w 1961 roku w m. Gdynia</p>
<p>W sierpniu 1980 roku uczestniczył w strajku w Stoczni im. Komuny Paryskiej w Gdyni. We wrześniu tego samego roku został członkiem NSZZ „Solidarność” i wszedł w skład Komisji Wydziałowej na wydziale K-1. Tuż po wprowadzeniu stanu wojennego, w  dniach 14-15 grudnia 1981 roku, brał udział w strajku na terenie ww. stoczni. W latach 1984-1989 był zaangażowany w działalność trójmiejskich struktur „Solidarności Walczącej”, w ramach której należał do grupy „sabotażowo-dywersyjnej”. Prowadził akcje skierowane przeciwko działaczom PZPR, zajmował się m. in. odcinaniem zasilania prądu i wrzucaniem świec dymnych do wentylatorów podczas zebrań partyjnych. Uczestniczył w kontrmanifestacjach pierwszomajowych, organizował niezależne obchody świąt państwowych. Prowadził też akcje propagandowe, malował na suwnicach antykomunistyczne hasła. W 2016 roku  na podstawie postanowienia Prezydenta RP – nr 515/2016 &#8211;  nadano mu Krzyż Wolności i Solidarności. </p>

<p>Urodził się w 1961 roku w m. Gdynia W sierpniu 1980 roku uczestniczył w strajku w Stoczni im. Komuny Paryskiej w Gdyni. We wrześniu tego samego roku został członkiem NSZZ „Solidarność” i wszedł w skład Komisji Wydziałowej na wydziale K-1. Tuż po wprowadzeniu stanu wojennego, w dniach 14-15 grudnia 1981 roku, brał udział w strajku [&hellip;]</p>
