{"id":1183,"date":"2021-01-07T16:28:28","date_gmt":"2021-01-07T16:28:28","guid":{"rendered":"http:\/\/ludzie.fundacja-pih.pl\/?post_type=product&#038;p=1183"},"modified":"2025-05-16T14:11:40","modified_gmt":"2025-05-16T14:11:40","slug":"cybulski-andrzej","status":"publish","type":"product","link":"http:\/\/ludzie.fundacja-pih.pl\/index.php\/product\/cybulski-andrzej\/","title":{"rendered":"Cybulski Andrzej Adam"},"content":{"rendered":"<p>Urodzi\u0142 si\u0119 w 1958 roku w m. Piotrk\u00f3w<\/p>\n<p>By\u0142 zatrudniony w Wydziale Us\u0142ug \u017beglugowych Morskiego Portu Handlowego w Gda\u0144sku jako marynarz. W 1980 roku wst\u0105pi\u0142 do NSZZ \u201eSolidarno\u015b\u0107\u201d. W pa\u017adzierniku 1982 roku rozpocz\u0105\u0142 dzia\u0142alno\u015b\u0107 w strukturach \u201eSolidarno\u015bci Walcz\u0105cej\u201d. 3 wrze\u015bnia 1986 roku przeprowadzono rewizj\u0119 w jego mieszkaniu, w trakcie kt\u00f3rej znaleziono ulotki i wydawnictwa sygnowane przez NSZZ \u201eSolidarno\u015b\u0107\u201d, wskutek czego zosta\u0142 zatrzymany i aresztowany. 25 kwietnia 1987 roku Prokuratura Wojew\u00f3dzka w Gda\u0144sku wyda\u0142a postanowienie o uchyleniu aresztu tymczasowego. Postanowieniem S\u0105du Najwy\u017cszego \u2013 Izby Karnej w Warszawie z 23 pa\u017adziernika 1987 roku post\u0119powanie karne przeciwko niemu zosta\u0142o umorzone. W tym samym roku Andrzej Cybulski zosta\u0142 dzia\u0142aczem Polskiej Partii Niepodleg\u0142o\u015bciowej. W ramach tej organizacji zajmowa\u0142 si\u0119 m.in. drukowaniem niezale\u017cnych pism, takich jak \u201eOrlik\u201d czy \u201ePolonia Restituta\u201d. W 2016  roku na podstawie postanowienia Prezydenta RP \u2013 280\/2016 \u2013 nadano mu Krzy\u017c Wolno\u015bci i Solidarno\u015bci.<\/p>\n","protected":false},"excerpt":{"rendered":"<p>Urodzi\u0142 si\u0119 w 1958 roku w m. Piotrk\u00f3w By\u0142 zatrudniony w Wydziale Us\u0142ug \u017beglugowych Morskiego Portu Handlowego w Gda\u0144sku jako marynarz. W 1980 roku wst\u0105pi\u0142 do NSZZ \u201eSolidarno\u015b\u0107\u201d. W pa\u017adzierniku 1982 roku rozpocz\u0105\u0142 dzia\u0142alno\u015b\u0107 w strukturach \u201eSolidarno\u015bci Walcz\u0105cej\u201d. 3 wrze\u015bnia 1986 roku przeprowadzono rewizj\u0119 w jego mieszkaniu, w trakcie kt\u00f3rej znaleziono ulotki i wydawnictwa sygnowane [&hellip;]<\/p>\n","protected":false},"featured_media":1819,"template":"","meta":[],"_links":{"self":[{"href":"http:\/\/ludzie.fundacja-pih.pl\/index.php\/wp-json\/wp\/v2\/product\/1183"}],"collection":[{"href":"http:\/\/ludzie.fundacja-pih.pl\/index.php\/wp-json\/wp\/v2\/product"}],"about":[{"href":"http:\/\/ludzie.fundacja-pih.pl\/index.php\/wp-json\/wp\/v2\/types\/product"}],"wp:featuredmedia":[{"embeddable":true,"href":"http:\/\/ludzie.fundacja-pih.pl\/index.php\/wp-json\/wp\/v2\/media\/1819"}],"wp:attachment":[{"href":"http:\/\/ludzie.fundacja-pih.pl\/index.php\/wp-json\/wp\/v2\/media?parent=1183"}],"curies":[{"name":"wp","href":"https:\/\/api.w.org\/{rel}","templated":true}]}}

<p>Urodził się w 1958 roku w m. Piotrków</p>
<p>Był zatrudniony w Wydziale Usług Żeglugowych Morskiego Portu Handlowego w Gdańsku jako marynarz. W 1980 roku wstąpił do NSZZ „Solidarność”. W październiku 1982 roku rozpoczął działalność w strukturach „Solidarności Walczącej”. 3 września 1986 roku przeprowadzono rewizję w jego mieszkaniu, w trakcie której znaleziono ulotki i wydawnictwa sygnowane przez NSZZ „Solidarność”, wskutek czego został zatrzymany i aresztowany. 25 kwietnia 1987 roku Prokuratura Wojewódzka w Gdańsku wydała postanowienie o uchyleniu aresztu tymczasowego. Postanowieniem Sądu Najwyższego – Izby Karnej w Warszawie z 23 października 1987 roku postępowanie karne przeciwko niemu zostało umorzone. W tym samym roku Andrzej Cybulski został działaczem Polskiej Partii Niepodległościowej. W ramach tej organizacji zajmował się m.in. drukowaniem niezależnych pism, takich jak „Orlik” czy „Polonia Restituta”. W 2016  roku na podstawie postanowienia Prezydenta RP – 280/2016 – nadano mu Krzyż Wolności i Solidarności.</p>

<p>Urodził się w 1958 roku w m. Piotrków Był zatrudniony w Wydziale Usług Żeglugowych Morskiego Portu Handlowego w Gdańsku jako marynarz. W 1980 roku wstąpił do NSZZ „Solidarność”. W październiku 1982 roku rozpoczął działalność w strukturach „Solidarności Walczącej”. 3 września 1986 roku przeprowadzono rewizję w jego mieszkaniu, w trakcie której znaleziono ulotki i wydawnictwa sygnowane [&hellip;]</p>
