{"id":1194,"date":"2021-01-07T16:34:31","date_gmt":"2021-01-07T16:34:31","guid":{"rendered":"http:\/\/ludzie.fundacja-pih.pl\/?post_type=product&#038;p=1194"},"modified":"2025-05-16T14:11:45","modified_gmt":"2025-05-16T14:11:45","slug":"dunin-wlodzimierz","status":"publish","type":"product","link":"http:\/\/ludzie.fundacja-pih.pl\/index.php\/product\/dunin-wlodzimierz\/","title":{"rendered":"Dunin W\u0142odzimierz"},"content":{"rendered":"<p>Urodzi\u0142 si\u0119 w 1959 roku w m. Gdynia<\/p>\n<p>Nale\u017ca\u0142 do NSZZ \u201eSolidarno\u015b\u0107\u201d. W trakcie stanu wojennego, w okresie od lutego do marca 1982 roku, wykona\u0142 oko\u0142o osiemdziesi\u0119ciu napis\u00f3w o tre\u015bci \u201ePrecz z PZPR\u201d w \u015brodkach komunikacji miejskiej WPK w Gdyni. W zwi\u0105zku z tym 31 marca 1982 roku zosta\u0142 zatrzymany, a nast\u0119pnie osadzony w Areszcie \u015aledczym w Gda\u0144sku. Wyrokiem S\u0105du Wojew\u00f3dzkiego w Gda\u0144sku skazano go na kar\u0119 sze\u015bciu miesi\u0119cy pozbawienia wolno\u015bci. W wyniku rewizji wyroku, S\u0105d Najwy\u017cszy w Warszawie podwy\u017cszy\u0142 wyrok do dw\u00f3ch lat pozbawienia wolno\u015bci. W\u0142odzimierz Dunin zosta\u0142 zwolniony z wi\u0119zienia 20 wrze\u015bnia 1982 roku po odbyciu sze\u015bciu miesi\u0119cy kary. Po wyj\u015bciu na wolno\u015b\u0107 kontynuowa\u0142 dzia\u0142alno\u015b\u0107 konspiracyjn\u0105. Nawi\u0105za\u0142 wsp\u00f3\u0142prac\u0119 z dzia\u0142aczami \u201eSolidarno\u015bci Walcz\u0105cej\u201d i zaj\u0105\u0142 si\u0119 kolporta\u017cem ulotek, bra\u0142 udzia\u0142 w nagraniach audycji Radia \u201eSolidarno\u015bci Walcz\u0105cej\u201d oraz organizowania cz\u0119\u015bci do naprawy odbiornik\u00f3w radiowych. W 2016 roku  na podstawie postanowienia Prezydenta RP \u2013 nr 368\/2016 &#8211; nadano mu Krzy\u017c Wolno\u015bci i Solidarno\u015bci.<\/p>\n","protected":false},"excerpt":{"rendered":"<p>Urodzi\u0142 si\u0119 w 1959 roku w m. Gdynia Nale\u017ca\u0142 do NSZZ \u201eSolidarno\u015b\u0107\u201d. W trakcie stanu wojennego, w okresie od lutego do marca 1982 roku, wykona\u0142 oko\u0142o osiemdziesi\u0119ciu napis\u00f3w o tre\u015bci \u201ePrecz z PZPR\u201d w \u015brodkach komunikacji miejskiej WPK w Gdyni. W zwi\u0105zku z tym 31 marca 1982 roku zosta\u0142 zatrzymany, a nast\u0119pnie osadzony w Areszcie [&hellip;]<\/p>\n","protected":false},"featured_media":906,"template":"","meta":[],"_links":{"self":[{"href":"http:\/\/ludzie.fundacja-pih.pl\/index.php\/wp-json\/wp\/v2\/product\/1194"}],"collection":[{"href":"http:\/\/ludzie.fundacja-pih.pl\/index.php\/wp-json\/wp\/v2\/product"}],"about":[{"href":"http:\/\/ludzie.fundacja-pih.pl\/index.php\/wp-json\/wp\/v2\/types\/product"}],"wp:featuredmedia":[{"embeddable":true,"href":"http:\/\/ludzie.fundacja-pih.pl\/index.php\/wp-json\/wp\/v2\/media\/906"}],"wp:attachment":[{"href":"http:\/\/ludzie.fundacja-pih.pl\/index.php\/wp-json\/wp\/v2\/media?parent=1194"}],"curies":[{"name":"wp","href":"https:\/\/api.w.org\/{rel}","templated":true}]}}

Dunin Włodzimierz

<p>Urodził się w 1959 roku w m. Gdynia</p>
<p>Należał do NSZZ „Solidarność”. W trakcie stanu wojennego, w okresie od lutego do marca 1982 roku, wykonał około osiemdziesięciu napisów o treści „Precz z PZPR” w środkach komunikacji miejskiej WPK w Gdyni. W związku z tym 31 marca 1982 roku został zatrzymany, a następnie osadzony w Areszcie Śledczym w Gdańsku. Wyrokiem Sądu Wojewódzkiego w Gdańsku skazano go na karę sześciu miesięcy pozbawienia wolności. W wyniku rewizji wyroku, Sąd Najwyższy w Warszawie podwyższył wyrok do dwóch lat pozbawienia wolności. Włodzimierz Dunin został zwolniony z więzienia 20 września 1982 roku po odbyciu sześciu miesięcy kary. Po wyjściu na wolność kontynuował działalność konspiracyjną. Nawiązał współpracę z działaczami „Solidarności Walczącej” i zajął się kolportażem ulotek, brał udział w nagraniach audycji Radia „Solidarności Walczącej” oraz organizowania części do naprawy odbiorników radiowych. W 2016 roku  na podstawie postanowienia Prezydenta RP – nr 368/2016 &#8211; nadano mu Krzyż Wolności i Solidarności.</p>

<p>Urodził się w 1959 roku w m. Gdynia Należał do NSZZ „Solidarność”. W trakcie stanu wojennego, w okresie od lutego do marca 1982 roku, wykonał około osiemdziesięciu napisów o treści „Precz z PZPR” w środkach komunikacji miejskiej WPK w Gdyni. W związku z tym 31 marca 1982 roku został zatrzymany, a następnie osadzony w Areszcie [&hellip;]</p>
