{"id":1195,"date":"2021-01-07T16:35:37","date_gmt":"2021-01-07T16:35:37","guid":{"rendered":"http:\/\/ludzie.fundacja-pih.pl\/?post_type=product&#038;p=1195"},"modified":"2025-05-16T14:11:46","modified_gmt":"2025-05-16T14:11:46","slug":"fieldorf-czarska-maria","status":"publish","type":"product","link":"http:\/\/ludzie.fundacja-pih.pl\/index.php\/product\/fieldorf-czarska-maria\/","title":{"rendered":"Fieldorf &#8211; Czarska Maria"},"content":{"rendered":"<p>Urodzi\u0142a si\u0119 20 marca 1925 roku w Wilnie, zm. 21 listopada 2010 roku w Gda\u0144sku.<\/p>\n<p>W czasie II wojny \u015bwiatowej, na tajnych kompletach uzyska\u0142a \u015bwiadectwo dojrza\u0142o\u015bci. W 1943 roku zosta\u0142a zaprzysi\u0119\u017cona jako \u0142\u0105czniczka Armii Krajowej. Bra\u0142a udzia\u0142 w akcji \u201eOstra Brama\u201d jako sanitariuszka w szpitalu polowym w Kolonii Wile\u0144skiej. Od lipca 1945 roku w wyniku ekspatriacji wraz z matk\u0105 Janin\u0105 Fieldorf i siostr\u0105 Krystyn\u0105 Ney, zamieszka\u0142y na sta\u0142e w \u0141odzi. W 1962 roku zamieszka\u0142a w Gda\u0144sku. By\u0142a c\u00f3rk\u0105 gen. Augusta Emila Fieldorfa ps. \u201eNil\u201d, dow\u00f3dcy Kedywu AK i zast\u0119pcy dow\u00f3dcy AK. W latach 80-tych jej mieszkanie by\u0142o miejscem spotka\u0144 dzia\u0142aczy, w tym Solidarno\u015bci Walcz\u0105cej. W 2010 r. otrzyma\u0142a Z\u0142oty Krzy\u017c Zas\u0142ugi po raz drugi.<\/p>\n","protected":false},"excerpt":{"rendered":"<p>Urodzi\u0142a si\u0119 20 marca 1925 roku w Wilnie, zm. 21 listopada 2010 roku w Gda\u0144sku. W czasie II wojny \u015bwiatowej, na tajnych kompletach uzyska\u0142a \u015bwiadectwo dojrza\u0142o\u015bci. W 1943 roku zosta\u0142a zaprzysi\u0119\u017cona jako \u0142\u0105czniczka Armii Krajowej. Bra\u0142a udzia\u0142 w akcji \u201eOstra Brama\u201d jako sanitariuszka w szpitalu polowym w Kolonii Wile\u0144skiej. Od lipca 1945 roku w wyniku [&hellip;]<\/p>\n","protected":false},"featured_media":906,"template":"","meta":[],"_links":{"self":[{"href":"http:\/\/ludzie.fundacja-pih.pl\/index.php\/wp-json\/wp\/v2\/product\/1195"}],"collection":[{"href":"http:\/\/ludzie.fundacja-pih.pl\/index.php\/wp-json\/wp\/v2\/product"}],"about":[{"href":"http:\/\/ludzie.fundacja-pih.pl\/index.php\/wp-json\/wp\/v2\/types\/product"}],"wp:featuredmedia":[{"embeddable":true,"href":"http:\/\/ludzie.fundacja-pih.pl\/index.php\/wp-json\/wp\/v2\/media\/906"}],"wp:attachment":[{"href":"http:\/\/ludzie.fundacja-pih.pl\/index.php\/wp-json\/wp\/v2\/media?parent=1195"}],"curies":[{"name":"wp","href":"https:\/\/api.w.org\/{rel}","templated":true}]}}

<p>Urodziła się 20 marca 1925 roku w Wilnie, zm. 21 listopada 2010 roku w Gdańsku.</p>
<p>W czasie II wojny światowej, na tajnych kompletach uzyskała świadectwo dojrzałości. W 1943 roku została zaprzysiężona jako łączniczka Armii Krajowej. Brała udział w akcji „Ostra Brama” jako sanitariuszka w szpitalu polowym w Kolonii Wileńskiej. Od lipca 1945 roku w wyniku ekspatriacji wraz z matką Janiną Fieldorf i siostrą Krystyną Ney, zamieszkały na stałe w Łodzi. W 1962 roku zamieszkała w Gdańsku. Była córką gen. Augusta Emila Fieldorfa ps. „Nil”, dowódcy Kedywu AK i zastępcy dowódcy AK. W latach 80-tych jej mieszkanie było miejscem spotkań działaczy, w tym Solidarności Walczącej. W 2010 r. otrzymała Złoty Krzyż Zasługi po raz drugi.</p>

<p>Urodziła się 20 marca 1925 roku w Wilnie, zm. 21 listopada 2010 roku w Gdańsku. W czasie II wojny światowej, na tajnych kompletach uzyskała świadectwo dojrzałości. W 1943 roku została zaprzysiężona jako łączniczka Armii Krajowej. Brała udział w akcji „Ostra Brama” jako sanitariuszka w szpitalu polowym w Kolonii Wileńskiej. Od lipca 1945 roku w wyniku [&hellip;]</p>
