{"id":1198,"date":"2021-01-07T16:38:19","date_gmt":"2021-01-07T16:38:19","guid":{"rendered":"http:\/\/ludzie.fundacja-pih.pl\/?post_type=product&#038;p=1198"},"modified":"2025-05-16T14:11:48","modified_gmt":"2025-05-16T14:11:48","slug":"formella-barbara","status":"publish","type":"product","link":"http:\/\/ludzie.fundacja-pih.pl\/index.php\/product\/formella-barbara\/","title":{"rendered":"Formella Barbara"},"content":{"rendered":"<p>Pracownica redakcji pisma \u201eSolidarno\u015b\u0107 Walcz\u0105ca\u201d.<\/p>\n","protected":false},"excerpt":{"rendered":"<p>Pracownica redakcji pisma \u201eSolidarno\u015b\u0107 Walcz\u0105ca\u201d.<\/p>\n","protected":false},"featured_media":1199,"template":"","meta":[],"_links":{"self":[{"href":"http:\/\/ludzie.fundacja-pih.pl\/index.php\/wp-json\/wp\/v2\/product\/1198"}],"collection":[{"href":"http:\/\/ludzie.fundacja-pih.pl\/index.php\/wp-json\/wp\/v2\/product"}],"about":[{"href":"http:\/\/ludzie.fundacja-pih.pl\/index.php\/wp-json\/wp\/v2\/types\/product"}],"wp:featuredmedia":[{"embeddable":true,"href":"http:\/\/ludzie.fundacja-pih.pl\/index.php\/wp-json\/wp\/v2\/media\/1199"}],"wp:attachment":[{"href":"http:\/\/ludzie.fundacja-pih.pl\/index.php\/wp-json\/wp\/v2\/media?parent=1198"}],"curies":[{"name":"wp","href":"https:\/\/api.w.org\/{rel}","templated":true}]}}

<p>Pracownica redakcji pisma „Solidarność Walcząca”.</p>
