{"id":1202,"date":"2021-01-07T16:39:55","date_gmt":"2021-01-07T16:39:55","guid":{"rendered":"http:\/\/ludzie.fundacja-pih.pl\/?post_type=product&#038;p=1202"},"modified":"2025-05-16T14:11:49","modified_gmt":"2025-05-16T14:11:49","slug":"frankiewicz-edek","status":"publish","type":"product","link":"http:\/\/ludzie.fundacja-pih.pl\/index.php\/product\/frankiewicz-edek\/","title":{"rendered":"Frankiewicz Edward"},"content":{"rendered":"<p>Urodzi\u0142 si\u0119 22 marca 1958 roku w L\u0119borku, zm. 15 czerwca 2019 roku w Gdyni<\/p>\n<p>Z zawodu elektryk. W latach 1976 \u2013 1994 roku pracowa\u0142 w Stoczni im. Komuny Paryskiej w Gdyni (od 1991 Stocznia Gdynia SA). W dniach 15 \u2013 31 sierpnia 1980 roku uczestniczy\u0142 w strajku w SKP. Od wrze\u015bnia 1980 roku by\u0142 cz\u0142onkiem NSZZ \u201eSolidarno\u015b\u0107\u201d, a w jej ramach cz\u0142onkiem Komisji Wydzia\u0142owej K-1. W dniach 14 i 15 grudnia 1981 roku bra\u0142 udzia\u0142 strajku w SKP. W styczniu 1986 roku wsp\u00f3\u0142tw\u00f3rca (z Romanem Zwiercanem) gdy\u0144skiego oddzia\u0142u \u201eSolidarno\u015bci Walcz\u0105cej\u201d. Do roku 1989 szefowa\u0142 Grupie Zak\u0142adowej SW w SKP. By\u0142 wsp\u00f3\u0142organizatorem takich akcji jak: odcinanie zasilania pr\u0105du i wrzucanie \u015bwiec dymnych do wentylator\u00f3w podczas narad dzia\u0142aczy zak\u0142adowej PZPR; umieszczanie ulotek w wentylatorach wyci\u0105gowych, kt\u00f3re zmieniaj\u0105c faz\u0119 silnika, wdmuchiwa\u0142y ulotki do hal zak\u0142adu; malowanie antyre\u017cimowych napis\u00f3w na suwnicach; zawieszanie kuk\u0142y gen. Wojciecha Jaruzelskiego. W marcu 1986 roku zosta\u0142 wsp\u00f3\u0142za\u0142o\u017cycielem podziemnego pisma  \u201eSolidarno\u015b\u0107 Walcz\u0105ca\u201d Grupy Zak\u0142adowej SW w SKP, a tak\u017ce jego redaktorem, autorem tekst\u00f3w, drukarzem i kolporterem w SKP. Edward Frankiewicz drukowa\u0142 r\u00f3wnie\u017c czasopisma TKZ \u201eKad\u0142ub\u201d oraz \u201eSolidarno\u015b\u0107 Walcz\u0105c\u0105 \u2013 Oddzia\u0142 Tr\u00f3jmiasto\u201d i ulotki. Od roku 1988 drukarnia znajdowa\u0142a si\u0119 w jego mieszkaniu. W sierpniu 1988 roku w czasie strajk\u00f3w w Gda\u0144sku zosta\u0142 skierowany na przymusowy urlop z zagro\u017ceniem natychmiastowego zwolnienia z pracy w razie pojawienia si\u0119 w SKP. W latach 1988 \u2013 1989 pe\u0142ni\u0142 funkcj\u0119 wiceprzewodnicz\u0105cego Tymczasowej KZ \u201eS\u201d w SKP. Edward Frankiewicz by\u0142 przeciwnik porozumie\u0144 Okr\u0105g\u0142ego Sto\u0142u, wzywa\u0142 te\u017c do bojkotu wybor\u00f3w parlamentarnych w czerwcu 1989 roku. W okresie od 9 lipca 1986 roku do 23 wrze\u015bnia 1989 roku by\u0142 rozpracowywany przez Inspektorat 2 WUSW w Gda\u0144sku w ramach SOR o kryptonimie \u201eO\u015bmiornica\u201d.<\/p>\n","protected":false},"excerpt":{"rendered":"<p>Urodzi\u0142 si\u0119 22 marca 1958 roku w L\u0119borku, zm. 15 czerwca 2019 roku w Gdyni Z zawodu elektryk. W latach 1976 \u2013 1994 roku pracowa\u0142 w Stoczni im. Komuny Paryskiej w Gdyni (od 1991 Stocznia Gdynia SA). W dniach 15 \u2013 31 sierpnia 1980 roku uczestniczy\u0142 w strajku w SKP. Od wrze\u015bnia 1980 roku by\u0142 [&hellip;]<\/p>\n","protected":false},"featured_media":1203,"template":"","meta":[],"_links":{"self":[{"href":"http:\/\/ludzie.fundacja-pih.pl\/index.php\/wp-json\/wp\/v2\/product\/1202"}],"collection":[{"href":"http:\/\/ludzie.fundacja-pih.pl\/index.php\/wp-json\/wp\/v2\/product"}],"about":[{"href":"http:\/\/ludzie.fundacja-pih.pl\/index.php\/wp-json\/wp\/v2\/types\/product"}],"wp:featuredmedia":[{"embeddable":true,"href":"http:\/\/ludzie.fundacja-pih.pl\/index.php\/wp-json\/wp\/v2\/media\/1203"}],"wp:attachment":[{"href":"http:\/\/ludzie.fundacja-pih.pl\/index.php\/wp-json\/wp\/v2\/media?parent=1202"}],"curies":[{"name":"wp","href":"https:\/\/api.w.org\/{rel}","templated":true}]}}