{"id":1204,"date":"2021-01-07T16:40:35","date_gmt":"2021-01-07T16:40:35","guid":{"rendered":"http:\/\/ludzie.fundacja-pih.pl\/?post_type=product&#038;p=1204"},"modified":"2025-05-16T14:11:50","modified_gmt":"2025-05-16T14:11:50","slug":"gadomska-jola","status":"publish","type":"product","link":"http:\/\/ludzie.fundacja-pih.pl\/index.php\/product\/gadomska-jola\/","title":{"rendered":"Gadomska Jolanta"},"content":{"rendered":"<p>Urodzi\u0142a si\u0119 10 listopada 1963 r. w Szczytnie.<\/p>\n<p>Polonistka. C\u00f3rka Tadeusza i Anny. Sympatyk oraz wsp\u00f3\u0142pracowniczka Solidarno\u015bci Walcz\u0105cej.<br \/>\nBy\u0142a zaanga\u017cowana w opozycj\u0119 antykomunistyczn\u0105 pocz\u0105wszy od roku 1983 r. W\u0142\u0105czy\u0142a si\u0119 w r\u00f3\u017cnorodne dzia\u0142ania konspiracyjne na terenie Uniwersytetu Gda\u0144skiego, takie jak kolporta\u017c (tak\u017ce transport wydawnictw z Krakowa i Warszawy), druk, przekazywanie informacji, udzia\u0142 w spotkaniach samokszta\u0142ceniowych, udost\u0119pnianie mieszkania na druk i sk\u0142ad ksi\u0105\u017cek. Bra\u0142a te\u017c udzia\u0142 w r\u00f3\u017cnych wydarzeniach publicznych, jak np. manifestacja pod S\u0105dem Marynarki Wojennej w 1987 w trakcie procesu Marka Czachora o odmow\u0119 s\u0142u\u017cby wojskowej, gdzie zosta\u0142a zatrzymana. Z Solidarno\u015bci\u0105 Walcz\u0105c\u0105 wsp\u00f3\u0142pracowa\u0142a intensywnie w ramach akcji \u201e\u017bo\u0142nierz Solidarny\u201d. W jej mieszkaniu zosta\u0142o zaadresowane r\u0119cznie, z dba\u0142o\u015bci\u0105 o niepozostawienie \u015blad\u00f3w, przez ni\u0105 i dwie inne osoby kilka tysi\u0119cy kopert z numerami tego pisma, co trwa\u0142o kilka miesi\u0119cy. Z Solidarno\u015bci\u0105 Walcz\u0105c\u0105 zacz\u0119\u0142a wsp\u00f3\u0142pracowa\u0107 dzi\u0119ki znajomo\u015bci z Markiem i Magdalen\u0105 Czachor.<\/p>\n","protected":false},"excerpt":{"rendered":"<p>Urodzi\u0142a si\u0119 10 listopada 1963 r. w Szczytnie. Polonistka. C\u00f3rka Tadeusza i Anny. Sympatyk oraz wsp\u00f3\u0142pracowniczka Solidarno\u015bci Walcz\u0105cej. By\u0142a zaanga\u017cowana w opozycj\u0119 antykomunistyczn\u0105 pocz\u0105wszy od roku 1983 r. W\u0142\u0105czy\u0142a si\u0119 w r\u00f3\u017cnorodne dzia\u0142ania konspiracyjne na terenie Uniwersytetu Gda\u0144skiego, takie jak kolporta\u017c (tak\u017ce transport wydawnictw z Krakowa i Warszawy), druk, przekazywanie informacji, udzia\u0142 w spotkaniach samokszta\u0142ceniowych, [&hellip;]<\/p>\n","protected":false},"featured_media":906,"template":"","meta":[],"_links":{"self":[{"href":"http:\/\/ludzie.fundacja-pih.pl\/index.php\/wp-json\/wp\/v2\/product\/1204"}],"collection":[{"href":"http:\/\/ludzie.fundacja-pih.pl\/index.php\/wp-json\/wp\/v2\/product"}],"about":[{"href":"http:\/\/ludzie.fundacja-pih.pl\/index.php\/wp-json\/wp\/v2\/types\/product"}],"wp:featuredmedia":[{"embeddable":true,"href":"http:\/\/ludzie.fundacja-pih.pl\/index.php\/wp-json\/wp\/v2\/media\/906"}],"wp:attachment":[{"href":"http:\/\/ludzie.fundacja-pih.pl\/index.php\/wp-json\/wp\/v2\/media?parent=1204"}],"curies":[{"name":"wp","href":"https:\/\/api.w.org\/{rel}","templated":true}]}}

<p>Urodziła się 10 listopada 1963 r. w Szczytnie.</p>
<p>Polonistka. Córka Tadeusza i Anny. Sympatyk oraz współpracowniczka Solidarności Walczącej.<br />
Była zaangażowana w opozycję antykomunistyczną począwszy od roku 1983 r. Włączyła się w różnorodne działania konspiracyjne na terenie Uniwersytetu Gdańskiego, takie jak kolportaż (także transport wydawnictw z Krakowa i Warszawy), druk, przekazywanie informacji, udział w spotkaniach samokształceniowych, udostępnianie mieszkania na druk i skład książek. Brała też udział w różnych wydarzeniach publicznych, jak np. manifestacja pod Sądem Marynarki Wojennej w 1987 w trakcie procesu Marka Czachora o odmowę służby wojskowej, gdzie została zatrzymana. Z Solidarnością Walczącą współpracowała intensywnie w ramach akcji „Żołnierz Solidarny”. W jej mieszkaniu zostało zaadresowane ręcznie, z dbałością o niepozostawienie śladów, przez nią i dwie inne osoby kilka tysięcy kopert z numerami tego pisma, co trwało kilka miesięcy. Z Solidarnością Walczącą zaczęła współpracować dzięki znajomości z Markiem i Magdaleną Czachor.</p>

<p>Urodziła się 10 listopada 1963 r. w Szczytnie. Polonistka. Córka Tadeusza i Anny. Sympatyk oraz współpracowniczka Solidarności Walczącej. Była zaangażowana w opozycję antykomunistyczną począwszy od roku 1983 r. Włączyła się w różnorodne działania konspiracyjne na terenie Uniwersytetu Gdańskiego, takie jak kolportaż (także transport wydawnictw z Krakowa i Warszawy), druk, przekazywanie informacji, udział w spotkaniach samokształceniowych, [&hellip;]</p>
