{"id":1208,"date":"2021-01-07T16:45:28","date_gmt":"2021-01-07T16:45:28","guid":{"rendered":"http:\/\/ludzie.fundacja-pih.pl\/?post_type=product&#038;p=1208"},"modified":"2025-05-16T14:11:53","modified_gmt":"2025-05-16T14:11:53","slug":"godziuk-cezary","status":"publish","type":"product","link":"http:\/\/ludzie.fundacja-pih.pl\/index.php\/product\/godziuk-cezary\/","title":{"rendered":"Godziuk Cezary"},"content":{"rendered":"<p>Urodzi\u0142 si\u0119 4 wrze\u015bnia 1962 roku w Gdyni.<\/p>\n<p>Jako licealista wsp\u00f3\u0142pracowa\u0142 z tr\u00f3jmiejska opozycj\u0105. 3 lutego 1982 roku, b\u0119d\u0105c studentem I roku fizyki na Uniwersytecie Gda\u0144skim, zosta\u0142 skazany w procesie Ewy Kubasiewicz i innych, na kar\u0119 6. lat  pozbawienia wolno\u015bci. By\u0142 to najwy\u017cszy wyrok, na jaki skazano w stanie wojennym studenta. W wi\u0119zieniu przebywa\u0142 od grudnia 1981 roku do lutego 1983 roku. W latach osiemdziesi\u0105tych by\u0142 aktywnie zaanga\u017cowany w organizacj\u0119 podziemnej poligrafii w Tr\u00f3jmie\u015bcie. Dzia\u0142a\u0142 w Niezale\u017cnym Zrzeszeniu Student\u00f3w, zar\u00f3wno w okresie jego legalnego, jak i podziemnego istnienia. Organizowa\u0142 niezale\u017cn\u0105 o\u015bwiat\u0119. Wsp\u00f3\u0142zak\u0142ada\u0142 m\u0142odzie\u017cow\u0105 grup\u0119 tr\u00f3jmiejskiej \u201eSolidarno\u015bci Walcz\u0105cej\u201d (\u201eWolni i Solidarni\u201d). By\u0142 rozpracowywany przez Inspektorat II SB w Gda\u0144sku w ramach SOR o kryptonimie \u201eO\u015bmiornica\u201d.<\/p>\n","protected":false},"excerpt":{"rendered":"<p>Urodzi\u0142 si\u0119 4 wrze\u015bnia 1962 roku w Gdyni. Jako licealista wsp\u00f3\u0142pracowa\u0142 z tr\u00f3jmiejska opozycj\u0105. 3 lutego 1982 roku, b\u0119d\u0105c studentem I roku fizyki na Uniwersytecie Gda\u0144skim, zosta\u0142 skazany w procesie Ewy Kubasiewicz i innych, na kar\u0119 6. lat pozbawienia wolno\u015bci. By\u0142 to najwy\u017cszy wyrok, na jaki skazano w stanie wojennym studenta. W wi\u0119zieniu przebywa\u0142 od [&hellip;]<\/p>\n","protected":false},"featured_media":1209,"template":"","meta":[],"_links":{"self":[{"href":"http:\/\/ludzie.fundacja-pih.pl\/index.php\/wp-json\/wp\/v2\/product\/1208"}],"collection":[{"href":"http:\/\/ludzie.fundacja-pih.pl\/index.php\/wp-json\/wp\/v2\/product"}],"about":[{"href":"http:\/\/ludzie.fundacja-pih.pl\/index.php\/wp-json\/wp\/v2\/types\/product"}],"wp:featuredmedia":[{"embeddable":true,"href":"http:\/\/ludzie.fundacja-pih.pl\/index.php\/wp-json\/wp\/v2\/media\/1209"}],"wp:attachment":[{"href":"http:\/\/ludzie.fundacja-pih.pl\/index.php\/wp-json\/wp\/v2\/media?parent=1208"}],"curies":[{"name":"wp","href":"https:\/\/api.w.org\/{rel}","templated":true}]}}

<p>Urodził się 4 września 1962 roku w Gdyni.</p>
<p>Jako licealista współpracował z trójmiejska opozycją. 3 lutego 1982 roku, będąc studentem I roku fizyki na Uniwersytecie Gdańskim, został skazany w procesie Ewy Kubasiewicz i innych, na karę 6. lat  pozbawienia wolności. Był to najwyższy wyrok, na jaki skazano w stanie wojennym studenta. W więzieniu przebywał od grudnia 1981 roku do lutego 1983 roku. W latach osiemdziesiątych był aktywnie zaangażowany w organizację podziemnej poligrafii w Trójmieście. Działał w Niezależnym Zrzeszeniu Studentów, zarówno w okresie jego legalnego, jak i podziemnego istnienia. Organizował niezależną oświatę. Współzakładał młodzieżową grupę trójmiejskiej „Solidarności Walczącej” („Wolni i Solidarni”). Był rozpracowywany przez Inspektorat II SB w Gdańsku w ramach SOR o kryptonimie „Ośmiornica”.</p>

<p>Urodził się 4 września 1962 roku w Gdyni. Jako licealista współpracował z trójmiejska opozycją. 3 lutego 1982 roku, będąc studentem I roku fizyki na Uniwersytecie Gdańskim, został skazany w procesie Ewy Kubasiewicz i innych, na karę 6. lat pozbawienia wolności. Był to najwyższy wyrok, na jaki skazano w stanie wojennym studenta. W więzieniu przebywał od [&hellip;]</p>
