{"id":1229,"date":"2021-01-07T16:57:29","date_gmt":"2021-01-07T16:57:29","guid":{"rendered":"http:\/\/ludzie.fundacja-pih.pl\/?post_type=product&#038;p=1229"},"modified":"2025-05-16T14:12:02","modified_gmt":"2025-05-16T14:12:02","slug":"kalisz-ewa","status":"publish","type":"product","link":"http:\/\/ludzie.fundacja-pih.pl\/index.php\/product\/kalisz-ewa\/","title":{"rendered":"Kalisz Ewa"},"content":{"rendered":"<p>Urodzi\u0142a si\u0119 w 1950 roku w m. Gdynia.<\/p>\n<p>Nauczyciel akademicki na Uniwersytecie Gda\u0144skim. W latach 1985-1989 dzia\u0142a\u0142a w tajnych strukturach zwi\u0105zkowych w Tr\u00f3jmie\u015bcie jako \u0142\u0105czniczka podziemnych struktur \u201eSolidarno\u015bci Walcz\u0105cej\u201d. Wsp\u00f3\u0142pracowa\u0142a i wchodzi\u0142a w sk\u0142ad redakcji czasopisma \u201eSolidarno\u015b\u0107 Walcz\u0105ca Grupy Stoczni im. Komuny Paryskiej w Gdyni\u201d, pracowa\u0142a tak\u017ce przy redakcji biuletynu \u201ePoza Uk\u0142adem\u201d wydawanego przez Joann\u0119 Dud\u0119-Gwiazd\u0119. W 2016 roku na podstawie postanowienia Prezydenta RP \u2013 nr 515\/2016 &#8211;  nadano jej Krzy\u017c Wolno\u015bci i Solidarno\u015bci.<\/p>\n","protected":false},"excerpt":{"rendered":"<p>Urodzi\u0142a si\u0119 w 1950 roku w m. Gdynia. Nauczyciel akademicki na Uniwersytecie Gda\u0144skim. W latach 1985-1989 dzia\u0142a\u0142a w tajnych strukturach zwi\u0105zkowych w Tr\u00f3jmie\u015bcie jako \u0142\u0105czniczka podziemnych struktur \u201eSolidarno\u015bci Walcz\u0105cej\u201d. Wsp\u00f3\u0142pracowa\u0142a i wchodzi\u0142a w sk\u0142ad redakcji czasopisma \u201eSolidarno\u015b\u0107 Walcz\u0105ca Grupy Stoczni im. Komuny Paryskiej w Gdyni\u201d, pracowa\u0142a tak\u017ce przy redakcji biuletynu \u201ePoza Uk\u0142adem\u201d wydawanego przez Joann\u0119 [&hellip;]<\/p>\n","protected":false},"featured_media":1749,"template":"","meta":[],"_links":{"self":[{"href":"http:\/\/ludzie.fundacja-pih.pl\/index.php\/wp-json\/wp\/v2\/product\/1229"}],"collection":[{"href":"http:\/\/ludzie.fundacja-pih.pl\/index.php\/wp-json\/wp\/v2\/product"}],"about":[{"href":"http:\/\/ludzie.fundacja-pih.pl\/index.php\/wp-json\/wp\/v2\/types\/product"}],"wp:featuredmedia":[{"embeddable":true,"href":"http:\/\/ludzie.fundacja-pih.pl\/index.php\/wp-json\/wp\/v2\/media\/1749"}],"wp:attachment":[{"href":"http:\/\/ludzie.fundacja-pih.pl\/index.php\/wp-json\/wp\/v2\/media?parent=1229"}],"curies":[{"name":"wp","href":"https:\/\/api.w.org\/{rel}","templated":true}]}}

<p>Urodziła się w 1950 roku w m. Gdynia.</p>
<p>Nauczyciel akademicki na Uniwersytecie Gdańskim. W latach 1985-1989 działała w tajnych strukturach związkowych w Trójmieście jako łączniczka podziemnych struktur „Solidarności Walczącej”. Współpracowała i wchodziła w skład redakcji czasopisma „Solidarność Walcząca Grupy Stoczni im. Komuny Paryskiej w Gdyni”, pracowała także przy redakcji biuletynu „Poza Układem” wydawanego przez Joannę Dudę-Gwiazdę. W 2016 roku na podstawie postanowienia Prezydenta RP – nr 515/2016 &#8211;  nadano jej Krzyż Wolności i Solidarności.</p>

<p>Urodziła się w 1950 roku w m. Gdynia. Nauczyciel akademicki na Uniwersytecie Gdańskim. W latach 1985-1989 działała w tajnych strukturach związkowych w Trójmieście jako łączniczka podziemnych struktur „Solidarności Walczącej”. Współpracowała i wchodziła w skład redakcji czasopisma „Solidarność Walcząca Grupy Stoczni im. Komuny Paryskiej w Gdyni”, pracowała także przy redakcji biuletynu „Poza Układem” wydawanego przez Joannę [&hellip;]</p>
