{"id":1249,"date":"2021-01-07T17:09:27","date_gmt":"2021-01-07T17:09:27","guid":{"rendered":"http:\/\/ludzie.fundacja-pih.pl\/?post_type=product&#038;p=1249"},"modified":"2025-05-16T14:12:10","modified_gmt":"2025-05-16T14:12:10","slug":"korsak-mirek","status":"publish","type":"product","link":"http:\/\/ludzie.fundacja-pih.pl\/index.php\/product\/korsak-mirek\/","title":{"rendered":"Korsak Miros\u0142aw"},"content":{"rendered":"<p>Urodzi\u0142 si\u0119 w 1958 r. w Gdyni.<\/p>\n<p>W 1980 roku uczestniczy\u0142 czynnie w strajku w Stoczni im. Komuny Paryskiej w Gdyni. W styczniu 1985 roku przy\u0142\u0105czy\u0142 si\u0119 do tr\u00f3jmiejskiego oddzia\u0142u \u201eSolidarno\u015bci Walcz\u0105cej\u201d i jednocze\u015bnie wszed\u0142 w sk\u0142ad Grupy Solidarno\u015bci Walcz\u0105cej w Stoczni im. Komuny Paryskiej w Gdyni. W ramach dzia\u0142alno\u015bci w SW kolportowa\u0142 wydawnictwa podziemne w tym m.in. \u201eSolidarno\u015b\u0107 Walcz\u0105ca Oddzia\u0142 Tr\u00f3jmiasto\u201d, \u201ePoza Uk\u0142adem\u201d, \u201eGryps\u201d, \u201eCzas\u201d, \u201eSW Stoczni Gda\u0144skiej\u201d, karty okoliczno\u015bciowe, kalendarze i ksi\u0105\u017cki. Wsp\u00f3\u0142organizowa\u0142 i osobi\u015bcie bra\u0142 udzia\u0142 w akcjach malowania antyre\u017cimowych napis\u00f3w na suwnicach w Stoczni. Uczestniczy\u0142 w organizowaniu kontrmanifestacji pierwszomajowych i manifestacji trzeciomajowych oraz niezale\u017cnych obchod\u00f3w i manifestacji patriotycznych. Bra\u0142 tak\u017ce udzia\u0142 w akcjach maj\u0105cych na celu  rozp\u0119dzanie zebra\u0144 aktywu partyjnego stoczni przy pomocy \u015bwiec dymnych i blokowania drzwi. Miros\u0142aw Korsak dzia\u0142a\u0142 te\u017c w podziemnych strukturach NSZZ \u201eSolidarno\u015b\u0107\u201d, gdzie pe\u0142ni\u0142 funkcj\u0119 cz\u0142onka Komitetu Zak\u0142adowego NSZZ \u201eSolidarno\u015b\u0107\u201d.<\/p>\n","protected":false},"excerpt":{"rendered":"<p>Urodzi\u0142 si\u0119 w 1958 r. w Gdyni. W 1980 roku uczestniczy\u0142 czynnie w strajku w Stoczni im. Komuny Paryskiej w Gdyni. W styczniu 1985 roku przy\u0142\u0105czy\u0142 si\u0119 do tr\u00f3jmiejskiego oddzia\u0142u \u201eSolidarno\u015bci Walcz\u0105cej\u201d i jednocze\u015bnie wszed\u0142 w sk\u0142ad Grupy Solidarno\u015bci Walcz\u0105cej w Stoczni im. Komuny Paryskiej w Gdyni. W ramach dzia\u0142alno\u015bci w SW kolportowa\u0142 wydawnictwa podziemne [&hellip;]<\/p>\n","protected":false},"featured_media":1250,"template":"","meta":[],"_links":{"self":[{"href":"http:\/\/ludzie.fundacja-pih.pl\/index.php\/wp-json\/wp\/v2\/product\/1249"}],"collection":[{"href":"http:\/\/ludzie.fundacja-pih.pl\/index.php\/wp-json\/wp\/v2\/product"}],"about":[{"href":"http:\/\/ludzie.fundacja-pih.pl\/index.php\/wp-json\/wp\/v2\/types\/product"}],"wp:featuredmedia":[{"embeddable":true,"href":"http:\/\/ludzie.fundacja-pih.pl\/index.php\/wp-json\/wp\/v2\/media\/1250"}],"wp:attachment":[{"href":"http:\/\/ludzie.fundacja-pih.pl\/index.php\/wp-json\/wp\/v2\/media?parent=1249"}],"curies":[{"name":"wp","href":"https:\/\/api.w.org\/{rel}","templated":true}]}}

Korsak Mirosław

<p>Urodził się w 1958 r. w Gdyni.</p>
<p>W 1980 roku uczestniczył czynnie w strajku w Stoczni im. Komuny Paryskiej w Gdyni. W styczniu 1985 roku przyłączył się do trójmiejskiego oddziału „Solidarności Walczącej” i jednocześnie wszedł w skład Grupy Solidarności Walczącej w Stoczni im. Komuny Paryskiej w Gdyni. W ramach działalności w SW kolportował wydawnictwa podziemne w tym m.in. „Solidarność Walcząca Oddział Trójmiasto”, „Poza Układem”, „Gryps”, „Czas”, „SW Stoczni Gdańskiej”, karty okolicznościowe, kalendarze i książki. Współorganizował i osobiście brał udział w akcjach malowania antyreżimowych napisów na suwnicach w Stoczni. Uczestniczył w organizowaniu kontrmanifestacji pierwszomajowych i manifestacji trzeciomajowych oraz niezależnych obchodów i manifestacji patriotycznych. Brał także udział w akcjach mających na celu  rozpędzanie zebrań aktywu partyjnego stoczni przy pomocy świec dymnych i blokowania drzwi. Mirosław Korsak działał też w podziemnych strukturach NSZZ „Solidarność”, gdzie pełnił funkcję członka Komitetu Zakładowego NSZZ „Solidarność”.</p>

<p>Urodził się w 1958 r. w Gdyni. W 1980 roku uczestniczył czynnie w strajku w Stoczni im. Komuny Paryskiej w Gdyni. W styczniu 1985 roku przyłączył się do trójmiejskiego oddziału „Solidarności Walczącej” i jednocześnie wszedł w skład Grupy Solidarności Walczącej w Stoczni im. Komuny Paryskiej w Gdyni. W ramach działalności w SW kolportował wydawnictwa podziemne [&hellip;]</p>
