{"id":1256,"date":"2021-01-07T17:14:02","date_gmt":"2021-01-07T17:14:02","guid":{"rendered":"http:\/\/ludzie.fundacja-pih.pl\/?post_type=product&#038;p=1256"},"modified":"2025-05-16T14:12:14","modified_gmt":"2025-05-16T14:12:14","slug":"kowalski-stanislaw","status":"publish","type":"product","link":"http:\/\/ludzie.fundacja-pih.pl\/index.php\/product\/kowalski-stanislaw\/","title":{"rendered":"Kowalski Stanis\u0142aw"},"content":{"rendered":"<p>Urodzi\u0142 si\u0119 w 1938 roku w Chojnicach, zm. w styczniu 1987 roku w Gda\u0144sku.<\/p>\n<p>Naukowiec. W latch 1961 \u2013 1982 by\u0142 zatrudniony jako pracownik naukowy na Politechnice Gda\u0144skiej na Wydzia\u0142ach \u0141\u0105czno\u015bci i Elektroniki. We wrze\u015bniu 1980 roku wst\u0105pi\u0142 do NSZZ \u201eSolidarno\u015b\u0107\u201d, gdzie obj\u0105\u0142 stanowisko wiceprzewodnicz\u0105cego Komitetu Za\u0142o\u017cycielskiego \u201eSolidarno\u015bci\u201d na Politechnice Gda\u0144skiej. Od lutego 1981 roku by\u0142 zaanga\u017cowany w redkacj\u0119 i kolporta\u017c \u201eSerwisu Informacyjnego Solidarno\u015bci Politechniki Gda\u0144skiej\u201d, kt\u00f3ry za\u0142o\u017cy\u0142 razem z Andrzejem Szczepa\u0144skim. Po wprowadzeniu stanu wojennego kontynuowa\u0142 wydawanie czasopisma, opisuj\u0105c aktualn\u0105 sytuacj\u0119 w kraju. Z tego powodu 20 grudnia 1981 roku zosta\u0142 aresztowany i osadzony w Areszcie \u015aledczym w Gda\u0144sku. 15 stycznia 1982 roku S\u0105d Marynarki Wojennej w Gdyni skaza\u0142 Stanis\u0142awa Andrzeja Kowalskiego na kar\u0119 jednego roku i 6 miesi\u0119cy pozbawienia wolno\u015bci. Kar\u0119 odbywa\u0142 w Zak\u0142adzie Karnym w Potulicach. 23 grudnia 1982 roku zosta\u0142 zwolniony z wi\u0119zienia. W 1983 roku przywr\u00f3cono go do pracy na Politechnice Gda\u0144skiej, gdzie nadal zajmowa\u0142 si\u0119 redagowaniem i kolporta\u017cem wydawnictw bezdebitowych (m.in. pismo \u201ePoza Uk\u0142adem\u201d, \u201eBiuletyn Solidarno\u015bci Walcz\u0105cej Oddzia\u0142 Tr\u00f3jmiasto\u201d, \u201eBdziamaka\u201d). Po aresztowaniu Andrzeja Gwiazdy, 16 grudnia 1984 roku, Stanis\u0142aw Andrzej Kowalski by\u0142 inicjatorem codziennych modlitw w intencji uwolnienia wi\u0119\u017ani\u00f3w politycznych w Bazylice Mariackiej w Gda\u0144sku. 20 lutego 1985 roku zosta\u0142 ponownie aresztowany pod zarzutem \u201epr\u00f3b wywo\u0142ywania niepokoju publicznego oraz posiadania bez zezwolenia dw\u00f3ch radiotelefon\u00f3w\u201d i osadzony w Areszcie \u015aledczym w Gda\u0144sku. Pomimo uniewinnienia wyrokiem S\u0105du Rejonowego w Gda\u0144sku z  11 lipca 1985 roku, w wyniku rewizji prokuratorskiej zosta\u0142 w dn. 6 marca 1986 roku skazany w II instancji na kar\u0119 jednego roku wi\u0119zienia w zawieszeniu na 3 lata. Nast\u0119pnie na podstawie Ustawy Rady Pa\u0144stwa PRL o amnestii z 17 lipca 1986 roku zosta\u0142 zwolniony z odbywania reszty kary. W 2015 roku na podstawie postanowienia Prezydenta RP \u2013 nr 538\/2015 \u2013  nadano mu po\u015bmiertnie Krzy\u017c Wolno\u015bci i Solidarno\u015bci. <\/p>\n","protected":false},"excerpt":{"rendered":"<p>Urodzi\u0142 si\u0119 w 1938 roku w Chojnicach, zm. w styczniu 1987 roku w Gda\u0144sku. Naukowiec. W latch 1961 \u2013 1982 by\u0142 zatrudniony jako pracownik naukowy na Politechnice Gda\u0144skiej na Wydzia\u0142ach \u0141\u0105czno\u015bci i Elektroniki. We wrze\u015bniu 1980 roku wst\u0105pi\u0142 do NSZZ \u201eSolidarno\u015b\u0107\u201d, gdzie obj\u0105\u0142 stanowisko wiceprzewodnicz\u0105cego Komitetu Za\u0142o\u017cycielskiego \u201eSolidarno\u015bci\u201d na Politechnice Gda\u0144skiej. Od lutego 1981 roku [&hellip;]<\/p>\n","protected":false},"featured_media":1257,"template":"","meta":[],"_links":{"self":[{"href":"http:\/\/ludzie.fundacja-pih.pl\/index.php\/wp-json\/wp\/v2\/product\/1256"}],"collection":[{"href":"http:\/\/ludzie.fundacja-pih.pl\/index.php\/wp-json\/wp\/v2\/product"}],"about":[{"href":"http:\/\/ludzie.fundacja-pih.pl\/index.php\/wp-json\/wp\/v2\/types\/product"}],"wp:featuredmedia":[{"embeddable":true,"href":"http:\/\/ludzie.fundacja-pih.pl\/index.php\/wp-json\/wp\/v2\/media\/1257"}],"wp:attachment":[{"href":"http:\/\/ludzie.fundacja-pih.pl\/index.php\/wp-json\/wp\/v2\/media?parent=1256"}],"curies":[{"name":"wp","href":"https:\/\/api.w.org\/{rel}","templated":true}]}}

Kowalski Stanisław

<p>Urodził się w 1938 roku w Chojnicach, zm. w styczniu 1987 roku w Gdańsku.</p>
<p>Naukowiec. W latch 1961 – 1982 był zatrudniony jako pracownik naukowy na Politechnice Gdańskiej na Wydziałach Łączności i Elektroniki. We wrześniu 1980 roku wstąpił do NSZZ „Solidarność”, gdzie objął stanowisko wiceprzewodniczącego Komitetu Założycielskiego „Solidarności” na Politechnice Gdańskiej. Od lutego 1981 roku był zaangażowany w redkację i kolportaż „Serwisu Informacyjnego Solidarności Politechniki Gdańskiej”, który założył razem z Andrzejem Szczepańskim. Po wprowadzeniu stanu wojennego kontynuował wydawanie czasopisma, opisując aktualną sytuację w kraju. Z tego powodu 20 grudnia 1981 roku został aresztowany i osadzony w Areszcie Śledczym w Gdańsku. 15 stycznia 1982 roku Sąd Marynarki Wojennej w Gdyni skazał Stanisława Andrzeja Kowalskiego na karę jednego roku i 6 miesięcy pozbawienia wolności. Karę odbywał w Zakładzie Karnym w Potulicach. 23 grudnia 1982 roku został zwolniony z więzienia. W 1983 roku przywrócono go do pracy na Politechnice Gdańskiej, gdzie nadal zajmował się redagowaniem i kolportażem wydawnictw bezdebitowych (m.in. pismo „Poza Układem”, „Biuletyn Solidarności Walczącej Oddział Trójmiasto”, „Bdziamaka”). Po aresztowaniu Andrzeja Gwiazdy, 16 grudnia 1984 roku, Stanisław Andrzej Kowalski był inicjatorem codziennych modlitw w intencji uwolnienia więźniów politycznych w Bazylice Mariackiej w Gdańsku. 20 lutego 1985 roku został ponownie aresztowany pod zarzutem „prób wywoływania niepokoju publicznego oraz posiadania bez zezwolenia dwóch radiotelefonów” i osadzony w Areszcie Śledczym w Gdańsku. Pomimo uniewinnienia wyrokiem Sądu Rejonowego w Gdańsku z  11 lipca 1985 roku, w wyniku rewizji prokuratorskiej został w dn. 6 marca 1986 roku skazany w II instancji na karę jednego roku więzienia w zawieszeniu na 3 lata. Następnie na podstawie Ustawy Rady Państwa PRL o amnestii z 17 lipca 1986 roku został zwolniony z odbywania reszty kary. W 2015 roku na podstawie postanowienia Prezydenta RP – nr 538/2015 –  nadano mu pośmiertnie Krzyż Wolności i Solidarności. </p>

<p>Urodził się w 1938 roku w Chojnicach, zm. w styczniu 1987 roku w Gdańsku. Naukowiec. W latch 1961 – 1982 był zatrudniony jako pracownik naukowy na Politechnice Gdańskiej na Wydziałach Łączności i Elektroniki. We wrześniu 1980 roku wstąpił do NSZZ „Solidarność”, gdzie objął stanowisko wiceprzewodniczącego Komitetu Założycielskiego „Solidarności” na Politechnice Gdańskiej. Od lutego 1981 roku [&hellip;]</p>
