{"id":1262,"date":"2021-01-07T17:15:53","date_gmt":"2021-01-07T17:15:53","guid":{"rendered":"http:\/\/ludzie.fundacja-pih.pl\/?post_type=product&#038;p=1262"},"modified":"2025-05-16T14:12:16","modified_gmt":"2025-05-16T14:12:16","slug":"kuna-maciej","status":"publish","type":"product","link":"http:\/\/ludzie.fundacja-pih.pl\/index.php\/product\/kuna-maciej\/","title":{"rendered":"Kuna Maciej"},"content":{"rendered":"<p>Urodzi\u0142 si\u0119 15 sierpnia 1962 roku w Ko\u0142obrzegu.<\/p>\n<p>Jesieni\u0105 1981 roku uczestniczy\u0142 w strajkach studenckich na Uniwersytecie Gda\u0144skim. Po wprowadzeniu stanu wojennego wzi\u0105\u0142 udzia\u0142 w strajku na UG i w Stoczni Gda\u0144skiej. W 1985 roku zosta\u0142 wsp\u00f3\u0142pracownikiem tr\u00f3jmiejskiego oddzia\u0142u \u201eSolidarno\u015bci Walcz\u0105cej\u201d. Wiosn\u0105 1989 roku zosta\u0142 jej zaprzysi\u0119\u017conym cz\u0142onkiem. Kolportowa\u0142 pras\u0119 podziemn\u0105. W 1985 roku zorganizowa\u0142 protestu na Uniwersytecie Gda\u0144skim. Latem 1988 roku, w czasie strajk\u00f3w, wsp\u00f3\u0142pracowa\u0142 z radiem \u201eSolidarno\u015bci Walcz\u0105cej\u201d w Gda\u0144sku. W latach 1988 \u2013 1989 zosta\u0142 jednym g\u0142\u00f3wnych tw\u00f3rc\u00f3w pisma \u201e\u017bo\u0142nierz Solidarny\u201d i zwi\u0105zanej z nim akcji dywersji ideologicznej wymierzonej w Ludowe Wojsko Polskie, przeprowadzonej przez SW i LDP \u201eNiepodleg\u0142o\u015b\u0107\u201d.<\/p>\n","protected":false},"excerpt":{"rendered":"<p>Urodzi\u0142 si\u0119 15 sierpnia 1962 roku w Ko\u0142obrzegu. Jesieni\u0105 1981 roku uczestniczy\u0142 w strajkach studenckich na Uniwersytecie Gda\u0144skim. Po wprowadzeniu stanu wojennego wzi\u0105\u0142 udzia\u0142 w strajku na UG i w Stoczni Gda\u0144skiej. W 1985 roku zosta\u0142 wsp\u00f3\u0142pracownikiem tr\u00f3jmiejskiego oddzia\u0142u \u201eSolidarno\u015bci Walcz\u0105cej\u201d. Wiosn\u0105 1989 roku zosta\u0142 jej zaprzysi\u0119\u017conym cz\u0142onkiem. Kolportowa\u0142 pras\u0119 podziemn\u0105. W 1985 roku zorganizowa\u0142 [&hellip;]<\/p>\n","protected":false},"featured_media":1263,"template":"","meta":[],"_links":{"self":[{"href":"http:\/\/ludzie.fundacja-pih.pl\/index.php\/wp-json\/wp\/v2\/product\/1262"}],"collection":[{"href":"http:\/\/ludzie.fundacja-pih.pl\/index.php\/wp-json\/wp\/v2\/product"}],"about":[{"href":"http:\/\/ludzie.fundacja-pih.pl\/index.php\/wp-json\/wp\/v2\/types\/product"}],"wp:featuredmedia":[{"embeddable":true,"href":"http:\/\/ludzie.fundacja-pih.pl\/index.php\/wp-json\/wp\/v2\/media\/1263"}],"wp:attachment":[{"href":"http:\/\/ludzie.fundacja-pih.pl\/index.php\/wp-json\/wp\/v2\/media?parent=1262"}],"curies":[{"name":"wp","href":"https:\/\/api.w.org\/{rel}","templated":true}]}}

<p>Urodził się 15 sierpnia 1962 roku w Kołobrzegu.</p>
<p>Jesienią 1981 roku uczestniczył w strajkach studenckich na Uniwersytecie Gdańskim. Po wprowadzeniu stanu wojennego wziął udział w strajku na UG i w Stoczni Gdańskiej. W 1985 roku został współpracownikiem trójmiejskiego oddziału „Solidarności Walczącej”. Wiosną 1989 roku został jej zaprzysiężonym członkiem. Kolportował prasę podziemną. W 1985 roku zorganizował protestu na Uniwersytecie Gdańskim. Latem 1988 roku, w czasie strajków, współpracował z radiem „Solidarności Walczącej” w Gdańsku. W latach 1988 – 1989 został jednym głównych twórców pisma „Żołnierz Solidarny” i związanej z nim akcji dywersji ideologicznej wymierzonej w Ludowe Wojsko Polskie, przeprowadzonej przez SW i LDP „Niepodległość”.</p>

<p>Urodził się 15 sierpnia 1962 roku w Kołobrzegu. Jesienią 1981 roku uczestniczył w strajkach studenckich na Uniwersytecie Gdańskim. Po wprowadzeniu stanu wojennego wziął udział w strajku na UG i w Stoczni Gdańskiej. W 1985 roku został współpracownikiem trójmiejskiego oddziału „Solidarności Walczącej”. Wiosną 1989 roku został jej zaprzysiężonym członkiem. Kolportował prasę podziemną. W 1985 roku zorganizował [&hellip;]</p>
