{"id":1268,"date":"2021-01-07T17:19:07","date_gmt":"2021-01-07T17:19:07","guid":{"rendered":"http:\/\/ludzie.fundacja-pih.pl\/?post_type=product&#038;p=1268"},"modified":"2025-05-16T14:12:19","modified_gmt":"2025-05-16T14:12:19","slug":"kwiatkowska-wieslawa","status":"publish","type":"product","link":"http:\/\/ludzie.fundacja-pih.pl\/index.php\/product\/kwiatkowska-wieslawa\/","title":{"rendered":"Kwiatkowska Wies\u0142awa Irena"},"content":{"rendered":"<p>Urodzi\u0142a si\u0119 31 maja 1936 roku w Gdyni, a zmar\u0142a 18 czerwca 2006 roku tam\u017ce.<\/p>\n<p>Uko\u0144czy\u0142a filologi\u0119 polsk\u0105 na Uniwersytecie Gda\u0144skim.<br \/>\nJesieni\u0105 1980 roku zosta\u0142a pracownikiem Sekcji Historycznej MKZ \u201eSolidarno\u015b\u0107\u201d w Gda\u0144sku, nast\u0119pnie w ZR zajmowa\u0142a si\u0119 tematyk\u0105 Grudnia \u201970 w Gdyni. Po wprowadzeniu stanu wojennego  wsp\u00f3\u0142pracowa\u0142a przy redagowaniu ulotek o protestach i represjach na Wybrze\u017cu. 20 grudnia 1981 roku zosta\u0142a aresztowana wraz grup\u0105 dzia\u0142aczy \u201eSolidarno\u015bci\u201d i Niezale\u017cnego Zrzeszenia Student\u00f3w &#8211; m.in. z Ew\u0105 Kubasiewicz i Cezarym Godziukiem &#8211; i umieszczona w Areszcie \u015aledczym w Gda\u0144sku. Zosta\u0142a skazana przez S\u0105d Marynarki Wojennej w Gdyni na kar\u0119 5 lat pozbawienia wolno\u015bci i 3 lat pozbawienia praw publicznych. Osadzono j\u0105 w Zak\u0142adzie Karnym w Bydgoszczy &#8211; Fordonie, nast\u0119pnie przeniesiono do ZK w Grudzi\u0105dzu, a potem w Krzywa\u0144cu. Wies\u0142aw\u0119 Iren\u0119 Kwiatkowsk\u0105 zwolniono wiosn\u0105 1983 roku, w wyniku rewizji wyroku w Izbie Wojskowej S\u0105du Najwy\u017cszego. W lipcu 1983 roku zosta\u0142a obj\u0119ta amnesti\u0105. Po wyj\u015bciu na wolno\u015b\u0107 kontynuowa\u0142a dzia\u0142alno\u015b\u0107 podziemn\u0105. W ramach tego, m.in. we wsp\u00f3\u0142pracy z ks. Hilarym Jastakiem, pracowa\u0142a przy dokumentowaniu wydarze\u0144 grudniowych. W 1986 roku wyda\u0142a w wydawnictwie podziemnym publikacj\u0119 pt. \u201eGrudzie\u0144 1970 w Gdyni\u201d. Wsp\u00f3\u0142pracowa\u0142a z \u201eSolidarno\u015bci\u0105 Walcz\u0105c\u0105 Oddzia\u0142 Tr\u00f3jmiasto\u201d. Od 1990 dziennikarka \u201eTygodnika Gda\u0144skiego\u201d, nast\u0119pnie \u201eDziennika Ba\u0142tyckiego\u201d Oddzia\u0142 w Gdyni. Po 1990 roku zwi\u0105za\u0142a si\u0119 zawodowo z mediami, opublikowa\u0142a r\u00f3wnie\u017c kilka ksi\u0105\u017cek. W 1993 roku zosta\u0142a wyr\u00f3\u017cniona nagrod\u0105 Z\u0142otego Pi\u00f3ra, w 2002 roku Medalem im. Eugeniusza Kwiatkowskiego Za wybitne zas\u0142ugi dla Gdyni, w 2006 roku zosta\u0142a po\u015bmiertnie odznaczona Krzy\u017cem Oficerskim Orderu Odrodzenia Polski, a w 2017 roku, r\u00f3wnie\u017c po\u015bmiertnie, Krzy\u017cem Wolno\u015bci i Solidarno\u015bci.<br \/>\nOd 14 marca 1986 roku do 29 stycznia 1990 roku by\u0142a rozpracowywana przez Inspektorat 2 WUSW w Gda\u0144sku w ramach SOR o kryptonimie \u201eO\u015bmiornica\u201d.<\/p>\n","protected":false},"excerpt":{"rendered":"<p>Urodzi\u0142a si\u0119 31 maja 1936 roku w Gdyni, a zmar\u0142a 18 czerwca 2006 roku tam\u017ce. Uko\u0144czy\u0142a filologi\u0119 polsk\u0105 na Uniwersytecie Gda\u0144skim. Jesieni\u0105 1980 roku zosta\u0142a pracownikiem Sekcji Historycznej MKZ \u201eSolidarno\u015b\u0107\u201d w Gda\u0144sku, nast\u0119pnie w ZR zajmowa\u0142a si\u0119 tematyk\u0105 Grudnia \u201970 w Gdyni. Po wprowadzeniu stanu wojennego wsp\u00f3\u0142pracowa\u0142a przy redagowaniu ulotek o protestach i represjach na [&hellip;]<\/p>\n","protected":false},"featured_media":1269,"template":"","meta":[],"_links":{"self":[{"href":"http:\/\/ludzie.fundacja-pih.pl\/index.php\/wp-json\/wp\/v2\/product\/1268"}],"collection":[{"href":"http:\/\/ludzie.fundacja-pih.pl\/index.php\/wp-json\/wp\/v2\/product"}],"about":[{"href":"http:\/\/ludzie.fundacja-pih.pl\/index.php\/wp-json\/wp\/v2\/types\/product"}],"wp:featuredmedia":[{"embeddable":true,"href":"http:\/\/ludzie.fundacja-pih.pl\/index.php\/wp-json\/wp\/v2\/media\/1269"}],"wp:attachment":[{"href":"http:\/\/ludzie.fundacja-pih.pl\/index.php\/wp-json\/wp\/v2\/media?parent=1268"}],"curies":[{"name":"wp","href":"https:\/\/api.w.org\/{rel}","templated":true}]}}

Kwiatkowska Wiesława Irena

<p>Urodziła się 31 maja 1936 roku w Gdyni, a zmarła 18 czerwca 2006 roku tamże.</p>
<p>Ukończyła filologię polską na Uniwersytecie Gdańskim.<br />
Jesienią 1980 roku została pracownikiem Sekcji Historycznej MKZ „Solidarność” w Gdańsku, następnie w ZR zajmowała się tematyką Grudnia ’70 w Gdyni. Po wprowadzeniu stanu wojennego  współpracowała przy redagowaniu ulotek o protestach i represjach na Wybrzeżu. 20 grudnia 1981 roku została aresztowana wraz grupą działaczy „Solidarności” i Niezależnego Zrzeszenia Studentów &#8211; m.in. z Ewą Kubasiewicz i Cezarym Godziukiem &#8211; i umieszczona w Areszcie Śledczym w Gdańsku. Została skazana przez Sąd Marynarki Wojennej w Gdyni na karę 5 lat pozbawienia wolności i 3 lat pozbawienia praw publicznych. Osadzono ją w Zakładzie Karnym w Bydgoszczy &#8211; Fordonie, następnie przeniesiono do ZK w Grudziądzu, a potem w Krzywańcu. Wiesławę Irenę Kwiatkowską zwolniono wiosną 1983 roku, w wyniku rewizji wyroku w Izbie Wojskowej Sądu Najwyższego. W lipcu 1983 roku została objęta amnestią. Po wyjściu na wolność kontynuowała działalność podziemną. W ramach tego, m.in. we współpracy z ks. Hilarym Jastakiem, pracowała przy dokumentowaniu wydarzeń grudniowych. W 1986 roku wydała w wydawnictwie podziemnym publikację pt. „Grudzień 1970 w Gdyni”. Współpracowała z „Solidarnością Walczącą Oddział Trójmiasto”. Od 1990 dziennikarka „Tygodnika Gdańskiego”, następnie „Dziennika Bałtyckiego” Oddział w Gdyni. Po 1990 roku związała się zawodowo z mediami, opublikowała również kilka książek. W 1993 roku została wyróżniona nagrodą Złotego Pióra, w 2002 roku Medalem im. Eugeniusza Kwiatkowskiego Za wybitne zasługi dla Gdyni, w 2006 roku została pośmiertnie odznaczona Krzyżem Oficerskim Orderu Odrodzenia Polski, a w 2017 roku, również pośmiertnie, Krzyżem Wolności i Solidarności.<br />
Od 14 marca 1986 roku do 29 stycznia 1990 roku była rozpracowywana przez Inspektorat 2 WUSW w Gdańsku w ramach SOR o kryptonimie „Ośmiornica”.</p>

<p>Urodziła się 31 maja 1936 roku w Gdyni, a zmarła 18 czerwca 2006 roku tamże. Ukończyła filologię polską na Uniwersytecie Gdańskim. Jesienią 1980 roku została pracownikiem Sekcji Historycznej MKZ „Solidarność” w Gdańsku, następnie w ZR zajmowała się tematyką Grudnia ’70 w Gdyni. Po wprowadzeniu stanu wojennego współpracowała przy redagowaniu ulotek o protestach i represjach na [&hellip;]</p>
