{"id":1279,"date":"2021-01-07T17:23:02","date_gmt":"2021-01-07T17:23:02","guid":{"rendered":"http:\/\/ludzie.fundacja-pih.pl\/?post_type=product&#038;p=1279"},"modified":"2025-05-16T14:12:23","modified_gmt":"2025-05-16T14:12:23","slug":"lihs-maria","status":"publish","type":"product","link":"http:\/\/ludzie.fundacja-pih.pl\/index.php\/product\/lihs-maria\/","title":{"rendered":"Lihs-Grabowska Maria"},"content":{"rendered":"<p>Nale\u017ca\u0142a do \u201eSolidarno\u015bci Walcz\u0105cej\u201d. W ramach dzia\u0142alno\u015bci w niej kolportowa\u0142a wydawnictwa podziemne, pe\u0142ni\u0142a rol\u0119 \u0142\u0105czniczki struktur \u201eSolidarno\u015bci Walcz\u0105cej\u201d w Tr\u00f3jmie\u015bcie. Wsp\u00f3\u0142pracowa\u0142a \u015bci\u015ble z Janem Grabowskim oraz Marianem Pokojskim. Pomaga\u0142a w przygotowywaniu flag oraz transparent\u00f3w na manifestacje, kt\u00f3re czasami r\u00f3wnie\u017c fotografowa\u0142a. Uczestniczy\u0142a w pielgrzymkach na Jasn\u0105 G\u00f3r\u0119, w trakcie kt\u00f3rych kolportowa\u0142a podziemn\u0105 pras\u0119. Bra\u0142a tak\u017ce udzia\u0142 w mszach za Ojczyzn\u0119 w Gdyni i Gda\u0144sku.  <\/p>\n","protected":false},"excerpt":{"rendered":"<p>Nale\u017ca\u0142a do \u201eSolidarno\u015bci Walcz\u0105cej\u201d. W ramach dzia\u0142alno\u015bci w niej kolportowa\u0142a wydawnictwa podziemne, pe\u0142ni\u0142a rol\u0119 \u0142\u0105czniczki struktur \u201eSolidarno\u015bci Walcz\u0105cej\u201d w Tr\u00f3jmie\u015bcie. Wsp\u00f3\u0142pracowa\u0142a \u015bci\u015ble z Janem Grabowskim oraz Marianem Pokojskim. Pomaga\u0142a w przygotowywaniu flag oraz transparent\u00f3w na manifestacje, kt\u00f3re czasami r\u00f3wnie\u017c fotografowa\u0142a. Uczestniczy\u0142a w pielgrzymkach na Jasn\u0105 G\u00f3r\u0119, w trakcie kt\u00f3rych kolportowa\u0142a podziemn\u0105 pras\u0119. Bra\u0142a tak\u017ce udzia\u0142 [&hellip;]<\/p>\n","protected":false},"featured_media":1280,"template":"","meta":[],"_links":{"self":[{"href":"http:\/\/ludzie.fundacja-pih.pl\/index.php\/wp-json\/wp\/v2\/product\/1279"}],"collection":[{"href":"http:\/\/ludzie.fundacja-pih.pl\/index.php\/wp-json\/wp\/v2\/product"}],"about":[{"href":"http:\/\/ludzie.fundacja-pih.pl\/index.php\/wp-json\/wp\/v2\/types\/product"}],"wp:featuredmedia":[{"embeddable":true,"href":"http:\/\/ludzie.fundacja-pih.pl\/index.php\/wp-json\/wp\/v2\/media\/1280"}],"wp:attachment":[{"href":"http:\/\/ludzie.fundacja-pih.pl\/index.php\/wp-json\/wp\/v2\/media?parent=1279"}],"curies":[{"name":"wp","href":"https:\/\/api.w.org\/{rel}","templated":true}]}}

<p>Należała do „Solidarności Walczącej”. W ramach działalności w niej kolportowała wydawnictwa podziemne, pełniła rolę łączniczki struktur „Solidarności Walczącej” w Trójmieście. Współpracowała ściśle z Janem Grabowskim oraz Marianem Pokojskim. Pomagała w przygotowywaniu flag oraz transparentów na manifestacje, które czasami również fotografowała. Uczestniczyła w pielgrzymkach na Jasną Górę, w trakcie których kolportowała podziemną prasę. Brała także udział w mszach za Ojczyznę w Gdyni i Gdańsku.  </p>

<p>Należała do „Solidarności Walczącej”. W ramach działalności w niej kolportowała wydawnictwa podziemne, pełniła rolę łączniczki struktur „Solidarności Walczącej” w Trójmieście. Współpracowała ściśle z Janem Grabowskim oraz Marianem Pokojskim. Pomagała w przygotowywaniu flag oraz transparentów na manifestacje, które czasami również fotografowała. Uczestniczyła w pielgrzymkach na Jasną Górę, w trakcie których kolportowała podziemną prasę. Brała także udział [&hellip;]</p>
