{"id":1282,"date":"2021-01-07T17:24:05","date_gmt":"2021-01-07T17:24:05","guid":{"rendered":"http:\/\/ludzie.fundacja-pih.pl\/?post_type=product&#038;p=1282"},"modified":"2025-05-16T14:12:24","modified_gmt":"2025-05-16T14:12:24","slug":"majorkiewicz-jan","status":"publish","type":"product","link":"http:\/\/ludzie.fundacja-pih.pl\/index.php\/product\/majorkiewicz-jan\/","title":{"rendered":"Majorkiewicz Jan"},"content":{"rendered":"<p>W grudniu 1981 roku rozpocz\u0105\u0142 swoj\u0105 dzia\u0142alno\u015b\u0107 w NSZZ \u201eSolidarno\u015b\u0107\u201d przed wprowadzeniem stanu wojennego. W latach 1983 \u2013 1990 nale\u017ca\u0142 do \u201eSolidarno\u015bci Walcz\u0105cej\u201d. W ramach dzia\u0142alno\u015bci w niej kolportowa\u0142 nielegalne wydawnictwa sygnowane przez SW oddzia\u0142 Tr\u00f3jmiasto. W swoim mieszkaniu drukowa\u0142 ww. wydawnictwa. <\/p>\n","protected":false},"excerpt":{"rendered":"<p>W grudniu 1981 roku rozpocz\u0105\u0142 swoj\u0105 dzia\u0142alno\u015b\u0107 w NSZZ \u201eSolidarno\u015b\u0107\u201d przed wprowadzeniem stanu wojennego. W latach 1983 \u2013 1990 nale\u017ca\u0142 do \u201eSolidarno\u015bci Walcz\u0105cej\u201d. W ramach dzia\u0142alno\u015bci w niej kolportowa\u0142 nielegalne wydawnictwa sygnowane przez SW oddzia\u0142 Tr\u00f3jmiasto. W swoim mieszkaniu drukowa\u0142 ww. wydawnictwa.<\/p>\n","protected":false},"featured_media":906,"template":"","meta":[],"_links":{"self":[{"href":"http:\/\/ludzie.fundacja-pih.pl\/index.php\/wp-json\/wp\/v2\/product\/1282"}],"collection":[{"href":"http:\/\/ludzie.fundacja-pih.pl\/index.php\/wp-json\/wp\/v2\/product"}],"about":[{"href":"http:\/\/ludzie.fundacja-pih.pl\/index.php\/wp-json\/wp\/v2\/types\/product"}],"wp:featuredmedia":[{"embeddable":true,"href":"http:\/\/ludzie.fundacja-pih.pl\/index.php\/wp-json\/wp\/v2\/media\/906"}],"wp:attachment":[{"href":"http:\/\/ludzie.fundacja-pih.pl\/index.php\/wp-json\/wp\/v2\/media?parent=1282"}],"curies":[{"name":"wp","href":"https:\/\/api.w.org\/{rel}","templated":true}]}}

<p>W grudniu 1981 roku rozpoczął swoją działalność w NSZZ „Solidarność” przed wprowadzeniem stanu wojennego. W latach 1983 – 1990 należał do „Solidarności Walczącej”. W ramach działalności w niej kolportował nielegalne wydawnictwa sygnowane przez SW oddział Trójmiasto. W swoim mieszkaniu drukował ww. wydawnictwa. </p>

<p>W grudniu 1981 roku rozpoczął swoją działalność w NSZZ „Solidarność” przed wprowadzeniem stanu wojennego. W latach 1983 – 1990 należał do „Solidarności Walczącej”. W ramach działalności w niej kolportował nielegalne wydawnictwa sygnowane przez SW oddział Trójmiasto. W swoim mieszkaniu drukował ww. wydawnictwa.</p>
