{"id":1283,"date":"2021-01-07T17:24:45","date_gmt":"2021-01-07T17:24:45","guid":{"rendered":"http:\/\/ludzie.fundacja-pih.pl\/?post_type=product&#038;p=1283"},"modified":"2025-05-16T14:12:25","modified_gmt":"2025-05-16T14:12:25","slug":"makar-arkadiusz","status":"publish","type":"product","link":"http:\/\/ludzie.fundacja-pih.pl\/index.php\/product\/makar-arkadiusz\/","title":{"rendered":"Makar Arkadiusz"},"content":{"rendered":"<p>Urodzi\u0142 si\u0119 12 pa\u017adziernika 1963 roku w Gda\u0144sku.<\/p>\n<p>Od pocz\u0105tku lat osiemdziesi\u0105tych by\u0142 cz\u0142onkiem Ruchu M\u0142odej Polski. W jego mieszkaniu odbywa\u0142 si\u0119 druk ulotek zatytu\u0142owanych \u201eO\u015bwiadczenie RMP\u201d. W zwi\u0105zku z kolporta\u017cem ww materia\u0142\u00f3w na terenie Gda\u0144ska, 25 stycznia 1982 roku zosta\u0142 zatrzymany i aresztowany. Prokuratura Marynarki Wojennej w trakcie prowadzonego w trybie dora\u017anym \u015bledztwa postawi\u0142a Arkadiuszowi Makarowi zarzuty przynale\u017cno\u015bci do nielegalnej organizacji oraz sporz\u0105dzenia i kolportowania ulotek o charakterze antypa\u0144stwowym. S\u0105d Marynarki Wojennej  22 kwietnia 1982 roku skaza\u0142 go na kar\u0119 4 lat pozbawienia wolno\u015bci oraz 3 lat utraty praw publicznych.  16 lipca 1982 roku Arkadiusza Makara osadzono w Zak\u0142adzie Karnym w Potulicach. 20 kwietnia 1983 roku zosta\u0142 u\u0142askawiony. Po zwolnieniu z wi\u0119zienia kontynuowa\u0142 dzia\u0142alno\u015b\u0107 podziemn\u0105. W 1985 roku  znalaz\u0142 si\u0119 w grupie wsp\u00f3\u0142za\u0142o\u017cycieli gda\u0144skich struktur Liberalno-Demokratycznej Partii \u201eNiepodleg\u0142o\u015b\u0107\u201d. W 1986 roku zajmowa\u0142 si\u0119 rozprowadzaniem czasopisma Ruchu Spo\u0142ecze\u0144stwa Alternatywnego o nazwie \u201eHomek\u201d. Od 1987 roku kolportowa\u0142 ulotki i pe\u0142ni\u0142 rol\u0119 \u0142\u0105cznika mi\u0119dzy tr\u00f3jmiejskim oddzia\u0142em \u201eSolidarno\u015bci Walcz\u0105cej\u201d a Liberalno-Demokratyczn\u0105 Parti\u0105 \u201eNiepodleg\u0142o\u015b\u0107\u201d. Za przynale\u017cno\u015b\u0107 do L-DP \u201eNiepodleg\u0142o\u015b\u0107\u201d by\u0142 inwigilowany przez Wydzia\u0142 III WUSW w Gda\u0144sku w okresie  4 lutego 1986 roku do 10 kwietnia 1989 roku w ramach sprawy operacyjnego rozpracowania o kryptonimie \u201eBiuletyn\/Libra\u201d. Sprawa zosta\u0142a zako\u0144czona z powodu zalegalizowania partii. Ponadto, z powodu swojej dzia\u0142alno\u015bci o charakterze opozycyjnym, Arkadiusz Makar w okresie od 1 stycznia 1982 roku do 1 stycznia 1984 roku, by\u0142 obj\u0119ty zakazem wyjazdu za granic\u0119 do wszystkich kraj\u00f3w \u015bwiata. W roku 2015 na podstawie postanowienia Prezydenta RP \u2013 nr 538\/2015 &#8211; nadano mu Krzy\u017c Wolno\u015bci i Solidarno\u015bci. <\/p>\n","protected":false},"excerpt":{"rendered":"<p>Urodzi\u0142 si\u0119 12 pa\u017adziernika 1963 roku w Gda\u0144sku. Od pocz\u0105tku lat osiemdziesi\u0105tych by\u0142 cz\u0142onkiem Ruchu M\u0142odej Polski. W jego mieszkaniu odbywa\u0142 si\u0119 druk ulotek zatytu\u0142owanych \u201eO\u015bwiadczenie RMP\u201d. W zwi\u0105zku z kolporta\u017cem ww materia\u0142\u00f3w na terenie Gda\u0144ska, 25 stycznia 1982 roku zosta\u0142 zatrzymany i aresztowany. Prokuratura Marynarki Wojennej w trakcie prowadzonego w trybie dora\u017anym \u015bledztwa postawi\u0142a [&hellip;]<\/p>\n","protected":false},"featured_media":1756,"template":"","meta":[],"_links":{"self":[{"href":"http:\/\/ludzie.fundacja-pih.pl\/index.php\/wp-json\/wp\/v2\/product\/1283"}],"collection":[{"href":"http:\/\/ludzie.fundacja-pih.pl\/index.php\/wp-json\/wp\/v2\/product"}],"about":[{"href":"http:\/\/ludzie.fundacja-pih.pl\/index.php\/wp-json\/wp\/v2\/types\/product"}],"wp:featuredmedia":[{"embeddable":true,"href":"http:\/\/ludzie.fundacja-pih.pl\/index.php\/wp-json\/wp\/v2\/media\/1756"}],"wp:attachment":[{"href":"http:\/\/ludzie.fundacja-pih.pl\/index.php\/wp-json\/wp\/v2\/media?parent=1283"}],"curies":[{"name":"wp","href":"https:\/\/api.w.org\/{rel}","templated":true}]}}

<p>Urodził się 12 października 1963 roku w Gdańsku.</p>
<p>Od początku lat osiemdziesiątych był członkiem Ruchu Młodej Polski. W jego mieszkaniu odbywał się druk ulotek zatytułowanych „Oświadczenie RMP”. W związku z kolportażem ww materiałów na terenie Gdańska, 25 stycznia 1982 roku został zatrzymany i aresztowany. Prokuratura Marynarki Wojennej w trakcie prowadzonego w trybie doraźnym śledztwa postawiła Arkadiuszowi Makarowi zarzuty przynależności do nielegalnej organizacji oraz sporządzenia i kolportowania ulotek o charakterze antypaństwowym. Sąd Marynarki Wojennej  22 kwietnia 1982 roku skazał go na karę 4 lat pozbawienia wolności oraz 3 lat utraty praw publicznych.  16 lipca 1982 roku Arkadiusza Makara osadzono w Zakładzie Karnym w Potulicach. 20 kwietnia 1983 roku został ułaskawiony. Po zwolnieniu z więzienia kontynuował działalność podziemną. W 1985 roku  znalazł się w grupie współzałożycieli gdańskich struktur Liberalno-Demokratycznej Partii „Niepodległość”. W 1986 roku zajmował się rozprowadzaniem czasopisma Ruchu Społeczeństwa Alternatywnego o nazwie „Homek”. Od 1987 roku kolportował ulotki i pełnił rolę łącznika między trójmiejskim oddziałem „Solidarności Walczącej” a Liberalno-Demokratyczną Partią „Niepodległość”. Za przynależność do L-DP „Niepodległość” był inwigilowany przez Wydział III WUSW w Gdańsku w okresie  4 lutego 1986 roku do 10 kwietnia 1989 roku w ramach sprawy operacyjnego rozpracowania o kryptonimie „Biuletyn/Libra”. Sprawa została zakończona z powodu zalegalizowania partii. Ponadto, z powodu swojej działalności o charakterze opozycyjnym, Arkadiusz Makar w okresie od 1 stycznia 1982 roku do 1 stycznia 1984 roku, był objęty zakazem wyjazdu za granicę do wszystkich krajów świata. W roku 2015 na podstawie postanowienia Prezydenta RP – nr 538/2015 &#8211; nadano mu Krzyż Wolności i Solidarności. </p>

<p>Urodził się 12 października 1963 roku w Gdańsku. Od początku lat osiemdziesiątych był członkiem Ruchu Młodej Polski. W jego mieszkaniu odbywał się druk ulotek zatytułowanych „Oświadczenie RMP”. W związku z kolportażem ww materiałów na terenie Gdańska, 25 stycznia 1982 roku został zatrzymany i aresztowany. Prokuratura Marynarki Wojennej w trakcie prowadzonego w trybie doraźnym śledztwa postawiła [&hellip;]</p>
