{"id":1304,"date":"2021-01-07T17:37:08","date_gmt":"2021-01-07T17:37:08","guid":{"rendered":"http:\/\/ludzie.fundacja-pih.pl\/?post_type=product&#038;p=1304"},"modified":"2025-05-16T14:12:36","modified_gmt":"2025-05-16T14:12:36","slug":"ossowski-stanislaw","status":"publish","type":"product","link":"http:\/\/ludzie.fundacja-pih.pl\/index.php\/product\/ossowski-stanislaw\/","title":{"rendered":"Ossowski Stanis\u0142aw"},"content":{"rendered":"<p>Urodzi\u0142 si\u0119 w 1948 r. w Nieczyszewie<\/p>\n<p>W 1980 roku bra\u0142 udzia\u0142 w stajku w Stoczni im. Komuny Paryskiej w Gdyni. W styczniu 1985 roku wst\u0105pi\u0142 do tr\u00f3jmiejskiego oddzia\u0142u \u201eSolidarno\u015bci Walcz\u0105cej\u201d. By\u0142 cz\u0142onkiem Grupy \u201eSolidarno\u015bci Walcz\u0105cej\u201d w Stoczni im. Komuny Paryskiej w Gdyni i kolporterem podziemnych wydawnictw, w tym m.in. takich tytu\u0142\u00f3w jak: \u201eSolidarno\u015b\u0107 Walcz\u0105ca Oddzia\u0142 Tr\u00f3jmiasto\u201d, \u201ePoza Uk\u0142adem\u201d, \u201eGryps\u201d, \u201eCzas\u201d, \u201eSW Stoczni Gda\u0144skiej\u201d oraz kart okoliczno\u015bciowych, kalendarzy i ksi\u0105\u017cek. Wsp\u00f3\u0142organizowa\u0142 i uczestniczy\u0142 w akcjach malowania antyre\u017cimowych napis\u00f3w na suwnicach w Stoczni. Wsp\u00f3\u0142organiozwa\u0142 kontrmanifestacje pierwszomajowe, demonstracje i niezale\u017cne obchody rocznic patriotycznych. By\u0142 kilkakrotnie prewencyjnie zatrzymywany. Uczestniczy\u0142 w akcjach wymierzonych w aktyw PZPR w Stoczni, tj. w rozp\u0119dzaniu zebra\u0144 aktywu partyjnego stoczni przez wrzucanie \u015bwiec dymnych i blokowanie drzwi. Dzia\u0142a\u0142 w nieleganych strukturach NSZZ \u201eSolidarno\u015b\u0107\u201d, by\u0142 cz\u0142onkiem Komitetu Zak\u0142adowego NSZZ \u201eSolidarno\u015b\u0107\u201d. 20 wrze\u015bnia 1988 roku ww. Komitet podj\u0105\u0142 uchwa\u0142\u0119 o ponownej rejestracji NSZZ \u201eSolidarno\u015b\u0107\u201d w S\u0105dzie Wojew\u00f3dzkim w Gda\u0144sku. Wniosek zosta\u0142 odrzucony.<\/p>\n","protected":false},"excerpt":{"rendered":"<p>Urodzi\u0142 si\u0119 w 1948 r. w Nieczyszewie W 1980 roku bra\u0142 udzia\u0142 w stajku w Stoczni im. Komuny Paryskiej w Gdyni. W styczniu 1985 roku wst\u0105pi\u0142 do tr\u00f3jmiejskiego oddzia\u0142u \u201eSolidarno\u015bci Walcz\u0105cej\u201d. By\u0142 cz\u0142onkiem Grupy \u201eSolidarno\u015bci Walcz\u0105cej\u201d w Stoczni im. Komuny Paryskiej w Gdyni i kolporterem podziemnych wydawnictw, w tym m.in. takich tytu\u0142\u00f3w jak: \u201eSolidarno\u015b\u0107 Walcz\u0105ca [&hellip;]<\/p>\n","protected":false},"featured_media":1305,"template":"","meta":[],"_links":{"self":[{"href":"http:\/\/ludzie.fundacja-pih.pl\/index.php\/wp-json\/wp\/v2\/product\/1304"}],"collection":[{"href":"http:\/\/ludzie.fundacja-pih.pl\/index.php\/wp-json\/wp\/v2\/product"}],"about":[{"href":"http:\/\/ludzie.fundacja-pih.pl\/index.php\/wp-json\/wp\/v2\/types\/product"}],"wp:featuredmedia":[{"embeddable":true,"href":"http:\/\/ludzie.fundacja-pih.pl\/index.php\/wp-json\/wp\/v2\/media\/1305"}],"wp:attachment":[{"href":"http:\/\/ludzie.fundacja-pih.pl\/index.php\/wp-json\/wp\/v2\/media?parent=1304"}],"curies":[{"name":"wp","href":"https:\/\/api.w.org\/{rel}","templated":true}]}}

Ossowski Stanisław

<p>Urodził się w 1948 r. w Nieczyszewie</p>
<p>W 1980 roku brał udział w stajku w Stoczni im. Komuny Paryskiej w Gdyni. W styczniu 1985 roku wstąpił do trójmiejskiego oddziału „Solidarności Walczącej”. Był członkiem Grupy „Solidarności Walczącej” w Stoczni im. Komuny Paryskiej w Gdyni i kolporterem podziemnych wydawnictw, w tym m.in. takich tytułów jak: „Solidarność Walcząca Oddział Trójmiasto”, „Poza Układem”, „Gryps”, „Czas”, „SW Stoczni Gdańskiej” oraz kart okolicznościowych, kalendarzy i książek. Współorganizował i uczestniczył w akcjach malowania antyreżimowych napisów na suwnicach w Stoczni. Współorganiozwał kontrmanifestacje pierwszomajowe, demonstracje i niezależne obchody rocznic patriotycznych. Był kilkakrotnie prewencyjnie zatrzymywany. Uczestniczył w akcjach wymierzonych w aktyw PZPR w Stoczni, tj. w rozpędzaniu zebrań aktywu partyjnego stoczni przez wrzucanie świec dymnych i blokowanie drzwi. Działał w nieleganych strukturach NSZZ „Solidarność”, był członkiem Komitetu Zakładowego NSZZ „Solidarność”. 20 września 1988 roku ww. Komitet podjął uchwałę o ponownej rejestracji NSZZ „Solidarność” w Sądzie Wojewódzkim w Gdańsku. Wniosek został odrzucony.</p>

<p>Urodził się w 1948 r. w Nieczyszewie W 1980 roku brał udział w stajku w Stoczni im. Komuny Paryskiej w Gdyni. W styczniu 1985 roku wstąpił do trójmiejskiego oddziału „Solidarności Walczącej”. Był członkiem Grupy „Solidarności Walczącej” w Stoczni im. Komuny Paryskiej w Gdyni i kolporterem podziemnych wydawnictw, w tym m.in. takich tytułów jak: „Solidarność Walcząca [&hellip;]</p>
