{"id":1311,"date":"2021-01-07T17:40:30","date_gmt":"2021-01-07T17:40:30","guid":{"rendered":"http:\/\/ludzie.fundacja-pih.pl\/?post_type=product&#038;p=1311"},"modified":"2025-05-16T14:12:40","modified_gmt":"2025-05-16T14:12:40","slug":"parszyk-henryk","status":"publish","type":"product","link":"http:\/\/ludzie.fundacja-pih.pl\/index.php\/product\/parszyk-henryk\/","title":{"rendered":"Parszyk Henryk"},"content":{"rendered":"<p>Urodzi\u0142 si\u0119 w 1955 r. w m. Boles\u0142aw.<\/p>\n<p>W sierpniu 1980 roku bra\u0142 udzia\u0142 w strajku w SKP. We wrze\u015bniu 1980 roku wst\u0105pi\u0142 do NSZZ \u201eSolidarno\u015b\u0107\u201d i wszed\u0142 w sk\u0142ad Komisji Wydzia\u0142owej K-1. Po wprowadzeniu stanu wojennego, w dniach 14-15 grudnia 1981 roku uczestniczy\u0142 w strajku w SKP. Wsp\u00f3\u0142organizowa\u0142 akcje odcinania zasilania pr\u0105du oraz wrzucania \u015bwiec dymnych do wentylator\u00f3w podczas narad dzia\u0142aczy PZPR w zak\u0142adzie, bra\u0142 udzia\u0142 w akcjach malowania antyre\u017cimowych napis\u00f3w na suwnicach oraz wieszania kuk\u0142y gen. Wojciecha Jaruzelskiego. Czynnie uczestniczy\u0142 w organizowaniu kontrmanifestacji oraz niezale\u017cnych obchod\u00f3w i manifestacji patriotycznych. Nale\u017ca\u0142 do  grupy sabota\u017cowo \u2013 dywersyjnej \u201eSolidarno\u015bci Walcz\u0105cej\u201d.  Przed planowanymi strajkami unieruchamia\u0142 suwnice z Miros\u0142awem Bieli\u0144skim. Bra\u0142 udzia\u0142 w rozp\u0119dzaniu zebra\u0144 partyjnych. Gromadzi\u0142 materia\u0142y wybuchowe na polecenie Romana Zwiercana. Pracowa\u0142 przy przygotowaniu stalowych korpus\u00f3w do bomb. Jedna z nich zosta\u0142a zdetonowana w akcie ostrze\u017cenia, przed Komitetem Miejskim PZPR w Gdyni. Dzia\u0142a\u0142 w podziemnych strukturach NSZZ \u201eSolidarno\u015b\u0107\u201d, by\u0142 cz\u0142onkiem Komitetu Zak\u0142adowego NSZZ \u201eSolidarno\u015b\u0107\u201d. W 1989 roku by\u0142 przeciwnikiem obrad Okr\u0105g\u0142ego Sto\u0142u.<\/p>\n","protected":false},"excerpt":{"rendered":"<p>Urodzi\u0142 si\u0119 w 1955 r. w m. Boles\u0142aw. W sierpniu 1980 roku bra\u0142 udzia\u0142 w strajku w SKP. We wrze\u015bniu 1980 roku wst\u0105pi\u0142 do NSZZ \u201eSolidarno\u015b\u0107\u201d i wszed\u0142 w sk\u0142ad Komisji Wydzia\u0142owej K-1. Po wprowadzeniu stanu wojennego, w dniach 14-15 grudnia 1981 roku uczestniczy\u0142 w strajku w SKP. Wsp\u00f3\u0142organizowa\u0142 akcje odcinania zasilania pr\u0105du oraz wrzucania [&hellip;]<\/p>\n","protected":false},"featured_media":1312,"template":"","meta":[],"_links":{"self":[{"href":"http:\/\/ludzie.fundacja-pih.pl\/index.php\/wp-json\/wp\/v2\/product\/1311"}],"collection":[{"href":"http:\/\/ludzie.fundacja-pih.pl\/index.php\/wp-json\/wp\/v2\/product"}],"about":[{"href":"http:\/\/ludzie.fundacja-pih.pl\/index.php\/wp-json\/wp\/v2\/types\/product"}],"wp:featuredmedia":[{"embeddable":true,"href":"http:\/\/ludzie.fundacja-pih.pl\/index.php\/wp-json\/wp\/v2\/media\/1312"}],"wp:attachment":[{"href":"http:\/\/ludzie.fundacja-pih.pl\/index.php\/wp-json\/wp\/v2\/media?parent=1311"}],"curies":[{"name":"wp","href":"https:\/\/api.w.org\/{rel}","templated":true}]}}

<p>Urodził się w 1955 r. w m. Bolesław.</p>
<p>W sierpniu 1980 roku brał udział w strajku w SKP. We wrześniu 1980 roku wstąpił do NSZZ „Solidarność” i wszedł w skład Komisji Wydziałowej K-1. Po wprowadzeniu stanu wojennego, w dniach 14-15 grudnia 1981 roku uczestniczył w strajku w SKP. Współorganizował akcje odcinania zasilania prądu oraz wrzucania świec dymnych do wentylatorów podczas narad działaczy PZPR w zakładzie, brał udział w akcjach malowania antyreżimowych napisów na suwnicach oraz wieszania kukły gen. Wojciecha Jaruzelskiego. Czynnie uczestniczył w organizowaniu kontrmanifestacji oraz niezależnych obchodów i manifestacji patriotycznych. Należał do  grupy sabotażowo – dywersyjnej „Solidarności Walczącej”.  Przed planowanymi strajkami unieruchamiał suwnice z Mirosławem Bielińskim. Brał udział w rozpędzaniu zebrań partyjnych. Gromadził materiały wybuchowe na polecenie Romana Zwiercana. Pracował przy przygotowaniu stalowych korpusów do bomb. Jedna z nich została zdetonowana w akcie ostrzeżenia, przed Komitetem Miejskim PZPR w Gdyni. Działał w podziemnych strukturach NSZZ „Solidarność”, był członkiem Komitetu Zakładowego NSZZ „Solidarność”. W 1989 roku był przeciwnikiem obrad Okrągłego Stołu.</p>

<p>Urodził się w 1955 r. w m. Bolesław. W sierpniu 1980 roku brał udział w strajku w SKP. We wrześniu 1980 roku wstąpił do NSZZ „Solidarność” i wszedł w skład Komisji Wydziałowej K-1. Po wprowadzeniu stanu wojennego, w dniach 14-15 grudnia 1981 roku uczestniczył w strajku w SKP. Współorganizował akcje odcinania zasilania prądu oraz wrzucania [&hellip;]</p>
