{"id":1315,"date":"2021-01-07T17:41:48","date_gmt":"2021-01-07T17:41:48","guid":{"rendered":"http:\/\/ludzie.fundacja-pih.pl\/?post_type=product&#038;p=1315"},"modified":"2025-05-16T14:12:41","modified_gmt":"2025-05-16T14:12:41","slug":"pawlikowski-ryszard","status":"publish","type":"product","link":"http:\/\/ludzie.fundacja-pih.pl\/index.php\/product\/pawlikowski-ryszard\/","title":{"rendered":"Pawlikowski Ryszard"},"content":{"rendered":"<p>Urodzi\u0142 si\u0119 w 1935 r. w Toruniu<\/p>\n<p>Pracowa\u0142 w Stoczni  im. Lenina w Gda\u0144sku. W 1980 roku uczestniczy\u0142 w strajkach sierpniowych. Dzia\u0142a\u0142 w strukturach NSZZ \u201eSolidarno\u015b\u0107\u201d. Po og\u0142oszeniu stanu wojennego wspiera\u0142 dzia\u0142alno\u015b\u0107 podziemn\u0105. Zajmowa\u0142 si\u0119 hurtowym kolporta\u017cem prasy podziemnej. W czasie budowy domu przygotowa\u0142 zamaskowane, tajne pomieszczenie w kt\u00f3rym funkcjonowa\u0142a drukarnia. Nigdy nie zosta\u0142a ona namierzona. W jego domu odbywa\u0142y si\u0119 tajne spotkania \u015brodowisk niepodleg\u0142o\u015bciowych, w tym Solidarno\u015bci Walcz\u0105cej.<\/p>\n","protected":false},"excerpt":{"rendered":"<p>Urodzi\u0142 si\u0119 w 1935 r. w Toruniu Pracowa\u0142 w Stoczni im. Lenina w Gda\u0144sku. W 1980 roku uczestniczy\u0142 w strajkach sierpniowych. Dzia\u0142a\u0142 w strukturach NSZZ \u201eSolidarno\u015b\u0107\u201d. Po og\u0142oszeniu stanu wojennego wspiera\u0142 dzia\u0142alno\u015b\u0107 podziemn\u0105. Zajmowa\u0142 si\u0119 hurtowym kolporta\u017cem prasy podziemnej. W czasie budowy domu przygotowa\u0142 zamaskowane, tajne pomieszczenie w kt\u00f3rym funkcjonowa\u0142a drukarnia. Nigdy nie zosta\u0142a ona [&hellip;]<\/p>\n","protected":false},"featured_media":1316,"template":"","meta":[],"_links":{"self":[{"href":"http:\/\/ludzie.fundacja-pih.pl\/index.php\/wp-json\/wp\/v2\/product\/1315"}],"collection":[{"href":"http:\/\/ludzie.fundacja-pih.pl\/index.php\/wp-json\/wp\/v2\/product"}],"about":[{"href":"http:\/\/ludzie.fundacja-pih.pl\/index.php\/wp-json\/wp\/v2\/types\/product"}],"wp:featuredmedia":[{"embeddable":true,"href":"http:\/\/ludzie.fundacja-pih.pl\/index.php\/wp-json\/wp\/v2\/media\/1316"}],"wp:attachment":[{"href":"http:\/\/ludzie.fundacja-pih.pl\/index.php\/wp-json\/wp\/v2\/media?parent=1315"}],"curies":[{"name":"wp","href":"https:\/\/api.w.org\/{rel}","templated":true}]}}