{"id":1320,"date":"2021-01-07T17:44:06","date_gmt":"2021-01-07T17:44:06","guid":{"rendered":"http:\/\/ludzie.fundacja-pih.pl\/?post_type=product&#038;p=1320"},"modified":"2025-05-16T14:12:43","modified_gmt":"2025-05-16T14:12:43","slug":"pelka-bogdan","status":"publish","type":"product","link":"http:\/\/ludzie.fundacja-pih.pl\/index.php\/product\/pelka-bogdan\/","title":{"rendered":"Pe\u0142ka Bogus\u0142aw"},"content":{"rendered":"<p>Urodzi\u0142 si\u0119 w 1952 roku w m. Nowa Ruda<\/p>\n<p>W 1980 roku by\u0142 pracownikiem Stoczni im. Komuny Paryskiej w Gdyni. W sierpniu tego samego roku uczestniczy\u0142 w strajku w ww. zak\u0142adzie pracy. We wrze\u015bniu 1980 roku wst\u0105pi\u0142 do NSZZ \u201eSolidarno\u015b\u0107\u201d, zosta\u0142 cz\u0142onkiem Komisji Wydzia\u0142owej K-1. Po wprowadzeniu stanu wojennego, w dniach 14 i 15 grudnia 1981 roku uczestniczy\u0142 w strajku w SKP. W tym samym czasie rozpocz\u0105\u0142 dzia\u0142alno\u015b\u0107 w podziemnych strukturach NSZZ \u201eSolidarno\u015b\u0107\u201d, nale\u017ca\u0142 do jej Komitetu Zak\u0142adowego. Do ko\u0144ca lat osiemdziesi\u0105tych by\u0142 zwi\u0105zany z tr\u00f3jmiejskim oddzia\u0142em \u201eSolidarno\u015bci Walcz\u0105cej\u201d. By\u0142 wsp\u00f3\u0142organizatorem akcji utrudniaj\u0105cych dzia\u0142anie aktywu PZPR w zak\u0142adzie w tym m.in. w akcjach rozp\u0119dzania zebra\u0144 aktywu partyjnego w stoczni, kolportowania ulotek, malowania antyre\u017cimowych napis\u00f3w na suwnicach, wieszania kuk\u0142y gen. Wojciecha Jaruzelskiego. Bra\u0142 udzia\u0142 w organizowaniu kontrmanifestacji, niezale\u017cnych obchod\u00f3w patriotycznych oraz antyre\u017cimowych demonstracji politycznych. Gromadzi\u0142 materia\u0142y wybuchowe na polecenie Romana Zwiercana, pracowa\u0142 przy przygotowywaniu stalowych korpus\u00f3w do bomb. W roku 2016 na podstawie postanowienia Prezydenta RP \u2013 nr 368\/2016 &#8211; nadano mu Krzy\u017c Wolno\u015bci i Solidarno\u015bci. <\/p>\n","protected":false},"excerpt":{"rendered":"<p>Urodzi\u0142 si\u0119 w 1952 roku w m. Nowa Ruda W 1980 roku by\u0142 pracownikiem Stoczni im. Komuny Paryskiej w Gdyni. W sierpniu tego samego roku uczestniczy\u0142 w strajku w ww. zak\u0142adzie pracy. We wrze\u015bniu 1980 roku wst\u0105pi\u0142 do NSZZ \u201eSolidarno\u015b\u0107\u201d, zosta\u0142 cz\u0142onkiem Komisji Wydzia\u0142owej K-1. Po wprowadzeniu stanu wojennego, w dniach 14 i 15 grudnia [&hellip;]<\/p>\n","protected":false},"featured_media":1321,"template":"","meta":[],"_links":{"self":[{"href":"http:\/\/ludzie.fundacja-pih.pl\/index.php\/wp-json\/wp\/v2\/product\/1320"}],"collection":[{"href":"http:\/\/ludzie.fundacja-pih.pl\/index.php\/wp-json\/wp\/v2\/product"}],"about":[{"href":"http:\/\/ludzie.fundacja-pih.pl\/index.php\/wp-json\/wp\/v2\/types\/product"}],"wp:featuredmedia":[{"embeddable":true,"href":"http:\/\/ludzie.fundacja-pih.pl\/index.php\/wp-json\/wp\/v2\/media\/1321"}],"wp:attachment":[{"href":"http:\/\/ludzie.fundacja-pih.pl\/index.php\/wp-json\/wp\/v2\/media?parent=1320"}],"curies":[{"name":"wp","href":"https:\/\/api.w.org\/{rel}","templated":true}]}}

Pełka Bogusław

<p>Urodził się w 1952 roku w m. Nowa Ruda</p>
<p>W 1980 roku był pracownikiem Stoczni im. Komuny Paryskiej w Gdyni. W sierpniu tego samego roku uczestniczył w strajku w ww. zakładzie pracy. We wrześniu 1980 roku wstąpił do NSZZ „Solidarność”, został członkiem Komisji Wydziałowej K-1. Po wprowadzeniu stanu wojennego, w dniach 14 i 15 grudnia 1981 roku uczestniczył w strajku w SKP. W tym samym czasie rozpoczął działalność w podziemnych strukturach NSZZ „Solidarność”, należał do jej Komitetu Zakładowego. Do końca lat osiemdziesiątych był związany z trójmiejskim oddziałem „Solidarności Walczącej”. Był współorganizatorem akcji utrudniających działanie aktywu PZPR w zakładzie w tym m.in. w akcjach rozpędzania zebrań aktywu partyjnego w stoczni, kolportowania ulotek, malowania antyreżimowych napisów na suwnicach, wieszania kukły gen. Wojciecha Jaruzelskiego. Brał udział w organizowaniu kontrmanifestacji, niezależnych obchodów patriotycznych oraz antyreżimowych demonstracji politycznych. Gromadził materiały wybuchowe na polecenie Romana Zwiercana, pracował przy przygotowywaniu stalowych korpusów do bomb. W roku 2016 na podstawie postanowienia Prezydenta RP – nr 368/2016 &#8211; nadano mu Krzyż Wolności i Solidarności. </p>

<p>Urodził się w 1952 roku w m. Nowa Ruda W 1980 roku był pracownikiem Stoczni im. Komuny Paryskiej w Gdyni. W sierpniu tego samego roku uczestniczył w strajku w ww. zakładzie pracy. We wrześniu 1980 roku wstąpił do NSZZ „Solidarność”, został członkiem Komisji Wydziałowej K-1. Po wprowadzeniu stanu wojennego, w dniach 14 i 15 grudnia [&hellip;]</p>
