{"id":1323,"date":"2021-01-07T17:45:31","date_gmt":"2021-01-07T17:45:31","guid":{"rendered":"http:\/\/ludzie.fundacja-pih.pl\/?post_type=product&#038;p=1323"},"modified":"2025-05-16T14:12:44","modified_gmt":"2025-05-16T14:12:44","slug":"pokojski-marian","status":"publish","type":"product","link":"http:\/\/ludzie.fundacja-pih.pl\/index.php\/product\/pokojski-marian\/","title":{"rendered":"Pokojski Marian"},"content":{"rendered":"<p>Urodzi\u0142 si\u0119 w 1966 r w m. Nowe Miasto Lubawskie<\/p>\n<p>Od 1986 roku wsp\u00f3\u0142pracowa\u0142 z  Grup\u0105 \u201eSolidarno\u015bci Walcz\u0105cej\u201d w Stoczni im. Komuny Paryskiej w Gdyni. Kolportowa\u0142 podziemne czasopisma w tym m.in. \u201eSolidarno\u015b\u0107 Walcz\u0105ca Oddzia\u0142 Tr\u00f3jmiasto\u201d, \u201ePoza Uk\u0142adem\u201d, \u201eGryps\u201d, \u201eCzas\u201d, \u201eSW Stoczni Gda\u0144skiej\u201d. Rozprowadza\u0142 tak\u017ce podziemne karty okoliczno\u015bciowe, kalendarze i ksi\u0105\u017cki. Bra\u0142 udzia\u0142 w akcjach ulotkowych na terenie Stoczni Komuny Paryskiej w Gdyni. Uczestniczy\u0142 w organizowaniu strajk\u00f3w w ww. stoczni oraz niezale\u017cnych obchod\u00f3w i manifestacji patriotycznych. Drukowa\u0142 czasopismo  Grupy SW Stoczni im. Komuny Paryskiej oraz zak\u0142adow\u0105 gazetk\u0119 stoczniow\u0105 \u201eKad\u0142ub\u201d. Maria Pokojski przygotowywa\u0142 r\u00f3wnie\u017c tabliczki z nazw\u0105 \u201eul. Janka Wi\u015bniewskiego\u201d i bra\u0142 udzia\u0142 w przemianowaniu ul. Marchlewskiego na ulic\u0119 Janka Wi\u015bniewskiego. Akcja by\u0142a przeprowadzana kilkakrotnie poniewa\u017c w\u0142adze po ka\u017cdorazowej, nocnej wymianie, w dzie\u0144 przywraca\u0142y star\u0105 nazw\u0119. Po 1990 roku nowa nazwa zosta\u0142a zalegalizowana i jest tak do dzisiaj. W 1988 roku uczestniczy\u0142 w reaktywacji NSZZ \u201eSolidarno\u015b\u0107\u201d, b\u0119d\u0105c w jej w Komitecie Za\u0142o\u017cycielskim.<\/p>\n","protected":false},"excerpt":{"rendered":"<p>Urodzi\u0142 si\u0119 w 1966 r w m. Nowe Miasto Lubawskie Od 1986 roku wsp\u00f3\u0142pracowa\u0142 z Grup\u0105 \u201eSolidarno\u015bci Walcz\u0105cej\u201d w Stoczni im. Komuny Paryskiej w Gdyni. Kolportowa\u0142 podziemne czasopisma w tym m.in. \u201eSolidarno\u015b\u0107 Walcz\u0105ca Oddzia\u0142 Tr\u00f3jmiasto\u201d, \u201ePoza Uk\u0142adem\u201d, \u201eGryps\u201d, \u201eCzas\u201d, \u201eSW Stoczni Gda\u0144skiej\u201d. Rozprowadza\u0142 tak\u017ce podziemne karty okoliczno\u015bciowe, kalendarze i ksi\u0105\u017cki. Bra\u0142 udzia\u0142 w akcjach ulotkowych [&hellip;]<\/p>\n","protected":false},"featured_media":1324,"template":"","meta":[],"_links":{"self":[{"href":"http:\/\/ludzie.fundacja-pih.pl\/index.php\/wp-json\/wp\/v2\/product\/1323"}],"collection":[{"href":"http:\/\/ludzie.fundacja-pih.pl\/index.php\/wp-json\/wp\/v2\/product"}],"about":[{"href":"http:\/\/ludzie.fundacja-pih.pl\/index.php\/wp-json\/wp\/v2\/types\/product"}],"wp:featuredmedia":[{"embeddable":true,"href":"http:\/\/ludzie.fundacja-pih.pl\/index.php\/wp-json\/wp\/v2\/media\/1324"}],"wp:attachment":[{"href":"http:\/\/ludzie.fundacja-pih.pl\/index.php\/wp-json\/wp\/v2\/media?parent=1323"}],"curies":[{"name":"wp","href":"https:\/\/api.w.org\/{rel}","templated":true}]}}