{"id":1332,"date":"2021-01-08T09:54:09","date_gmt":"2021-01-08T09:54:09","guid":{"rendered":"http:\/\/ludzie.fundacja-pih.pl\/?post_type=product&#038;p=1332"},"modified":"2025-05-16T14:12:49","modified_gmt":"2025-05-16T14:12:49","slug":"pytel-wojciech","status":"publish","type":"product","link":"http:\/\/ludzie.fundacja-pih.pl\/index.php\/product\/pytel-wojciech\/","title":{"rendered":"Pytel Wojciech"},"content":{"rendered":"<p>Urodzi\u0142 si\u0119 7 listopada 1961 roku w Gdyni.<\/p>\n<p>Wsp\u00f3\u0142pracowa\u0142 z podziemn\u0105 \u201eSolidarno\u015bci\u0105\u201d oraz tr\u00f3jmiejskim oddzia\u0142em \u201eSolidarno\u015bci Walcz\u0105cej\u201d. Jako pracownik Politechniki Gda\u0144skiej zajmowa\u0142 si\u0119 wykrywaniem urz\u0105dze\u0144 pods\u0142uchowych oraz naprawianiem i przerabianiem elektronicznego sprz\u0119tu dla potrzeb podziemnej poligrafii i radia (maszyny drukarskie, skanery do nas\u0142uchu SB, nadajniki radiowe i telewizyjne, komputery). Stworzy\u0142, na potrzeby \u201eBiuletynu SW Tr\u00f3jmiasto\u201d, oprogramowanie i interfejs pozwalaj\u0105cy pod\u0142\u0105cza\u0107 komputer do elektronicznej maszyny do pisania. Wojciech Pytel wsp\u00f3\u0142tworzy\u0142 nowatorski niewykrywalny system nadawczy pozwalaj\u0105cy zmienia\u0107 tre\u015b\u0107 transmisji telewizyjnej, wykorzystywanego przez podziemn\u0105 \u201eSolidarno\u015b\u0107\u201d. W stanie wojennym i latach p\u00f3\u017aniejszych by\u0142 zaanga\u017cowany w druk i kolporta\u017c prasy niezale\u017cnej. W styczniu 1987 roku zosta\u0142 aresztowany w Gda\u0144sku  w ramach akcji przeciwko Regionalnej Komisji Koordynacyjnej NSZZ \u201eSolidarno\u015b\u0107\u201d. Zosta\u0142 uwolniony dzi\u0119ki interwencji lekarzy, nast\u0119pnie sp\u0119dzi\u0142 kilka miesi\u0119cy w szpitalu. By\u0142 rozpracowywany przez Inspektorat II SB w Gda\u0144sku w ramach sprawy przeciwko RKK.<\/p>\n","protected":false},"excerpt":{"rendered":"<p>Urodzi\u0142 si\u0119 7 listopada 1961 roku w Gdyni. Wsp\u00f3\u0142pracowa\u0142 z podziemn\u0105 \u201eSolidarno\u015bci\u0105\u201d oraz tr\u00f3jmiejskim oddzia\u0142em \u201eSolidarno\u015bci Walcz\u0105cej\u201d. Jako pracownik Politechniki Gda\u0144skiej zajmowa\u0142 si\u0119 wykrywaniem urz\u0105dze\u0144 pods\u0142uchowych oraz naprawianiem i przerabianiem elektronicznego sprz\u0119tu dla potrzeb podziemnej poligrafii i radia (maszyny drukarskie, skanery do nas\u0142uchu SB, nadajniki radiowe i telewizyjne, komputery). Stworzy\u0142, na potrzeby \u201eBiuletynu SW Tr\u00f3jmiasto\u201d, [&hellip;]<\/p>\n","protected":false},"featured_media":1333,"template":"","meta":[],"_links":{"self":[{"href":"http:\/\/ludzie.fundacja-pih.pl\/index.php\/wp-json\/wp\/v2\/product\/1332"}],"collection":[{"href":"http:\/\/ludzie.fundacja-pih.pl\/index.php\/wp-json\/wp\/v2\/product"}],"about":[{"href":"http:\/\/ludzie.fundacja-pih.pl\/index.php\/wp-json\/wp\/v2\/types\/product"}],"wp:featuredmedia":[{"embeddable":true,"href":"http:\/\/ludzie.fundacja-pih.pl\/index.php\/wp-json\/wp\/v2\/media\/1333"}],"wp:attachment":[{"href":"http:\/\/ludzie.fundacja-pih.pl\/index.php\/wp-json\/wp\/v2\/media?parent=1332"}],"curies":[{"name":"wp","href":"https:\/\/api.w.org\/{rel}","templated":true}]}}