{"id":1341,"date":"2021-01-08T09:58:40","date_gmt":"2021-01-08T09:58:40","guid":{"rendered":"http:\/\/ludzie.fundacja-pih.pl\/?post_type=product&#038;p=1341"},"modified":"2025-05-16T14:12:54","modified_gmt":"2025-05-16T14:12:54","slug":"sadowski-lech","status":"publish","type":"product","link":"http:\/\/ludzie.fundacja-pih.pl\/index.php\/product\/sadowski-lech\/","title":{"rendered":"Sadowski Lech"},"content":{"rendered":"<p>By\u0142 dzia\u0142aczem utworzonej w 1982 roku Tajnej Komisji Zak\u0142adowej Stoczni im. Komuny Paryskiej w Gdyni, kt\u00f3ra funkcjonowa\u0142a do roku 1989. TKZ wydawa\u0142a w\u0142asne pisma takie jak: \u201eBiuletyn\u201d, p\u00f3\u017aniej \u201eBiuletyn Informacyjny\u201d, a nast\u0119pnie \u201eInformator Wojenny\u201d. Od listopada 1984 roku do sierpnia 1986 roku TKZ wydawa\u0142o pismo \u201eKad\u0142ub\u201d. Na terenie Stoczni kolportowano wiele wydawnictw, m.in. \u201eMa\u0142y konspirator\u201d czy pisma \u201eNasz Czas\u201d, \u201eSolidarno\u015b\u0107 Walcz\u0105ca\u201d, \u201eTygodnik Mazowsze\u201d i inne. Lech Sadowski kolportowa\u0142 r\u00f3wnie\u017c zdj\u0119cia, znaczki pocztowe podziemne, drugi okoliczno\u015bciowe czy medale. Dzia\u0142alno\u015b\u0107 TKZ by\u0142a finansowana ze sk\u0142adek dzia\u0142aczy \u201eSolidarno\u015bci\u201d SKP. W 1989 roku utworzono Komitet Organizacyjny SKP. 22 marca 1989 roku wybrano Prezydium, do kt\u00f3rego wszed\u0142 Lech Sadowski. <\/p>\n","protected":false},"excerpt":{"rendered":"<p>By\u0142 dzia\u0142aczem utworzonej w 1982 roku Tajnej Komisji Zak\u0142adowej Stoczni im. Komuny Paryskiej w Gdyni, kt\u00f3ra funkcjonowa\u0142a do roku 1989. TKZ wydawa\u0142a w\u0142asne pisma takie jak: \u201eBiuletyn\u201d, p\u00f3\u017aniej \u201eBiuletyn Informacyjny\u201d, a nast\u0119pnie \u201eInformator Wojenny\u201d. Od listopada 1984 roku do sierpnia 1986 roku TKZ wydawa\u0142o pismo \u201eKad\u0142ub\u201d. Na terenie Stoczni kolportowano wiele wydawnictw, m.in. \u201eMa\u0142y konspirator\u201d [&hellip;]<\/p>\n","protected":false},"featured_media":1342,"template":"","meta":[],"_links":{"self":[{"href":"http:\/\/ludzie.fundacja-pih.pl\/index.php\/wp-json\/wp\/v2\/product\/1341"}],"collection":[{"href":"http:\/\/ludzie.fundacja-pih.pl\/index.php\/wp-json\/wp\/v2\/product"}],"about":[{"href":"http:\/\/ludzie.fundacja-pih.pl\/index.php\/wp-json\/wp\/v2\/types\/product"}],"wp:featuredmedia":[{"embeddable":true,"href":"http:\/\/ludzie.fundacja-pih.pl\/index.php\/wp-json\/wp\/v2\/media\/1342"}],"wp:attachment":[{"href":"http:\/\/ludzie.fundacja-pih.pl\/index.php\/wp-json\/wp\/v2\/media?parent=1341"}],"curies":[{"name":"wp","href":"https:\/\/api.w.org\/{rel}","templated":true}]}}