{"id":1351,"date":"2021-01-08T10:03:48","date_gmt":"2021-01-08T10:03:48","guid":{"rendered":"http:\/\/ludzie.fundacja-pih.pl\/?post_type=product&#038;p=1351"},"modified":"2025-05-16T14:12:59","modified_gmt":"2025-05-16T14:12:59","slug":"spodzieja-bogdan","status":"publish","type":"product","link":"http:\/\/ludzie.fundacja-pih.pl\/index.php\/product\/spodzieja-bogdan\/","title":{"rendered":"Spodzieja Bogus\u0142aw"},"content":{"rendered":"<p>Urodzi\u0142 si\u0119 18 kwietnia 1960 roku w Ganie.<\/p>\n<p>W sierpniu 1980 roku by\u0142 inicjatorem strajku okupacyjnego w Zak\u0142adach Sprz\u0119tu Motoryzacyjnego \u201cPOLMO\u201d w Praszce. W 1985 roku rozpocz\u0105\u0142 kolportowa\u0107 wydawnictwa podziemne. W maju 1988 roku wszed\u0142 w sk\u0142ad Tajnej Komisji Zak\u0142adowej NSZZ \u201eSolidarno\u015b\u0107\u201d w Stoczni Gda\u0144skiej. W sierpniu 1988 roku uczestniczy\u0142 w strajku w Stoczni Gda\u0144skiej. W tym samym roku wst\u0105pi\u0142 do struktur \u201eSolidarno\u015bci Walcz\u0105cej\u201d i sta\u0142 si\u0119 jej zaprzysi\u0119\u017conym cz\u0142onkiem. Przewodniczy\u0142 grupie SW w Stoczni Gda\u0144skiej. Pe\u0142ni\u0142 funkcje redaktora oraz drukowa\u0142 podziemne czasopismo \u201eG\u0142os Trzeciej Bramy\u201d wydawane w Stoczni. Wsp\u00f3\u0142pracowa\u0142 z pismem \u201ePoza Uk\u0142adem\u201d. W 1989 roku, z grup\u0105 os\u00f3b zwi\u0105zanych z Andrzejem Gwiazd\u0105 reaktywowa\u0142 Wolne Zwi\u0105zki Zawodowe. W tym samym roku zosta\u0142 jawnym przedstawicielem SW Tr\u00f3jmiasto.<\/p>\n","protected":false},"excerpt":{"rendered":"<p>Urodzi\u0142 si\u0119 18 kwietnia 1960 roku w Ganie. W sierpniu 1980 roku by\u0142 inicjatorem strajku okupacyjnego w Zak\u0142adach Sprz\u0119tu Motoryzacyjnego \u201cPOLMO\u201d w Praszce. W 1985 roku rozpocz\u0105\u0142 kolportowa\u0107 wydawnictwa podziemne. W maju 1988 roku wszed\u0142 w sk\u0142ad Tajnej Komisji Zak\u0142adowej NSZZ \u201eSolidarno\u015b\u0107\u201d w Stoczni Gda\u0144skiej. W sierpniu 1988 roku uczestniczy\u0142 w strajku w Stoczni Gda\u0144skiej. [&hellip;]<\/p>\n","protected":false},"featured_media":1353,"template":"","meta":[],"_links":{"self":[{"href":"http:\/\/ludzie.fundacja-pih.pl\/index.php\/wp-json\/wp\/v2\/product\/1351"}],"collection":[{"href":"http:\/\/ludzie.fundacja-pih.pl\/index.php\/wp-json\/wp\/v2\/product"}],"about":[{"href":"http:\/\/ludzie.fundacja-pih.pl\/index.php\/wp-json\/wp\/v2\/types\/product"}],"wp:featuredmedia":[{"embeddable":true,"href":"http:\/\/ludzie.fundacja-pih.pl\/index.php\/wp-json\/wp\/v2\/media\/1353"}],"wp:attachment":[{"href":"http:\/\/ludzie.fundacja-pih.pl\/index.php\/wp-json\/wp\/v2\/media?parent=1351"}],"curies":[{"name":"wp","href":"https:\/\/api.w.org\/{rel}","templated":true}]}}

Spodzieja Bogusław

<p>Urodził się 18 kwietnia 1960 roku w Ganie.</p>
<p>W sierpniu 1980 roku był inicjatorem strajku okupacyjnego w Zakładach Sprzętu Motoryzacyjnego “POLMO” w Praszce. W 1985 roku rozpoczął kolportować wydawnictwa podziemne. W maju 1988 roku wszedł w skład Tajnej Komisji Zakładowej NSZZ „Solidarność” w Stoczni Gdańskiej. W sierpniu 1988 roku uczestniczył w strajku w Stoczni Gdańskiej. W tym samym roku wstąpił do struktur „Solidarności Walczącej” i stał się jej zaprzysiężonym członkiem. Przewodniczył grupie SW w Stoczni Gdańskiej. Pełnił funkcje redaktora oraz drukował podziemne czasopismo „Głos Trzeciej Bramy” wydawane w Stoczni. Współpracował z pismem „Poza Układem”. W 1989 roku, z grupą osób związanych z Andrzejem Gwiazdą reaktywował Wolne Związki Zawodowe. W tym samym roku został jawnym przedstawicielem SW Trójmiasto.</p>

<p>Urodził się 18 kwietnia 1960 roku w Ganie. W sierpniu 1980 roku był inicjatorem strajku okupacyjnego w Zakładach Sprzętu Motoryzacyjnego “POLMO” w Praszce. W 1985 roku rozpoczął kolportować wydawnictwa podziemne. W maju 1988 roku wszedł w skład Tajnej Komisji Zakładowej NSZZ „Solidarność” w Stoczni Gdańskiej. W sierpniu 1988 roku uczestniczył w strajku w Stoczni Gdańskiej. [&hellip;]</p>
