{"id":1356,"date":"2021-01-08T10:06:36","date_gmt":"2021-01-08T10:06:36","guid":{"rendered":"http:\/\/ludzie.fundacja-pih.pl\/?post_type=product&#038;p=1356"},"modified":"2025-05-16T14:13:01","modified_gmt":"2025-05-16T14:13:01","slug":"stenecki-jan","status":"publish","type":"product","link":"http:\/\/ludzie.fundacja-pih.pl\/index.php\/product\/stenecki-jan\/","title":{"rendered":"Stanecki Jan"},"content":{"rendered":"<p>Urodzi\u0142 si\u0119 w 7 lipca 1958 roku w Bystrzycy K\u0142odzkiej.<\/p>\n<p>W 1977 roku uko\u0144czy\u0142 ZSZ w Bystrzycy K\u0142odzkiej, uzyskuj\u0105c zaw\u00f3d masarza. W latach 1973 &#8211; 1976 pracowa\u0142 jako masarz w Wojew\u00f3dzkiej Sp\u00f3\u0142dzielni Spo\u017cywc\u00f3w Spo\u0142em w Bystrzycy K\u0142odzkiej. W latach 1980 &#8211; 1986 by\u0142 cie\u015bl\u0105 w Kopalni W\u0119gla Kamiennego \u201ePok\u00f3j\u201d w Rudzie \u015al\u0105skiej. W latach 1986 &#8211; 1987 by\u0142 zatrudniony jako spawacz w Stoczni im. Komuny Paryskiej w Gdyni, a nast\u0119pnie w Przedsi\u0119biorstwie Instalacji Przemys\u0142owych Instal w Warszawie. W latach 1987 &#8211; 1988 pracowa\u0142 w Stoczni Gda\u0144skiej im. Lenina. 2 maja 1988 roku wsp\u00f3\u0142organizowa\u0142 strajk w Stoczni Gda\u0144skiej. W pierwszym dniu strajku pe\u0142ni\u0142 rol\u0119 jego przyw\u00f3dcy, nale\u017ca\u0142 te\u017c do KS. Wkr\u00f3tce zosta\u0142 zwolniony z pracy. Od lipca do listopada 1988 roku by\u0142 zatrudniony w Stoczni Wis\u0142a w Gda\u0144sku. W sierpniu 1988 roku zorganizowa\u0142 tam strajk i zosta\u0142 przewodnicz\u0105cym KS. Od wrze\u015bnia 1988 roku kierowa\u0142 odtwarzaj\u0105cymi si\u0119 strukturami \u201eS\u201d w swoim zak\u0142adzie pracy i wydawa\u0142 podziemne czasopismo \u201eG\u0142os Wis\u0142y\u201d. W pa\u017adzierniku 1988 roku zorganizowa\u0142 kolejny strajk w Stoczni Wis\u0142a. W tym samym roku za\u0142o\u017cy\u0142 parti\u0119 \u201eOpozycja 88\u201d, przeciwnej ugodzie Okr\u0105g\u0142ego Sto\u0142u. W latach 1989 &#8211; 1992 by\u0142 zatrudniony w Stoczni Gdynia SA i nawi\u0105za\u0142 wsp\u00f3\u0142prac\u0119 z Solidarno\u015bci\u0105 Walcz\u0105c\u0105. W 2014 roku zosta\u0142 odznaczony Krzy\u017cem Wolno\u015bci i Solidarno\u015bci. Od 2 maja 1988 roku do 22 stycznia 1990 roku by\u0142 rozpracowywany przez Wydzia\u0142 V WUSW w Gda\u0144sku w ramach SOR o kryptonimie \u201eKompania\u201d.<\/p>\n","protected":false},"excerpt":{"rendered":"<p>Urodzi\u0142 si\u0119 w 7 lipca 1958 roku w Bystrzycy K\u0142odzkiej. W 1977 roku uko\u0144czy\u0142 ZSZ w Bystrzycy K\u0142odzkiej, uzyskuj\u0105c zaw\u00f3d masarza. W latach 1973 &#8211; 1976 pracowa\u0142 jako masarz w Wojew\u00f3dzkiej Sp\u00f3\u0142dzielni Spo\u017cywc\u00f3w Spo\u0142em w Bystrzycy K\u0142odzkiej. W latach 1980 &#8211; 1986 by\u0142 cie\u015bl\u0105 w Kopalni W\u0119gla Kamiennego \u201ePok\u00f3j\u201d w Rudzie \u015al\u0105skiej. W latach 1986 [&hellip;]<\/p>\n","protected":false},"featured_media":906,"template":"","meta":[],"_links":{"self":[{"href":"http:\/\/ludzie.fundacja-pih.pl\/index.php\/wp-json\/wp\/v2\/product\/1356"}],"collection":[{"href":"http:\/\/ludzie.fundacja-pih.pl\/index.php\/wp-json\/wp\/v2\/product"}],"about":[{"href":"http:\/\/ludzie.fundacja-pih.pl\/index.php\/wp-json\/wp\/v2\/types\/product"}],"wp:featuredmedia":[{"embeddable":true,"href":"http:\/\/ludzie.fundacja-pih.pl\/index.php\/wp-json\/wp\/v2\/media\/906"}],"wp:attachment":[{"href":"http:\/\/ludzie.fundacja-pih.pl\/index.php\/wp-json\/wp\/v2\/media?parent=1356"}],"curies":[{"name":"wp","href":"https:\/\/api.w.org\/{rel}","templated":true}]}}

<p>Urodził się w 7 lipca 1958 roku w Bystrzycy Kłodzkiej.</p>
<p>W 1977 roku ukończył ZSZ w Bystrzycy Kłodzkiej, uzyskując zawód masarza. W latach 1973 &#8211; 1976 pracował jako masarz w Wojewódzkiej Spółdzielni Spożywców Społem w Bystrzycy Kłodzkiej. W latach 1980 &#8211; 1986 był cieślą w Kopalni Węgla Kamiennego „Pokój” w Rudzie Śląskiej. W latach 1986 &#8211; 1987 był zatrudniony jako spawacz w Stoczni im. Komuny Paryskiej w Gdyni, a następnie w Przedsiębiorstwie Instalacji Przemysłowych Instal w Warszawie. W latach 1987 &#8211; 1988 pracował w Stoczni Gdańskiej im. Lenina. 2 maja 1988 roku współorganizował strajk w Stoczni Gdańskiej. W pierwszym dniu strajku pełnił rolę jego przywódcy, należał też do KS. Wkrótce został zwolniony z pracy. Od lipca do listopada 1988 roku był zatrudniony w Stoczni Wisła w Gdańsku. W sierpniu 1988 roku zorganizował tam strajk i został przewodniczącym KS. Od września 1988 roku kierował odtwarzającymi się strukturami „S” w swoim zakładzie pracy i wydawał podziemne czasopismo „Głos Wisły”. W październiku 1988 roku zorganizował kolejny strajk w Stoczni Wisła. W tym samym roku założył partię „Opozycja 88”, przeciwnej ugodzie Okrągłego Stołu. W latach 1989 &#8211; 1992 był zatrudniony w Stoczni Gdynia SA i nawiązał współpracę z Solidarnością Walczącą. W 2014 roku został odznaczony Krzyżem Wolności i Solidarności. Od 2 maja 1988 roku do 22 stycznia 1990 roku był rozpracowywany przez Wydział V WUSW w Gdańsku w ramach SOR o kryptonimie „Kompania”.</p>

<p>Urodził się w 7 lipca 1958 roku w Bystrzycy Kłodzkiej. W 1977 roku ukończył ZSZ w Bystrzycy Kłodzkiej, uzyskując zawód masarza. W latach 1973 &#8211; 1976 pracował jako masarz w Wojewódzkiej Spółdzielni Spożywców Społem w Bystrzycy Kłodzkiej. W latach 1980 &#8211; 1986 był cieślą w Kopalni Węgla Kamiennego „Pokój” w Rudzie Śląskiej. W latach 1986 [&hellip;]</p>
