{"id":1365,"date":"2021-01-08T10:11:36","date_gmt":"2021-01-08T10:11:36","guid":{"rendered":"http:\/\/ludzie.fundacja-pih.pl\/?post_type=product&#038;p=1365"},"modified":"2025-05-16T14:13:06","modified_gmt":"2025-05-16T14:13:06","slug":"terlikowski-andrzej","status":"publish","type":"product","link":"http:\/\/ludzie.fundacja-pih.pl\/index.php\/product\/terlikowski-andrzej\/","title":{"rendered":"Terlikowski Andrzej"},"content":{"rendered":"<p>Urodzi\u0142 si\u0119 w 1956 roku w m. Gdynia<\/p>\n<p>W 1984 roku rozpocz\u0105\u0142 dzia\u0142alno\u015b\u0107 w strukturach tr\u00f3jmiejskiej  \u201eSolidarno\u015bci Walcz\u0105cej\u201d, gdzie pe\u0142ni\u0142 funkcj\u0119 \u0142\u0105cznika mi\u0119dzy redakcj\u0105 Biuletynu SWT, a Andrzejem Ko\u0142odziejem. W latach 1984 \u2013 1990 by\u0142 zaanga\u017cowany w kolporta\u017c wydawnictw podziemnych SWT w Tr\u00f3jmie\u015bcie, w tym m.in. czasopisma \u201ePoza Uk\u0142adem\u201d. W latach 1985 &#8211; 1987 udost\u0119pnia\u0142 swoje mieszkanie dla ukrywaj\u0105cych si\u0119 dzia\u0142aczy podziemia. W 2016 roku  na podstawie postanowienia Prezydenta RP \u2013 nr 515\/2016 &#8211;  nadano mu Krzy\u017c Wolno\u015bci i Solidarno\u015bci.<\/p>\n","protected":false},"excerpt":{"rendered":"<p>Urodzi\u0142 si\u0119 w 1956 roku w m. Gdynia W 1984 roku rozpocz\u0105\u0142 dzia\u0142alno\u015b\u0107 w strukturach tr\u00f3jmiejskiej \u201eSolidarno\u015bci Walcz\u0105cej\u201d, gdzie pe\u0142ni\u0142 funkcj\u0119 \u0142\u0105cznika mi\u0119dzy redakcj\u0105 Biuletynu SWT, a Andrzejem Ko\u0142odziejem. W latach 1984 \u2013 1990 by\u0142 zaanga\u017cowany w kolporta\u017c wydawnictw podziemnych SWT w Tr\u00f3jmie\u015bcie, w tym m.in. czasopisma \u201ePoza Uk\u0142adem\u201d. W latach 1985 &#8211; 1987 udost\u0119pnia\u0142 [&hellip;]<\/p>\n","protected":false},"featured_media":1366,"template":"","meta":[],"_links":{"self":[{"href":"http:\/\/ludzie.fundacja-pih.pl\/index.php\/wp-json\/wp\/v2\/product\/1365"}],"collection":[{"href":"http:\/\/ludzie.fundacja-pih.pl\/index.php\/wp-json\/wp\/v2\/product"}],"about":[{"href":"http:\/\/ludzie.fundacja-pih.pl\/index.php\/wp-json\/wp\/v2\/types\/product"}],"wp:featuredmedia":[{"embeddable":true,"href":"http:\/\/ludzie.fundacja-pih.pl\/index.php\/wp-json\/wp\/v2\/media\/1366"}],"wp:attachment":[{"href":"http:\/\/ludzie.fundacja-pih.pl\/index.php\/wp-json\/wp\/v2\/media?parent=1365"}],"curies":[{"name":"wp","href":"https:\/\/api.w.org\/{rel}","templated":true}]}}

<p>Urodził się w 1956 roku w m. Gdynia</p>
<p>W 1984 roku rozpoczął działalność w strukturach trójmiejskiej  „Solidarności Walczącej”, gdzie pełnił funkcję łącznika między redakcją Biuletynu SWT, a Andrzejem Kołodziejem. W latach 1984 – 1990 był zaangażowany w kolportaż wydawnictw podziemnych SWT w Trójmieście, w tym m.in. czasopisma „Poza Układem”. W latach 1985 &#8211; 1987 udostępniał swoje mieszkanie dla ukrywających się działaczy podziemia. W 2016 roku  na podstawie postanowienia Prezydenta RP – nr 515/2016 &#8211;  nadano mu Krzyż Wolności i Solidarności.</p>

<p>Urodził się w 1956 roku w m. Gdynia W 1984 roku rozpoczął działalność w strukturach trójmiejskiej „Solidarności Walczącej”, gdzie pełnił funkcję łącznika między redakcją Biuletynu SWT, a Andrzejem Kołodziejem. W latach 1984 – 1990 był zaangażowany w kolportaż wydawnictw podziemnych SWT w Trójmieście, w tym m.in. czasopisma „Poza Układem”. W latach 1985 &#8211; 1987 udostępniał [&hellip;]</p>
