{"id":1367,"date":"2021-01-08T10:12:08","date_gmt":"2021-01-08T10:12:08","guid":{"rendered":"http:\/\/ludzie.fundacja-pih.pl\/?post_type=product&#038;p=1367"},"modified":"2025-05-16T14:13:06","modified_gmt":"2025-05-16T14:13:06","slug":"terlikowska-dzidka","status":"publish","type":"product","link":"http:\/\/ludzie.fundacja-pih.pl\/index.php\/product\/terlikowska-dzidka\/","title":{"rendered":"Terlikowska Helena"},"content":{"rendered":"<p>Urodzi\u0142a si\u0119 14 marca 1958 roku w Malborku.<\/p>\n<p>Dzia\u0142a\u0142a pod pseudonimem \u201eDzidka\u201d. Wst\u0105pi\u0142a do \u201eSolidarno\u015bci Walcz\u0105cej\u201d dzi\u0119ki znajomo\u015bci z Andrzejem Ko\u0142odziejem i Markiem Czachorem zwi\u0105zanych z \u201eSolidarno\u015bci\u0105 Walcz\u0105c\u0105 Oddzia\u0142 Tr\u00f3jmiasto\u201d. W latach 1985 &#8211; 1987 udost\u0119pnia\u0142a swoje mieszkanie dla ukrywaj\u0105cych si\u0119 dzia\u0142aczy podziemia. Pomaga\u0142a przy sk\u0142adzie pism niezale\u017cnych w tym m.in. \u201ePoza Uk\u0142adem\u201d. Otrzyma\u0142a Medal 100-lecia Odzyskania Niepodleg\u0142o\u015bci.<\/p>\n","protected":false},"excerpt":{"rendered":"<p>Urodzi\u0142a si\u0119 14 marca 1958 roku w Malborku. Dzia\u0142a\u0142a pod pseudonimem \u201eDzidka\u201d. Wst\u0105pi\u0142a do \u201eSolidarno\u015bci Walcz\u0105cej\u201d dzi\u0119ki znajomo\u015bci z Andrzejem Ko\u0142odziejem i Markiem Czachorem zwi\u0105zanych z \u201eSolidarno\u015bci\u0105 Walcz\u0105c\u0105 Oddzia\u0142 Tr\u00f3jmiasto\u201d. W latach 1985 &#8211; 1987 udost\u0119pnia\u0142a swoje mieszkanie dla ukrywaj\u0105cych si\u0119 dzia\u0142aczy podziemia. Pomaga\u0142a przy sk\u0142adzie pism niezale\u017cnych w tym m.in. \u201ePoza Uk\u0142adem\u201d. Otrzyma\u0142a Medal [&hellip;]<\/p>\n","protected":false},"featured_media":906,"template":"","meta":[],"_links":{"self":[{"href":"http:\/\/ludzie.fundacja-pih.pl\/index.php\/wp-json\/wp\/v2\/product\/1367"}],"collection":[{"href":"http:\/\/ludzie.fundacja-pih.pl\/index.php\/wp-json\/wp\/v2\/product"}],"about":[{"href":"http:\/\/ludzie.fundacja-pih.pl\/index.php\/wp-json\/wp\/v2\/types\/product"}],"wp:featuredmedia":[{"embeddable":true,"href":"http:\/\/ludzie.fundacja-pih.pl\/index.php\/wp-json\/wp\/v2\/media\/906"}],"wp:attachment":[{"href":"http:\/\/ludzie.fundacja-pih.pl\/index.php\/wp-json\/wp\/v2\/media?parent=1367"}],"curies":[{"name":"wp","href":"https:\/\/api.w.org\/{rel}","templated":true}]}}

<p>Urodziła się 14 marca 1958 roku w Malborku.</p>
<p>Działała pod pseudonimem „Dzidka”. Wstąpiła do „Solidarności Walczącej” dzięki znajomości z Andrzejem Kołodziejem i Markiem Czachorem związanych z „Solidarnością Walczącą Oddział Trójmiasto”. W latach 1985 &#8211; 1987 udostępniała swoje mieszkanie dla ukrywających się działaczy podziemia. Pomagała przy składzie pism niezależnych w tym m.in. „Poza Układem”. Otrzymała Medal 100-lecia Odzyskania Niepodległości.</p>

<p>Urodziła się 14 marca 1958 roku w Malborku. Działała pod pseudonimem „Dzidka”. Wstąpiła do „Solidarności Walczącej” dzięki znajomości z Andrzejem Kołodziejem i Markiem Czachorem związanych z „Solidarnością Walczącą Oddział Trójmiasto”. W latach 1985 &#8211; 1987 udostępniała swoje mieszkanie dla ukrywających się działaczy podziemia. Pomagała przy składzie pism niezależnych w tym m.in. „Poza Układem”. Otrzymała Medal [&hellip;]</p>
