{"id":1368,"date":"2021-01-08T10:12:49","date_gmt":"2021-01-08T10:12:49","guid":{"rendered":"http:\/\/ludzie.fundacja-pih.pl\/?post_type=product&#038;p=1368"},"modified":"2025-05-16T14:13:07","modified_gmt":"2025-05-16T14:13:07","slug":"toczko-boleslaw","status":"publish","type":"product","link":"http:\/\/ludzie.fundacja-pih.pl\/index.php\/product\/toczko-boleslaw\/","title":{"rendered":"Toczko Boles\u0142aw"},"content":{"rendered":"<p>Urodzi\u0142 si\u0119 5 sierpnia 1935 roku w Talkach, zm. 20 sierpnia 2008 roku w Gda\u0144sku.<\/p>\n<p>W sierpniu 1980 roku wsp\u00f3\u0142organizowa\u0142a strajk w Transbudzie w Gda\u0144sku. Nale\u017ca\u0142 do Komitetu Strajkowego. Dzia\u0142a\u0142 w NSZZ \u201eSolidarno\u015b\u0107\u201d. Po wprowadzeniu stanu wojennego wspiera\u0142 dzia\u0142alno\u015b\u0107 podziemn\u0105 zajmuj\u0105c si\u0119 hurtowym kolporta\u017cem prasy konspiracyjnej. W 1984 roku dawa\u0142 schronienie ukrywaj\u0105cym si\u0119 dzia\u0142aczom \u201eSolidarno\u015bci Walcz\u0105cej\u201d. W jego domu funkcjonowa\u0142a drukarnia. Od 1985  roku by\u0142a to drukarnia sitodrukowa i offsetowa \u2013 drukowano w niej m.in. \u201ePoza Uk\u0142adem\u201d i biuletyn SWT. Po 1988 roku by\u0142a drukarni\u0105 powielaczow\u0105 i w\u00f3wczas drukowano w niej m.in. \u201eG\u0142os trzeciej bramy\u201d stoczni im. Lenina,  a tak\u017ce czasopisma SWT i SW grupy stoczni im. Lenina. Drukarnia nigdy nie zosta\u0142a zdekonspirowana.<\/p>\n","protected":false},"excerpt":{"rendered":"<p>Urodzi\u0142 si\u0119 5 sierpnia 1935 roku w Talkach, zm. 20 sierpnia 2008 roku w Gda\u0144sku. W sierpniu 1980 roku wsp\u00f3\u0142organizowa\u0142a strajk w Transbudzie w Gda\u0144sku. Nale\u017ca\u0142 do Komitetu Strajkowego. Dzia\u0142a\u0142 w NSZZ \u201eSolidarno\u015b\u0107\u201d. Po wprowadzeniu stanu wojennego wspiera\u0142 dzia\u0142alno\u015b\u0107 podziemn\u0105 zajmuj\u0105c si\u0119 hurtowym kolporta\u017cem prasy konspiracyjnej. W 1984 roku dawa\u0142 schronienie ukrywaj\u0105cym si\u0119 dzia\u0142aczom \u201eSolidarno\u015bci [&hellip;]<\/p>\n","protected":false},"featured_media":1369,"template":"","meta":[],"_links":{"self":[{"href":"http:\/\/ludzie.fundacja-pih.pl\/index.php\/wp-json\/wp\/v2\/product\/1368"}],"collection":[{"href":"http:\/\/ludzie.fundacja-pih.pl\/index.php\/wp-json\/wp\/v2\/product"}],"about":[{"href":"http:\/\/ludzie.fundacja-pih.pl\/index.php\/wp-json\/wp\/v2\/types\/product"}],"wp:featuredmedia":[{"embeddable":true,"href":"http:\/\/ludzie.fundacja-pih.pl\/index.php\/wp-json\/wp\/v2\/media\/1369"}],"wp:attachment":[{"href":"http:\/\/ludzie.fundacja-pih.pl\/index.php\/wp-json\/wp\/v2\/media?parent=1368"}],"curies":[{"name":"wp","href":"https:\/\/api.w.org\/{rel}","templated":true}]}}

Toczko Bolesław

<p>Urodził się 5 sierpnia 1935 roku w Talkach, zm. 20 sierpnia 2008 roku w Gdańsku.</p>
<p>W sierpniu 1980 roku współorganizowała strajk w Transbudzie w Gdańsku. Należał do Komitetu Strajkowego. Działał w NSZZ „Solidarność”. Po wprowadzeniu stanu wojennego wspierał działalność podziemną zajmując się hurtowym kolportażem prasy konspiracyjnej. W 1984 roku dawał schronienie ukrywającym się działaczom „Solidarności Walczącej”. W jego domu funkcjonowała drukarnia. Od 1985  roku była to drukarnia sitodrukowa i offsetowa – drukowano w niej m.in. „Poza Układem” i biuletyn SWT. Po 1988 roku była drukarnią powielaczową i wówczas drukowano w niej m.in. „Głos trzeciej bramy” stoczni im. Lenina,  a także czasopisma SWT i SW grupy stoczni im. Lenina. Drukarnia nigdy nie została zdekonspirowana.</p>

<p>Urodził się 5 sierpnia 1935 roku w Talkach, zm. 20 sierpnia 2008 roku w Gdańsku. W sierpniu 1980 roku współorganizowała strajk w Transbudzie w Gdańsku. Należał do Komitetu Strajkowego. Działał w NSZZ „Solidarność”. Po wprowadzeniu stanu wojennego wspierał działalność podziemną zajmując się hurtowym kolportażem prasy konspiracyjnej. W 1984 roku dawał schronienie ukrywającym się działaczom „Solidarności [&hellip;]</p>
