{"id":1373,"date":"2021-01-08T10:15:31","date_gmt":"2021-01-08T10:15:31","guid":{"rendered":"http:\/\/ludzie.fundacja-pih.pl\/?post_type=product&#038;p=1373"},"modified":"2025-05-16T14:13:09","modified_gmt":"2025-05-16T14:13:09","slug":"trapkowski-daniel","status":"publish","type":"product","link":"http:\/\/ludzie.fundacja-pih.pl\/index.php\/product\/trapkowski-daniel\/","title":{"rendered":"Trapkowski Daniel"},"content":{"rendered":"<p>obecnie Dzienisz Artur \u2013 Urodzi\u0142 si\u0119 25 marca 1965 roku w Gda\u0144sku.<\/p>\n<p>W latach 1984 \u2013 1985 kolportowa\u0142 wydawnictwa podziemne. Dzia\u0142a\u0142 tak\u017ce w \u201eMi\u0119dzyszkolnym Komitecie Koordynacyjnym \u2013 Solidarno\u015bci M\u0142odych\u201d. W maju 1988 roku bra\u0142 udzia\u0142 w adresowaniu kopert skierowanych do \u017co\u0142nierzy LWP w ramach u\u015bwiadamiania \u017co\u0142nierzy o sytuacji politycznej w kraju. W 1990 roku uczestniczy\u0142 w drukowaniu czasopisma \u201ePoza Uk\u0142adem\u201d, jak r\u00f3wnie\u017c broszur wydawnictwa \u201ePetit\u201d.<\/p>\n","protected":false},"excerpt":{"rendered":"<p>obecnie Dzienisz Artur \u2013 Urodzi\u0142 si\u0119 25 marca 1965 roku w Gda\u0144sku. W latach 1984 \u2013 1985 kolportowa\u0142 wydawnictwa podziemne. Dzia\u0142a\u0142 tak\u017ce w \u201eMi\u0119dzyszkolnym Komitecie Koordynacyjnym \u2013 Solidarno\u015bci M\u0142odych\u201d. W maju 1988 roku bra\u0142 udzia\u0142 w adresowaniu kopert skierowanych do \u017co\u0142nierzy LWP w ramach u\u015bwiadamiania \u017co\u0142nierzy o sytuacji politycznej w kraju. W 1990 roku uczestniczy\u0142 [&hellip;]<\/p>\n","protected":false},"featured_media":906,"template":"","meta":[],"_links":{"self":[{"href":"http:\/\/ludzie.fundacja-pih.pl\/index.php\/wp-json\/wp\/v2\/product\/1373"}],"collection":[{"href":"http:\/\/ludzie.fundacja-pih.pl\/index.php\/wp-json\/wp\/v2\/product"}],"about":[{"href":"http:\/\/ludzie.fundacja-pih.pl\/index.php\/wp-json\/wp\/v2\/types\/product"}],"wp:featuredmedia":[{"embeddable":true,"href":"http:\/\/ludzie.fundacja-pih.pl\/index.php\/wp-json\/wp\/v2\/media\/906"}],"wp:attachment":[{"href":"http:\/\/ludzie.fundacja-pih.pl\/index.php\/wp-json\/wp\/v2\/media?parent=1373"}],"curies":[{"name":"wp","href":"https:\/\/api.w.org\/{rel}","templated":true}]}}

<p>obecnie Dzienisz Artur – Urodził się 25 marca 1965 roku w Gdańsku.</p>
<p>W latach 1984 – 1985 kolportował wydawnictwa podziemne. Działał także w „Międzyszkolnym Komitecie Koordynacyjnym – Solidarności Młodych”. W maju 1988 roku brał udział w adresowaniu kopert skierowanych do żołnierzy LWP w ramach uświadamiania żołnierzy o sytuacji politycznej w kraju. W 1990 roku uczestniczył w drukowaniu czasopisma „Poza Układem”, jak również broszur wydawnictwa „Petit”.</p>

<p>obecnie Dzienisz Artur – Urodził się 25 marca 1965 roku w Gdańsku. W latach 1984 – 1985 kolportował wydawnictwa podziemne. Działał także w „Międzyszkolnym Komitecie Koordynacyjnym – Solidarności Młodych”. W maju 1988 roku brał udział w adresowaniu kopert skierowanych do żołnierzy LWP w ramach uświadamiania żołnierzy o sytuacji politycznej w kraju. W 1990 roku uczestniczył [&hellip;]</p>
