{"id":1379,"date":"2021-01-08T10:18:49","date_gmt":"2021-01-08T10:18:49","guid":{"rendered":"http:\/\/ludzie.fundacja-pih.pl\/?post_type=product&#038;p=1379"},"modified":"2025-05-16T14:13:12","modified_gmt":"2025-05-16T14:13:12","slug":"welk-kazimierz","status":"publish","type":"product","link":"http:\/\/ludzie.fundacja-pih.pl\/index.php\/product\/welk-kazimierz\/","title":{"rendered":"Welk Kazimierz"},"content":{"rendered":"<p>Kolporter, na terenie Stoczni im. Komuny Paryskiej , pisma organizacji Solidarno\u015b\u0107 Walcz\u0105ca pt. ,,Solidarno\u015b\u0107 Walcz\u0105ca\u2019\u2019<\/p>\n","protected":false},"excerpt":{"rendered":"<p>Kolporter, na terenie Stoczni im. Komuny Paryskiej , pisma organizacji Solidarno\u015b\u0107 Walcz\u0105ca pt. ,,Solidarno\u015b\u0107 Walcz\u0105ca\u2019\u2019<\/p>\n","protected":false},"featured_media":1380,"template":"","meta":[],"_links":{"self":[{"href":"http:\/\/ludzie.fundacja-pih.pl\/index.php\/wp-json\/wp\/v2\/product\/1379"}],"collection":[{"href":"http:\/\/ludzie.fundacja-pih.pl\/index.php\/wp-json\/wp\/v2\/product"}],"about":[{"href":"http:\/\/ludzie.fundacja-pih.pl\/index.php\/wp-json\/wp\/v2\/types\/product"}],"wp:featuredmedia":[{"embeddable":true,"href":"http:\/\/ludzie.fundacja-pih.pl\/index.php\/wp-json\/wp\/v2\/media\/1380"}],"wp:attachment":[{"href":"http:\/\/ludzie.fundacja-pih.pl\/index.php\/wp-json\/wp\/v2\/media?parent=1379"}],"curies":[{"name":"wp","href":"https:\/\/api.w.org\/{rel}","templated":true}]}}

<p>Kolporter, na terenie Stoczni im. Komuny Paryskiej , pisma organizacji Solidarność Walcząca pt. ,,Solidarność Walcząca’’</p>
