{"id":1381,"date":"2021-01-08T10:19:29","date_gmt":"2021-01-08T10:19:29","guid":{"rendered":"http:\/\/ludzie.fundacja-pih.pl\/?post_type=product&#038;p=1381"},"modified":"2025-05-16T14:13:13","modified_gmt":"2025-05-16T14:13:13","slug":"wiktorska-albina","status":"publish","type":"product","link":"http:\/\/ludzie.fundacja-pih.pl\/index.php\/product\/wiktorska-albina\/","title":{"rendered":"Wiktorska Albina"},"content":{"rendered":"<p>By\u0142a zatrudniona w Wy\u017cszej Szko\u0142y Morskiej w Gdyni. W sierpniu 1989 roku podj\u0119\u0142a inicjatyw\u0119 akcji solidarno\u015bciowej na rzecz Mi\u0119dzyzak\u0142adowego Komitetu Strajkowego. Zorganizowa\u0142a zbi\u00f3rk\u0119 pieni\u0119dzy oraz zainicjowa\u0142a opracowanie postulat\u00f3w pracownik\u00f3w biblioteki i administracji Wy\u017cszej Szko\u0142y Morskiej, kt\u00f3re przekaza\u0142a do MKS. By\u0142a zaanga\u017cowana w tworzenie w WSM Niezale\u017cnych Samorz\u0105dowych Zwi\u0105zk\u00f3w Zawodowych. W trakcie stanu wojennego i po jego zniesieniu, dzia\u0142a\u0142a w tajnych strukturach zwi\u0105zkowych w tr\u00f3jmie\u015bcie jako kolporterka podziemnej prasy, a od 1985 roku jako \u0142\u0105czniczka podziemnych struktur \u201eSolidarno\u015bci Walcz\u0105cej\u201d.<\/p>\n","protected":false},"excerpt":{"rendered":"<p>By\u0142a zatrudniona w Wy\u017cszej Szko\u0142y Morskiej w Gdyni. W sierpniu 1989 roku podj\u0119\u0142a inicjatyw\u0119 akcji solidarno\u015bciowej na rzecz Mi\u0119dzyzak\u0142adowego Komitetu Strajkowego. Zorganizowa\u0142a zbi\u00f3rk\u0119 pieni\u0119dzy oraz zainicjowa\u0142a opracowanie postulat\u00f3w pracownik\u00f3w biblioteki i administracji Wy\u017cszej Szko\u0142y Morskiej, kt\u00f3re przekaza\u0142a do MKS. By\u0142a zaanga\u017cowana w tworzenie w WSM Niezale\u017cnych Samorz\u0105dowych Zwi\u0105zk\u00f3w Zawodowych. W trakcie stanu wojennego i po [&hellip;]<\/p>\n","protected":false},"featured_media":906,"template":"","meta":[],"_links":{"self":[{"href":"http:\/\/ludzie.fundacja-pih.pl\/index.php\/wp-json\/wp\/v2\/product\/1381"}],"collection":[{"href":"http:\/\/ludzie.fundacja-pih.pl\/index.php\/wp-json\/wp\/v2\/product"}],"about":[{"href":"http:\/\/ludzie.fundacja-pih.pl\/index.php\/wp-json\/wp\/v2\/types\/product"}],"wp:featuredmedia":[{"embeddable":true,"href":"http:\/\/ludzie.fundacja-pih.pl\/index.php\/wp-json\/wp\/v2\/media\/906"}],"wp:attachment":[{"href":"http:\/\/ludzie.fundacja-pih.pl\/index.php\/wp-json\/wp\/v2\/media?parent=1381"}],"curies":[{"name":"wp","href":"https:\/\/api.w.org\/{rel}","templated":true}]}}

<p>Była zatrudniona w Wyższej Szkoły Morskiej w Gdyni. W sierpniu 1989 roku podjęła inicjatywę akcji solidarnościowej na rzecz Międzyzakładowego Komitetu Strajkowego. Zorganizowała zbiórkę pieniędzy oraz zainicjowała opracowanie postulatów pracowników biblioteki i administracji Wyższej Szkoły Morskiej, które przekazała do MKS. Była zaangażowana w tworzenie w WSM Niezależnych Samorządowych Związków Zawodowych. W trakcie stanu wojennego i po jego zniesieniu, działała w tajnych strukturach związkowych w trójmieście jako kolporterka podziemnej prasy, a od 1985 roku jako łączniczka podziemnych struktur „Solidarności Walczącej”.</p>

<p>Była zatrudniona w Wyższej Szkoły Morskiej w Gdyni. W sierpniu 1989 roku podjęła inicjatywę akcji solidarnościowej na rzecz Międzyzakładowego Komitetu Strajkowego. Zorganizowała zbiórkę pieniędzy oraz zainicjowała opracowanie postulatów pracowników biblioteki i administracji Wyższej Szkoły Morskiej, które przekazała do MKS. Była zaangażowana w tworzenie w WSM Niezależnych Samorządowych Związków Zawodowych. W trakcie stanu wojennego i po [&hellip;]</p>
