{"id":1385,"date":"2021-01-08T10:21:24","date_gmt":"2021-01-08T10:21:24","guid":{"rendered":"http:\/\/ludzie.fundacja-pih.pl\/?post_type=product&#038;p=1385"},"modified":"2025-05-16T14:13:14","modified_gmt":"2025-05-16T14:13:14","slug":"wojciechowicz-michal","status":"publish","type":"product","link":"http:\/\/ludzie.fundacja-pih.pl\/index.php\/product\/wojciechowicz-michal\/","title":{"rendered":"Wojciechowicz Micha\u0142"},"content":{"rendered":"<p>Urodzi\u0142 si\u0119 13 grudnia 1964 roku w Gda\u0144sku.<\/p>\n<p>Przed rokiem 1980 roku by\u0142 zwi\u0105zany m.in. z Ruchem M\u0142odej Polski. W 1980 uczestniczy\u0142 w strajku w Stoczni Gda\u0144skiej im. Lenina. W 1982 roku by\u0142 organizatorem i przewodzi\u0142 nielegalnej organizacji \u201eRuch Oporu M\u0142odzie\u017cy\u201d w Gda\u0144sku. 29 kwietnia 1982 roku aresztowano go i osadzono w areszcie Komendy Wojew\u00f3dzkiej Milicji Obywatelskiej, a nast\u0119pnie w Areszcie \u015aledczym w Gda\u0144sku. 18 wrze\u015bnia 1982 roku zosta\u0142 zwolniony. Zajmowa\u0142 si\u0119 przygotowywaniem i kolporta\u017cem prasy podziemnej. By\u0142 cz\u0142onkiem redakcji wydawanego przez Ruch czasopisma \u201eUcze\u0144\u201d. Dzia\u0142a\u0142 jako \u0142\u0105cznik mi\u0119dzy \u201eSolidarno\u015bci\u0105 Walcz\u0105c\u0105\u201d i Liberalno-Demokratyczn\u0105 Parti\u0105 \u201eNiepodleg\u0142o\u015b\u0107\u201d. Pod koniec lat osiemdziesi\u0105tych wyemigrowa\u0142 do USA. Po zmianach ustrojowych w Polsce powr\u00f3ci\u0142 do Gda\u0144ska. W 2009 roku zosta\u0142 odznaczony Krzy\u017cem Kawalerskim Orderu Odrodzenia Polski, w roku 2015 otrzyma\u0142 Krzy\u017ce Wolno\u015bci i Solidarno\u015bci.<\/p>\n","protected":false},"excerpt":{"rendered":"<p>Urodzi\u0142 si\u0119 13 grudnia 1964 roku w Gda\u0144sku. Przed rokiem 1980 roku by\u0142 zwi\u0105zany m.in. z Ruchem M\u0142odej Polski. W 1980 uczestniczy\u0142 w strajku w Stoczni Gda\u0144skiej im. Lenina. W 1982 roku by\u0142 organizatorem i przewodzi\u0142 nielegalnej organizacji \u201eRuch Oporu M\u0142odzie\u017cy\u201d w Gda\u0144sku. 29 kwietnia 1982 roku aresztowano go i osadzono w areszcie Komendy Wojew\u00f3dzkiej [&hellip;]<\/p>\n","protected":false},"featured_media":3585,"template":"","meta":[],"_links":{"self":[{"href":"http:\/\/ludzie.fundacja-pih.pl\/index.php\/wp-json\/wp\/v2\/product\/1385"}],"collection":[{"href":"http:\/\/ludzie.fundacja-pih.pl\/index.php\/wp-json\/wp\/v2\/product"}],"about":[{"href":"http:\/\/ludzie.fundacja-pih.pl\/index.php\/wp-json\/wp\/v2\/types\/product"}],"wp:featuredmedia":[{"embeddable":true,"href":"http:\/\/ludzie.fundacja-pih.pl\/index.php\/wp-json\/wp\/v2\/media\/3585"}],"wp:attachment":[{"href":"http:\/\/ludzie.fundacja-pih.pl\/index.php\/wp-json\/wp\/v2\/media?parent=1385"}],"curies":[{"name":"wp","href":"https:\/\/api.w.org\/{rel}","templated":true}]}}

Wojciechowicz Michał

<p>Urodził się 13 grudnia 1964 roku w Gdańsku.</p>
<p>Przed rokiem 1980 roku był związany m.in. z Ruchem Młodej Polski. W 1980 uczestniczył w strajku w Stoczni Gdańskiej im. Lenina. W 1982 roku był organizatorem i przewodził nielegalnej organizacji „Ruch Oporu Młodzieży” w Gdańsku. 29 kwietnia 1982 roku aresztowano go i osadzono w areszcie Komendy Wojewódzkiej Milicji Obywatelskiej, a następnie w Areszcie Śledczym w Gdańsku. 18 września 1982 roku został zwolniony. Zajmował się przygotowywaniem i kolportażem prasy podziemnej. Był członkiem redakcji wydawanego przez Ruch czasopisma „Uczeń”. Działał jako łącznik między „Solidarnością Walczącą” i Liberalno-Demokratyczną Partią „Niepodległość”. Pod koniec lat osiemdziesiątych wyemigrował do USA. Po zmianach ustrojowych w Polsce powrócił do Gdańska. W 2009 roku został odznaczony Krzyżem Kawalerskim Orderu Odrodzenia Polski, w roku 2015 otrzymał Krzyże Wolności i Solidarności.</p>

<p>Urodził się 13 grudnia 1964 roku w Gdańsku. Przed rokiem 1980 roku był związany m.in. z Ruchem Młodej Polski. W 1980 uczestniczył w strajku w Stoczni Gdańskiej im. Lenina. W 1982 roku był organizatorem i przewodził nielegalnej organizacji „Ruch Oporu Młodzieży” w Gdańsku. 29 kwietnia 1982 roku aresztowano go i osadzono w areszcie Komendy Wojewódzkiej [&hellip;]</p>
