{"id":1387,"date":"2021-01-08T10:22:32","date_gmt":"2021-01-08T10:22:32","guid":{"rendered":"http:\/\/ludzie.fundacja-pih.pl\/?post_type=product&#038;p=1387"},"modified":"2025-05-16T14:13:15","modified_gmt":"2025-05-16T14:13:15","slug":"wozniak-tadeusz","status":"publish","type":"product","link":"http:\/\/ludzie.fundacja-pih.pl\/index.php\/product\/wozniak-tadeusz\/","title":{"rendered":"Wo\u017aniak Tadeusz"},"content":{"rendered":"<p>Urodzi\u0142 si\u0119 20 sierpnia 1946 roku w Gdyni. <\/p>\n<p>W 1969 roku uko\u0144czy\u0142 studia historyczne na Uniwersytecie Gda\u0144skim. W marcu 1968 roku, b\u0119d\u0105c studentem,  zosta\u0142 delegatem do Mi\u0119dzyuczelnianego Komitetu Strajkowego na Politechnice Gda\u0144skiej, gdzie pozna\u0142 m.in. Tadeusza Bienia.  W roku 1970 roku podj\u0105\u0142 prac\u0119 w miesi\u0119czniku \u201eLitery\u201d. W trakcie strajk\u00f3w w sierpniu 1980 roku pozna\u0142 Andrzeja Ko\u0142odzieja, z kt\u00f3rym rozpocz\u0105\u0142 wsp\u00f3\u0142prac\u0119 i pomaga\u0142 mu w trakcie jego ukrywania si\u0119. By\u0142 te\u017c cz\u0142onkiem Komitetu Budowy Pomnik\u00f3w Ofiar Grudnia 1970 w Gdyni i pierwszym rzecznikiem tego Komitetu. W stanie wojennym, za dzia\u0142alno\u015b\u0107 opozycyjn\u0105 zosta\u0142 zwolniony z pracy i obj\u0119ty zakazem wykonywania pracy w charakterze dziennikarza. Przez 8 lat prowadzi\u0142 warsztat rzemie\u015blniczy, kt\u00f3ry by\u0142 pod sta\u0142\u0105 obserwacj\u0105 SB. Zaanga\u017cowa\u0142 si\u0119 r\u00f3wnie\u017c w pomoc internowanym i wi\u0119zionym.  <\/p>\n","protected":false},"excerpt":{"rendered":"<p>Urodzi\u0142 si\u0119 20 sierpnia 1946 roku w Gdyni. W 1969 roku uko\u0144czy\u0142 studia historyczne na Uniwersytecie Gda\u0144skim. W marcu 1968 roku, b\u0119d\u0105c studentem, zosta\u0142 delegatem do Mi\u0119dzyuczelnianego Komitetu Strajkowego na Politechnice Gda\u0144skiej, gdzie pozna\u0142 m.in. Tadeusza Bienia. W roku 1970 roku podj\u0105\u0142 prac\u0119 w miesi\u0119czniku \u201eLitery\u201d. W trakcie strajk\u00f3w w sierpniu 1980 roku pozna\u0142 Andrzeja [&hellip;]<\/p>\n","protected":false},"featured_media":906,"template":"","meta":[],"_links":{"self":[{"href":"http:\/\/ludzie.fundacja-pih.pl\/index.php\/wp-json\/wp\/v2\/product\/1387"}],"collection":[{"href":"http:\/\/ludzie.fundacja-pih.pl\/index.php\/wp-json\/wp\/v2\/product"}],"about":[{"href":"http:\/\/ludzie.fundacja-pih.pl\/index.php\/wp-json\/wp\/v2\/types\/product"}],"wp:featuredmedia":[{"embeddable":true,"href":"http:\/\/ludzie.fundacja-pih.pl\/index.php\/wp-json\/wp\/v2\/media\/906"}],"wp:attachment":[{"href":"http:\/\/ludzie.fundacja-pih.pl\/index.php\/wp-json\/wp\/v2\/media?parent=1387"}],"curies":[{"name":"wp","href":"https:\/\/api.w.org\/{rel}","templated":true}]}}

Woźniak Tadeusz

<p>Urodził się 20 sierpnia 1946 roku w Gdyni. </p>
<p>W 1969 roku ukończył studia historyczne na Uniwersytecie Gdańskim. W marcu 1968 roku, będąc studentem,  został delegatem do Międzyuczelnianego Komitetu Strajkowego na Politechnice Gdańskiej, gdzie poznał m.in. Tadeusza Bienia.  W roku 1970 roku podjął pracę w miesięczniku „Litery”. W trakcie strajków w sierpniu 1980 roku poznał Andrzeja Kołodzieja, z którym rozpoczął współpracę i pomagał mu w trakcie jego ukrywania się. Był też członkiem Komitetu Budowy Pomników Ofiar Grudnia 1970 w Gdyni i pierwszym rzecznikiem tego Komitetu. W stanie wojennym, za działalność opozycyjną został zwolniony z pracy i objęty zakazem wykonywania pracy w charakterze dziennikarza. Przez 8 lat prowadził warsztat rzemieślniczy, który był pod stałą obserwacją SB. Zaangażował się również w pomoc internowanym i więzionym.  </p>

<p>Urodził się 20 sierpnia 1946 roku w Gdyni. W 1969 roku ukończył studia historyczne na Uniwersytecie Gdańskim. W marcu 1968 roku, będąc studentem, został delegatem do Międzyuczelnianego Komitetu Strajkowego na Politechnice Gdańskiej, gdzie poznał m.in. Tadeusza Bienia. W roku 1970 roku podjął pracę w miesięczniku „Litery”. W trakcie strajków w sierpniu 1980 roku poznał Andrzeja [&hellip;]</p>
