{"id":1391,"date":"2021-01-08T10:25:21","date_gmt":"2021-01-08T10:25:21","guid":{"rendered":"http:\/\/ludzie.fundacja-pih.pl\/?post_type=product&#038;p=1391"},"modified":"2025-05-16T14:13:18","modified_gmt":"2025-05-16T14:13:18","slug":"zajdel-teresa","status":"publish","type":"product","link":"http:\/\/ludzie.fundacja-pih.pl\/index.php\/product\/zajdel-teresa\/","title":{"rendered":"Zajdel Teresa"},"content":{"rendered":"<p>Urodzi\u0142a si\u0119 29 wrze\u015bnia 1933 roku w \u0141ucku, zm. 13 marca 2021 roku w Gdyni.<\/p>\n<p>W latach 1984 \u2013 1989 by\u0142a aktywn\u0105 dzia\u0142aczk\u0105 \u201eSolidarno\u015bci Walcz\u0105cej\u201d oraz \u0142\u0105czniczk\u0105 podziemnych struktur SW w Tr\u00f3jmie\u015bcie. Prowadzi\u0142a tzw. punkt kontaktowy. Pomaga\u0142a osobom represjonowanym i ukrywaj\u0105cym si\u0119 dzia\u0142aczom SW. Udost\u0119pnia\u0142a swoje mieszkanie do nadawania audycji Radia SW. Zajmowa\u0142a si\u0119 kolporta\u017cem wydawnictw podziemnych, a tak\u017ce przygotowywaniem transparent\u00f3w i organizowaniem manifestacji. W 2016 roku  na podstawie postanowienia Prezydenta RP \u2013 nr 515\/2016 &#8211;  nadano jej Krzy\u017c Wolno\u015bci i Solidarno\u015bci.<\/p>\n","protected":false},"excerpt":{"rendered":"<p>Urodzi\u0142a si\u0119 29 wrze\u015bnia 1933 roku w \u0141ucku, zm. 13 marca 2021 roku w Gdyni. W latach 1984 \u2013 1989 by\u0142a aktywn\u0105 dzia\u0142aczk\u0105 \u201eSolidarno\u015bci Walcz\u0105cej\u201d oraz \u0142\u0105czniczk\u0105 podziemnych struktur SW w Tr\u00f3jmie\u015bcie. Prowadzi\u0142a tzw. punkt kontaktowy. Pomaga\u0142a osobom represjonowanym i ukrywaj\u0105cym si\u0119 dzia\u0142aczom SW. Udost\u0119pnia\u0142a swoje mieszkanie do nadawania audycji Radia SW. Zajmowa\u0142a si\u0119 kolporta\u017cem [&hellip;]<\/p>\n","protected":false},"featured_media":1392,"template":"","meta":[],"_links":{"self":[{"href":"http:\/\/ludzie.fundacja-pih.pl\/index.php\/wp-json\/wp\/v2\/product\/1391"}],"collection":[{"href":"http:\/\/ludzie.fundacja-pih.pl\/index.php\/wp-json\/wp\/v2\/product"}],"about":[{"href":"http:\/\/ludzie.fundacja-pih.pl\/index.php\/wp-json\/wp\/v2\/types\/product"}],"wp:featuredmedia":[{"embeddable":true,"href":"http:\/\/ludzie.fundacja-pih.pl\/index.php\/wp-json\/wp\/v2\/media\/1392"}],"wp:attachment":[{"href":"http:\/\/ludzie.fundacja-pih.pl\/index.php\/wp-json\/wp\/v2\/media?parent=1391"}],"curies":[{"name":"wp","href":"https:\/\/api.w.org\/{rel}","templated":true}]}}

<p>Urodziła się 29 września 1933 roku w Łucku, zm. 13 marca 2021 roku w Gdyni.</p>
<p>W latach 1984 – 1989 była aktywną działaczką „Solidarności Walczącej” oraz łączniczką podziemnych struktur SW w Trójmieście. Prowadziła tzw. punkt kontaktowy. Pomagała osobom represjonowanym i ukrywającym się działaczom SW. Udostępniała swoje mieszkanie do nadawania audycji Radia SW. Zajmowała się kolportażem wydawnictw podziemnych, a także przygotowywaniem transparentów i organizowaniem manifestacji. W 2016 roku  na podstawie postanowienia Prezydenta RP – nr 515/2016 &#8211;  nadano jej Krzyż Wolności i Solidarności.</p>

<p>Urodziła się 29 września 1933 roku w Łucku, zm. 13 marca 2021 roku w Gdyni. W latach 1984 – 1989 była aktywną działaczką „Solidarności Walczącej” oraz łączniczką podziemnych struktur SW w Trójmieście. Prowadziła tzw. punkt kontaktowy. Pomagała osobom represjonowanym i ukrywającym się działaczom SW. Udostępniała swoje mieszkanie do nadawania audycji Radia SW. Zajmowała się kolportażem [&hellip;]</p>
