{"id":1393,"date":"2021-01-08T10:25:53","date_gmt":"2021-01-08T10:25:53","guid":{"rendered":"http:\/\/ludzie.fundacja-pih.pl\/?post_type=product&#038;p=1393"},"modified":"2025-05-16T14:13:18","modified_gmt":"2025-05-16T14:13:18","slug":"zarzycki-jacek","status":"publish","type":"product","link":"http:\/\/ludzie.fundacja-pih.pl\/index.php\/product\/zarzycki-jacek\/","title":{"rendered":"Zarzycki Jacek"},"content":{"rendered":"<p>\u017bo\u0142nierz Solidarny<br \/>\nRelacja Jacka Zarzyckiego:<br \/>\nPodczas wizyty u Marka i Magdy Czachor\u00f3w zosta\u0142em zaproszony na spacer i rozmow\u0119. Poszli\u015bmy na spacer z Markiem i psem Gromem na jaki\u015b rozleg\u0142y plac ko\u0142o \u00f3wczesnej Wy\u017cszej Szko\u0142y Morskiej w Gdyni. Pami\u0119tam, \u017ce podczas rozmowy Marek by\u0142 bardzo ostro\u017cny i obserwowa\u0142 otoczenie, ca\u0142y czas kr\u0105\u017cyli\u015bmy po placu, tak, \u017ceby widzie\u0107 czy kto\u015b si\u0119 kr\u0119ci ko\u0142o nas. Podczas spaceru Marek zaproponowa\u0142 mi udzia\u0142 w akcji Solidarno\u015bci Walcz\u0105cej Oddzia\u0142 Tr\u00f3jmiasto. Wyja\u015bni\u0142 mi, na czym ma polega\u0107 ca\u0142a akcja i moja rola w szczeg\u00f3lno\u015bci oraz \u017ce udzia\u0142 w takich dzia\u0142aniach w \u00f3wczesnych realiach by\u0142 zagro\u017cony oskar\u017ceniem o szpiegostwo, co oznacza\u0142o w\u00f3wczas, w razie z\u0142apania, wyrok dziesi\u0119ciu lat wi\u0119zienia. Wyrazi\u0142em na to zgod\u0119 i dowiedzia\u0142em si\u0119 szczeg\u00f3\u0142\u00f3w potrzebnych mi do dzia\u0142ania. Po powrocie ze spaceru dosta\u0142em \u201eMa\u0142ego Konspiratora\u201d (mam go do dzisiaj), a w nast\u0119pnych dniach Magda i Marek wyja\u015bniali mi zasady konspiracji, unikania obserwacji, wykrywania obserwacji, rozpoznawania tajniak\u00f3w itp. Po jakim\u015b czasie (nie pami\u0119tam jakim) skontaktowano mnie z dwoma osobami &#8211; Jol\u0105 i Danielem. W\u00f3wczas nazwisk nie zna\u0142em. Mia\u0142em z nimi wsp\u00f3\u0142pracowa\u0107 i najprawdopodobniej od Joli dosta\u0142em klucze do mieszkania na \u017babiance, w kt\u00f3rym mia\u0142em adresowa\u0107 koperty. W mieszkaniu zjawia\u0142em si\u0119, kiedy mia\u0142em wolny czas pomi\u0119dzy zaj\u0119ciami na studiach i zawsze mia\u0142em przygotowane wydruki z adresami \u017co\u0142nierzy Ludowego Wojska Polskiego oraz koperty i znaczki. Nie pami\u0119tam, czy od razu naklejali\u015bmy te znaczki czy dopiero na koniec, ale wydaje mi si\u0119, \u017ce przyklejali\u015bmy je od razu &#8211; pami\u0119tam, \u017ce z powodu hiperinflacji ceny us\u0142ug pocztowych posz\u0142y w g\u00f3r\u0119 i cz\u0119\u015b\u0107 korespondencji zosta\u0142a wys\u0142ana z nieodpowiednimi znaczkami (o za niskich nomina\u0142ach), ale kto\u015b z SW dowiedzia\u0142 si\u0119 od pracownik\u00f3w poczty, \u017ce nikt tego nie sprawdza, wi\u0119c zapad\u0142a decyzja, \u017ceby wysy\u0142a\u0107 tak, jak jest. Na koperty wpisywa\u0142em adresy os\u00f3b (wtedy kiedy dotyczy\u0142y adres\u00f3w prywatnych) oraz adresy s\u0142u\u017cbowe. Te ostatnie zawsze wtedy, kiedy pojawia\u0142 si\u0119 adres i numer jednostki wojskowej- wpisywa\u0142em wtedy nazwy stanowisk s\u0142u\u017cbowych, o kt\u00f3rych by\u0142o wiadomo, \u017ce istniej\u0105 w ka\u017cdej jednostce &#8211; np. oficer dy\u017curny, szef kompanii itp. Tak zaadresowanych kopert by\u0142o moim zdaniem jakie\u015b 20%, cho\u0107 w zale\u017cno\u015bci od tego, co by\u0142o na wydrukach z bazy danych adres\u00f3w, procentowy udzia\u0142 takich adresat\u00f3w m\u00f3g\u0142 si\u0119 zmienia\u0107. Czyta\u0142em relacj\u0119 Marka Czachora z tej akcji (zosta\u0142a zamieszczona na forum internetowym Solidarno\u015bci Walcz\u0105cej) i uwa\u017cam, \u017ce zaadresowanych kopert musia\u0142o by\u0107 wi\u0119cej ni\u017c 3000. Po pierwsze -robi\u0142o to kilka os\u00f3b przez d\u0142u\u017cszy czas, po drugie pami\u0119tam, \u017ce w mieszkaniu, gdzie adresowali\u015bmy, by\u0142a szafka czy jaka\u015b skrzynia, gdzie przetrzymywane by\u0142y koperty zaadresowane i czyste (te ostatnie zapakowane, wi\u0119c \u0142atwe do odr\u00f3\u017cnienia) i pami\u0119tam, \u017ce by\u0142o ich naprawd\u0119 sporo, a z w\u0142asnego do\u015bwiadczenia wiem (w latach dziewi\u0119\u0107dziesi\u0105tych u\u017cy\u0142em takiej samej metody w celach marketingowych w mojej firmie), \u017ce razem z \u017con\u0105 w kilka dni zaadresowali\u015bmy, zapakowali\u015bmy, oraz napisali\u015bmy odr\u0119cznie tekst do co najmniej dw\u00f3ch tysi\u0119cy os\u00f3b i zaj\u0119\u0142o nam to kilkana\u015bcie dni, a metod\u0105 na tzw. oko oceniam, \u017ce kopert by\u0142o mniej ni\u017c tych, kt\u00f3re widzia\u0142em w mieszkaniu, gdzie adresowali\u015bmy koperty na u\u017cytek S W. W przypadku akcji \u201e\u017bo\u0142nierz Solidarny\u201d koperty adresowa\u0142o wi\u0119cej os\u00f3b przez d\u0142u\u017cszy czas. Zaadresowane koperty zostawia\u0142em w mieszkaniu na \u017babiance albo zanosi\u0142em do jakiej\u015b drukarni w okolicach kwarta\u0142u budynk\u00f3w rogu Alei Zwyci\u0119stwa i obecnej ulicy Do Studzienki. Nie pami\u0119tam, komu oddawa\u0142em paczki i ile razy. Jeden raz zanios\u0142em koperty do mieszkania Czachor\u00f3w. W pakowaniu druk\u00f3w oraz wysy\u0142aniu nie uczestniczy\u0142em. Nie jest dla mnie ca\u0142kowicie jasne, czy SB (b\u0105d\u017a s\u0142u\u017cby wojskowe) by\u0142y zorientowane w jakim\u015b zakresie w naszej dzia\u0142alno\u015bci. Co prawda, nigdy nie zauwa\u017cy\u0142em \u017cadnego \u201eogona\u201d, a bytem wtedy zdecydowanie przeczulony na tym punkcie, ale w czasie adresowania kopert wydarzy\u0142y si\u0119 dwie sytuacje kt\u00f3re mog\u0142y, cho\u0107 nie musia\u0142y, oznacza\u0107 dzia\u0142ania SB-pod koniec adresowania kopert (na pewno by\u0142a to wiosna) w mieszkaniu, w kt\u00f3rym pracowa\u0142em, zadzwoni\u0142 telefon a ja przez g\u0142upot\u0119 odebra\u0142em i kto\u015b si\u0119 zapyta\u0142, co porabiam. Odpowiedzia\u0142em, \u017ce nic, i od\u0142o\u017cy\u0142em s\u0142uchawk\u0119. Osoba po drugiej stronie linii wydawa\u0142a si\u0119 by\u0107 zaskoczon\u0105 moj\u0105 obecno\u015bci\u0105, wi\u0119c by\u0107 mo\u017ce by\u0142 to jaki\u015b znajomy gospodarzy mieszkania. Przez d\u0142u\u017cszy czas obserwowa\u0142em ulic\u0119 ko\u0142o mieszkania, ale nie zauwa\u017cy\u0142em niczego podejrzanego. Doko\u0144czy\u0142em zaplanowan\u0105 prac\u0119 (w\u0142a\u015bciwie ju\u017c ko\u0144czy\u0142em w momencie telefonu) i pojecha\u0142em poinformowa\u0107 Marka o zaistnia\u0142ej sytuacji. Wtedy dowiedzia\u0142em si\u0119, \u017ce wcze\u015bniej by\u0142o w\u0142amanie do jakiego\u015b mieszkania zwi\u0105zanego z akcj\u0105 (w\u00f3wczas zrozumia\u0142em, \u017ce chodzi\u0142o o mieszkanie, z kt\u00f3rego korzysta\u0142em) i \u017ce nic nie zgin\u0119\u0142o, co by\u0142o dosy\u0107 niezwyk\u0142e. Z powodu tych wydarze\u0144 Marek i Magda rozwa\u017cali przyspieszenie wysy\u0142ki i zako\u0144czenie ca\u0142ej akcji. Czy dosz\u0142o do zmiany plan\u00f3w &#8211; nie wiem<\/p>\n","protected":false},"excerpt":{"rendered":"<p>\u017bo\u0142nierz Solidarny Relacja Jacka Zarzyckiego: Podczas wizyty u Marka i Magdy Czachor\u00f3w zosta\u0142em zaproszony na spacer i rozmow\u0119. Poszli\u015bmy na spacer z Markiem i psem Gromem na jaki\u015b rozleg\u0142y plac ko\u0142o \u00f3wczesnej Wy\u017cszej Szko\u0142y Morskiej w Gdyni. Pami\u0119tam, \u017ce podczas rozmowy Marek by\u0142 bardzo ostro\u017cny i obserwowa\u0142 otoczenie, ca\u0142y czas kr\u0105\u017cyli\u015bmy po placu, tak, \u017ceby [&hellip;]<\/p>\n","protected":false},"featured_media":3093,"template":"","meta":[],"_links":{"self":[{"href":"http:\/\/ludzie.fundacja-pih.pl\/index.php\/wp-json\/wp\/v2\/product\/1393"}],"collection":[{"href":"http:\/\/ludzie.fundacja-pih.pl\/index.php\/wp-json\/wp\/v2\/product"}],"about":[{"href":"http:\/\/ludzie.fundacja-pih.pl\/index.php\/wp-json\/wp\/v2\/types\/product"}],"wp:featuredmedia":[{"embeddable":true,"href":"http:\/\/ludzie.fundacja-pih.pl\/index.php\/wp-json\/wp\/v2\/media\/3093"}],"wp:attachment":[{"href":"http:\/\/ludzie.fundacja-pih.pl\/index.php\/wp-json\/wp\/v2\/media?parent=1393"}],"curies":[{"name":"wp","href":"https:\/\/api.w.org\/{rel}","templated":true}]}}