{"id":1401,"date":"2021-01-08T10:31:42","date_gmt":"2021-01-08T10:31:42","guid":{"rendered":"http:\/\/ludzie.fundacja-pih.pl\/?post_type=product&#038;p=1401"},"modified":"2025-05-16T14:13:22","modified_gmt":"2025-05-16T14:13:22","slug":"zywolewska-malgorzta","status":"publish","type":"product","link":"http:\/\/ludzie.fundacja-pih.pl\/index.php\/product\/zywolewska-malgorzta\/","title":{"rendered":"Zwiercan Ma\u0142gorzata Gra\u017cyna"},"content":{"rendered":"<p>Urodzi\u0142 si\u0119 6 lipca 1958 roku w Gdyni.<\/p>\n<p>Dzia\u0142a\u0142a pod pseudonimem \u201eJolka\u201d. W 1980 roku wst\u0105pi\u0142a do NSZZ \u201eSolidarno\u015b\u0107\u201d. Po wprowadzeniu stanu wojennego zajmowa\u0142a si\u0119 kolporta\u017cem prasy zwi\u0105zkowej. W 1986 roku zwi\u0105za\u0142a si\u0119 ze strukturami \u201eSolidarno\u015bci Walcz\u0105cej\u201d na terenie Tr\u00f3jmiasta i zosta\u0142a zaprzysi\u0119\u017conym cz\u0142onkiem tej organizacji.  Pracowa\u0142a przy redakcji technicznej biuletynu \u201ePoza Uk\u0142adem\u201d redagowanym przez Joann\u0119 Dud\u0119 &#8211; Gwiazd\u0119, a drukowanym przez SW. Wsp\u00f3\u0142pracowa\u0142a i wchodzi\u0142a w sk\u0142ad redakcji czasopisma \u201eSolidarno\u015b\u0107 Walcz\u0105ca Grupy Stoczni im. Komuny Paryskiej w Gdyni\u201d.  Zajmowa\u0142a si\u0119 drukiem. Bra\u0142a udzia\u0142 w przygotowywaniu i nadawaniu audycji radiowych \u201eSolidarno\u015bci Walcz\u0105cej\u201d oraz ukrywa\u0142a poszukiwanego listem go\u0144czym Romana Zwiercana. Przechowywa\u0142a bro\u0144 i materia\u0142y wybuchowe b\u0119d\u0105ce w posiadaniu grupy SW. By\u0142a \u0142\u0105czniczk\u0105 i kierowc\u0105 podziemnych struktur \u201eSW\u201d w Tr\u00f3jmie\u015bcie. W jej mieszkaniu, do 1990 roku, funkcjonowa\u0142a drukarnia offsetowa tr\u00f3jmiejskiego oddzia\u0142u SW oraz by\u0142 w nim ulokowany jedyny, b\u0119d\u0105cy w posiadaniu oddzia\u0142u powielacz offsetowy. W 1990 roku pomaga\u0142a przy prezydenckiej kampanii wyborczej Kornela Morawieckiego. Ma\u0142gorzata Zwiercan zosta\u0142a odznaczona Krzy\u017cem Kawalerskim Orderu Odrodzenia Polski, Krzy\u017cem Wolno\u015bci i Solidarno\u015bci, Medalem \u201ePro Patria\u201d,<br \/>\nMedalem 100-lecia Odzyskania Niepodleg\u0142o\u015bci, odznak\u0105 honorow\u0105 \u201eZas\u0142u\u017cony dla Kultury Polskiej\u201d, odznak\u0105 honorow\u0105 \u201eDzia\u0142acza opozycji antykomunistycznej lub osoby represjonowanej z powod\u00f3w politycznych\u201d oraz Krzy\u017cem Solidarno\u015bci Walcz\u0105cej.<\/p>\n","protected":false},"excerpt":{"rendered":"<p>Urodzi\u0142 si\u0119 6 lipca 1958 roku w Gdyni. Dzia\u0142a\u0142a pod pseudonimem \u201eJolka\u201d. W 1980 roku wst\u0105pi\u0142a do NSZZ \u201eSolidarno\u015b\u0107\u201d. Po wprowadzeniu stanu wojennego zajmowa\u0142a si\u0119 kolporta\u017cem prasy zwi\u0105zkowej. W 1986 roku zwi\u0105za\u0142a si\u0119 ze strukturami \u201eSolidarno\u015bci Walcz\u0105cej\u201d na terenie Tr\u00f3jmiasta i zosta\u0142a zaprzysi\u0119\u017conym cz\u0142onkiem tej organizacji. Pracowa\u0142a przy redakcji technicznej biuletynu \u201ePoza Uk\u0142adem\u201d redagowanym przez [&hellip;]<\/p>\n","protected":false},"featured_media":2653,"template":"","meta":[],"_links":{"self":[{"href":"http:\/\/ludzie.fundacja-pih.pl\/index.php\/wp-json\/wp\/v2\/product\/1401"}],"collection":[{"href":"http:\/\/ludzie.fundacja-pih.pl\/index.php\/wp-json\/wp\/v2\/product"}],"about":[{"href":"http:\/\/ludzie.fundacja-pih.pl\/index.php\/wp-json\/wp\/v2\/types\/product"}],"wp:featuredmedia":[{"embeddable":true,"href":"http:\/\/ludzie.fundacja-pih.pl\/index.php\/wp-json\/wp\/v2\/media\/2653"}],"wp:attachment":[{"href":"http:\/\/ludzie.fundacja-pih.pl\/index.php\/wp-json\/wp\/v2\/media?parent=1401"}],"curies":[{"name":"wp","href":"https:\/\/api.w.org\/{rel}","templated":true}]}}

Zwiercan Małgorzata Grażyna

<p>Urodził się 6 lipca 1958 roku w Gdyni.</p>
<p>Działała pod pseudonimem „Jolka”. W 1980 roku wstąpiła do NSZZ „Solidarność”. Po wprowadzeniu stanu wojennego zajmowała się kolportażem prasy związkowej. W 1986 roku związała się ze strukturami „Solidarności Walczącej” na terenie Trójmiasta i została zaprzysiężonym członkiem tej organizacji.  Pracowała przy redakcji technicznej biuletynu „Poza Układem” redagowanym przez Joannę Dudę &#8211; Gwiazdę, a drukowanym przez SW. Współpracowała i wchodziła w skład redakcji czasopisma „Solidarność Walcząca Grupy Stoczni im. Komuny Paryskiej w Gdyni”.  Zajmowała się drukiem. Brała udział w przygotowywaniu i nadawaniu audycji radiowych „Solidarności Walczącej” oraz ukrywała poszukiwanego listem gończym Romana Zwiercana. Przechowywała broń i materiały wybuchowe będące w posiadaniu grupy SW. Była łączniczką i kierowcą podziemnych struktur „SW” w Trójmieście. W jej mieszkaniu, do 1990 roku, funkcjonowała drukarnia offsetowa trójmiejskiego oddziału SW oraz był w nim ulokowany jedyny, będący w posiadaniu oddziału powielacz offsetowy. W 1990 roku pomagała przy prezydenckiej kampanii wyborczej Kornela Morawieckiego. Małgorzata Zwiercan została odznaczona Krzyżem Kawalerskim Orderu Odrodzenia Polski, Krzyżem Wolności i Solidarności, Medalem „Pro Patria”,<br />
Medalem 100-lecia Odzyskania Niepodległości, odznaką honorową „Zasłużony dla Kultury Polskiej”, odznaką honorową „Działacza opozycji antykomunistycznej lub osoby represjonowanej z powodów politycznych” oraz Krzyżem Solidarności Walczącej.</p>

<p>Urodził się 6 lipca 1958 roku w Gdyni. Działała pod pseudonimem „Jolka”. W 1980 roku wstąpiła do NSZZ „Solidarność”. Po wprowadzeniu stanu wojennego zajmowała się kolportażem prasy związkowej. W 1986 roku związała się ze strukturami „Solidarności Walczącej” na terenie Trójmiasta i została zaprzysiężonym członkiem tej organizacji. Pracowała przy redakcji technicznej biuletynu „Poza Układem” redagowanym przez [&hellip;]</p>
